{"id":3397,"date":"2022-03-24T21:36:33","date_gmt":"2022-03-24T20:36:33","guid":{"rendered":"https:\/\/semmelweis.hu\/gyermekklinika1\/?page_id=3397"},"modified":"2025-09-22T09:49:08","modified_gmt":"2025-09-22T07:49:08","slug":"laktacios-ambulancia","status":"publish","type":"page","link":"https:\/\/semmelweis.hu\/bokayklinika\/betegellatas\/jarobeteg-ellatas\/laktacios-ambulancia\/","title":{"rendered":"Lakt\u00e1ci\u00f3s Ambulancia"},"content":{"rendered":"<div class=\"keretes\">\n<p><strong>Dr. Frank Veronika<\/strong><br \/>\nlakt\u00e1ci\u00f3s szaktan\u00e1csad\u00f3<\/p>\n<p>Gyermekgy\u00f3gy\u00e1szati Klinika (B\u00f3kay utcai r\u00e9szleg)<br \/>\n<strong>Lakt\u00e1ci\u00f3s Ambulancia<br \/>\n<\/strong>1083 Budapest, B\u00f3kay u. 53., II. emelet, Lakt\u00e1ci\u00f3s szoba (Baba-mama szob\u00e1kn\u00e1l)<\/p>\n<p><strong>Ell\u00e1t\u00e1s csak el\u0151zetes id\u0151pontfoglal\u00e1ssal vehet\u0151 ig\u00e9nybe!<\/strong><br \/>\nId\u0151pontfoglal\u00e1s: <strong><a href=\"https:\/\/elojegyzes.meditime.hu\/14\">https:\/\/elojegyzes.meditime.hu\/14<\/a><br \/>\n<\/strong><\/p>\n<p>\u00c9rkez\u00e9st k\u00f6vet\u0151en k\u00e9rj\u00fck, jelentkezzen a Betegfelv\u00e9teli pultn\u00e1l!<\/p>\n<\/div>\n<ul>\n<li style=\"text-align: justify\">Szoptat\u00e1si neh\u00e9zs\u00e9g?<\/li>\n<li style=\"text-align: justify\">Mellre helyez\u00e9si probl\u00e9ma?<\/li>\n<li style=\"text-align: justify\">Kev\u00e9s a tej? T\u00fal sok a tej?<\/li>\n<li style=\"text-align: justify\">F\u00e1jdalmas a szoptat\u00e1s? Sebes mellbimb\u00f3?<\/li>\n<li style=\"text-align: justify\">Lapos vagy befel\u00e9 fordul\u00f3 mellbimb\u00f3?<\/li>\n<li>Gy\u00f3gyszerszed\u00e9s szoptat\u00e1s mellett?<\/li>\n<\/ul>\n<p>Ha b\u00e1rmelyik k\u00e9rd\u00e9sre &#8222;<strong>IGEN&#8221;<\/strong>\u00a0a v\u00e1lasz, sz\u00fcks\u00e9g lehet lakt\u00e1ci\u00f3s szaktan\u00e1csad\u00f3i seg\u00edts\u00e9gre!<\/p>\n<p style=\"text-align: justify\">C\u00e9lunk, hogy az \u00e9desanya-gyermek egys\u00e9get szem el\u0151tt tartva, korszer\u0171 szoptat\u00e1si- \u00e9s magas szint\u0171 eg\u00e9szs\u00e9g\u00fcgyi ismeretekkel szem\u00e9lyre szabott seg\u00edts\u00e9get ny\u00fajtsunk a szoptat\u00e1si neh\u00e9zs\u00e9gekkel kapcsolatban.\u00a0<\/p>\n<p>&nbsp;<\/p>\n<table style=\"border-collapse: collapse;width: 100%\">\n<tbody>\n<tr>\n<td style=\"width: 33.406%\">\n<p><strong>Dr. Frank Veronika<\/strong><br \/>\n<strong>lakt\u00e1ci\u00f3s szaktan\u00e1csad\u00f3<\/strong><\/p>\n<\/td>\n<td style=\"width: 24.3151%\">\n<p style=\"text-align: center\"><strong>CS\u00dcT\u00d6RT\u00d6K<\/strong><br \/>\n<strong>08:00 &#8211; 15:00<\/strong><\/p>\n<\/td>\n<td style=\"width: 42.2788%\">\n<p style=\"text-align: center\">Id\u0151pontfoglal\u00e1s:\u00a0<strong><a href=\"https:\/\/elojegyzes.meditime.hu\/14\" target=\"_blank\" rel=\"noopener\">https:\/\/elojegyzes.meditime.hu\/14<\/a><\/strong><br \/>\nBeutal\u00f3 nem sz\u00fcks\u00e9ges!<\/p>\n<\/td>\n<\/tr>\n<\/tbody>\n<\/table>\n<p>&nbsp;<\/p>\n<p>&nbsp;<\/p>\n<p>&nbsp;<\/p>\n","protected":false},"excerpt":{"rendered":"<p>Dr. Frank Veronika lakt\u00e1ci\u00f3s szaktan\u00e1csad\u00f3 Gyermekgy\u00f3gy\u00e1szati Klinika (B\u00f3kay utcai r\u00e9szleg) Lakt\u00e1ci\u00f3s Ambulancia 1083 Budapest, B\u00f3kay u. 53., II. emelet, Lakt\u00e1ci\u00f3s szoba (Baba-mama szob\u00e1kn\u00e1l) Ell\u00e1t\u00e1s csak el\u0151zetes id\u0151pontfoglal\u00e1ssal vehet\u0151 ig\u00e9nybe! Id\u0151pontfoglal\u00e1s: <a href=\"https:\/\/elojegyzes.meditime.hu\/14\">https:\/\/elojegyzes.meditime.hu\/14<\/a> \u00c9rkez\u00e9st k\u00f6vet\u0151en k\u00e9rj\u00fck, jelentkezzen a Betegfelv\u00e9teli pultn\u00e1l! Szoptat\u00e1si neh\u00e9zs\u00e9g? Mellre helyez\u00e9si probl\u00e9ma? Kev\u00e9s a tej? T\u00fal sok a tej? F\u00e1jdalmas a szoptat\u00e1s? Sebes mellbimb\u00f3? Lapos &hellip;<\/p>\n","protected":false},"author":101853,"featured_media":0,"parent":94,"menu_order":17,"comment_status":"closed","ping_status":"closed","template":"","meta":{"_acf_changed":false,"footnotes":""},"categories":[],"tags":[],"class_list":["post-3397","page","type-page","status-publish","hentry"],"acf":[],"_links":{"self":[{"href":"https:\/\/semmelweis.hu\/bokayklinika\/wp-json\/wp\/v2\/pages\/3397","targetHints":{"allow":["GET"]}}],"collection":[{"href":"https:\/\/semmelweis.hu\/bokayklinika\/wp-json\/wp\/v2\/pages"}],"about":[{"href":"https:\/\/semmelweis.hu\/bokayklinika\/wp-json\/wp\/v2\/types\/page"}],"author":[{"embeddable":true,"href":"https:\/\/semmelweis.hu\/bokayklinika\/wp-json\/wp\/v2\/users\/101853"}],"replies":[{"embeddable":true,"href":"https:\/\/semmelweis.hu\/bokayklinika\/wp-json\/wp\/v2\/comments?post=3397"}],"version-history":[{"count":10,"href":"https:\/\/semmelweis.hu\/bokayklinika\/wp-json\/wp\/v2\/pages\/3397\/revisions"}],"predecessor-version":[{"id":7482,"href":"https:\/\/semmelweis.hu\/bokayklinika\/wp-json\/wp\/v2\/pages\/3397\/revisions\/7482"}],"up":[{"embeddable":true,"href":"https:\/\/semmelweis.hu\/bokayklinika\/wp-json\/wp\/v2\/pages\/94"}],"wp:attachment":[{"href":"https:\/\/semmelweis.hu\/bokayklinika\/wp-json\/wp\/v2\/media?parent=3397"}],"wp:term":[{"taxonomy":"category","embeddable":true,"href":"https:\/\/semmelweis.hu\/bokayklinika\/wp-json\/wp\/v2\/categories?post=3397"},{"taxonomy":"post_tag","embeddable":true,"href":"https:\/\/semmelweis.hu\/bokayklinika\/wp-json\/wp\/v2\/tags?post=3397"}],"curies":[{"name":"wp","href":"https:\/\/api.w.org\/{rel}","templated":true}]}}