{"id":3285,"date":"2022-02-08T11:33:18","date_gmt":"2022-02-08T10:33:18","guid":{"rendered":"https:\/\/semmelweis.hu\/gyermekklinika1\/?page_id=3285"},"modified":"2024-11-19T11:59:47","modified_gmt":"2024-11-19T10:59:47","slug":"long-covid-ambulancia","status":"publish","type":"page","link":"https:\/\/semmelweis.hu\/bokayklinika\/betegellatas\/jarobeteg-ellatas\/long-covid-ambulancia\/","title":{"rendered":"Long COVID Ambulancia"},"content":{"rendered":"<div class=\"keretes\">\n<p style=\"text-align: justify\"><strong>Ambulancia vezet\u0151:<\/strong><br \/>\nDr. Kriv\u00e1csy P\u00e9ter<\/p>\n<p style=\"text-align: justify\"><strong>El\u0151zetes id\u0151pontfoglal\u00e1s<\/strong><br \/>\n<strong><a href=\"https:\/\/elojegyzes.meditime.hu\/14\">https:\/\/elojegyzes.meditime.hu\/14<\/a><\/strong><\/p>\n<p style=\"text-align: justify\">Gyermekgy\u00f3gy\u00e1szati Klinika (B\u00f3kay utcai r\u00e9szleg) <strong>Long COVID Ambulancia<\/strong>, 1083 Budapest, B\u00f3kay u. 54.<\/p>\n<\/div>\n<p style=\"text-align: justify\"><strong>A Long COVID Ambulanci\u00e1n olyan gyermekeket, serd\u00fcl\u0151ket vizsg\u00e1lunk \u00e9s kezel\u00fcnk, akiknek a koronav\u00edrus fert\u0151z\u00e9st k\u00f6vet\u0151en legal\u00e1bb egy h\u00f3nap m\u00falva, de jellemz\u0151en h\u00f3napokkal k\u00e9s\u0151bb is \u00f6sszetett, az \u00e9letmin\u0151s\u00e9get ront\u00f3 panaszaik vannak.<\/strong><\/p>\n<p style=\"text-align: justify\">Tipikus t\u00fcnetek a nem sz\u0171n\u0151 f\u00e1radts\u00e1g, koncentr\u00e1ci\u00f3zavar, fej- hasf\u00e1j\u00e1s, szagl\u00e1sveszt\u00e9s, \u00edz\u00e9rz\u00e9szavar, de ezeken k\u00edv\u00fcl sz\u00e1mos, egym\u00e1ssal kombin\u00e1l\u00f3d\u00f3 panasz l\u00e9phet fel. El\u0151zetes id\u0151pontfoglal\u00e1s sz\u00fcks\u00e9ges.<\/p>\n<p style=\"text-align: justify\">A Long COVID Ambulanci\u00e1n nem foglalkozunk a sportol\u00e1shoz visszat\u00e9rni sz\u00e1nd\u00e9koz\u00f3 gyermekek v\u00e9rv\u00e9tel\u00e9vel \u00e9s kardiol\u00f3giai vizsg\u00e1lat\u00e1val. T\u00fcnetmentes gyermekek sz\u0171r\u00e9s\u00e9t szint\u00e9n nem v\u00e9gezz\u00fck.<\/p>\n<p style=\"text-align: justify\">K\u00e9rd\u00e9s eset\u00e9n k\u00e9rj\u00fck, \u00edrjanak a <a href=\"mailto:longcovid.gyer1@med.semmelweis-univ.hu\">longcovid.gyer1@med.semmelweis-univ.hu<\/a>\u00a0 e-mail c\u00edmre<em>.<\/em><\/p>\n<p style=\"text-align: justify\"><strong>Orvosaink:<\/strong><br \/>\nDr. Czine Gr\u00e9ta<br \/>\nDr. Garai R\u00e9ka<br \/>\nDr. Herczeg Vivien<br \/>\nDr. Kelemen Judit<br \/>\nDr. Kov\u00e1cs Fanni<br \/>\nDr. P\u00e1lmai Andrea<br \/>\nDr. T\u00e9nai Nikolett<\/p>\n<table style=\"border-collapse: collapse;width: 100%\">\n<tbody>\n<tr>\n<td style=\"width: 26.206%\"><strong>Ambul\u00e1ns rendel\u00e9si id\u0151:<\/strong><\/td>\n<td style=\"width: 38.3515%\">\n<p style=\"text-align: center\"><strong>SZERDA<\/strong><br \/>\n<strong>08:00 &#8211; 14:00\u00a0<\/strong><\/p>\n<\/td>\n<td style=\"width: 35.4424%;text-align: center\"><strong>Beutal\u00f3 sz\u00fcks\u00e9ges!<\/strong><\/td>\n<\/tr>\n<\/tbody>\n<\/table>\n<p style=\"text-align: justify\">\u00a0<\/p>\n","protected":false},"excerpt":{"rendered":"<p>Ambulancia vezet\u0151: Dr. Kriv\u00e1csy P\u00e9ter El\u0151zetes id\u0151pontfoglal\u00e1s <a href=\"https:\/\/elojegyzes.meditime.hu\/14\">https:\/\/elojegyzes.meditime.hu\/14<\/a> Gyermekgy\u00f3gy\u00e1szati Klinika (B\u00f3kay utcai r\u00e9szleg) Long COVID Ambulancia, 1083 Budapest, B\u00f3kay u. 54. A Long COVID Ambulanci\u00e1n olyan gyermekeket, serd\u00fcl\u0151ket vizsg\u00e1lunk \u00e9s kezel\u00fcnk, akiknek a koronav\u00edrus fert\u0151z\u00e9st k\u00f6vet\u0151en legal\u00e1bb egy h\u00f3nap m\u00falva, de jellemz\u0151en h\u00f3napokkal k\u00e9s\u0151bb is \u00f6sszetett, az \u00e9letmin\u0151s\u00e9get ront\u00f3 panaszaik vannak. Tipikus t\u00fcnetek a nem sz\u0171n\u0151 &hellip;<\/p>\n","protected":false},"author":101853,"featured_media":0,"parent":94,"menu_order":19,"comment_status":"closed","ping_status":"closed","template":"","meta":{"_acf_changed":false,"footnotes":""},"categories":[],"tags":[],"class_list":["post-3285","page","type-page","status-publish","hentry"],"acf":[],"_links":{"self":[{"href":"https:\/\/semmelweis.hu\/bokayklinika\/wp-json\/wp\/v2\/pages\/3285","targetHints":{"allow":["GET"]}}],"collection":[{"href":"https:\/\/semmelweis.hu\/bokayklinika\/wp-json\/wp\/v2\/pages"}],"about":[{"href":"https:\/\/semmelweis.hu\/bokayklinika\/wp-json\/wp\/v2\/types\/page"}],"author":[{"embeddable":true,"href":"https:\/\/semmelweis.hu\/bokayklinika\/wp-json\/wp\/v2\/users\/101853"}],"replies":[{"embeddable":true,"href":"https:\/\/semmelweis.hu\/bokayklinika\/wp-json\/wp\/v2\/comments?post=3285"}],"version-history":[{"count":8,"href":"https:\/\/semmelweis.hu\/bokayklinika\/wp-json\/wp\/v2\/pages\/3285\/revisions"}],"predecessor-version":[{"id":6167,"href":"https:\/\/semmelweis.hu\/bokayklinika\/wp-json\/wp\/v2\/pages\/3285\/revisions\/6167"}],"up":[{"embeddable":true,"href":"https:\/\/semmelweis.hu\/bokayklinika\/wp-json\/wp\/v2\/pages\/94"}],"wp:attachment":[{"href":"https:\/\/semmelweis.hu\/bokayklinika\/wp-json\/wp\/v2\/media?parent=3285"}],"wp:term":[{"taxonomy":"category","embeddable":true,"href":"https:\/\/semmelweis.hu\/bokayklinika\/wp-json\/wp\/v2\/categories?post=3285"},{"taxonomy":"post_tag","embeddable":true,"href":"https:\/\/semmelweis.hu\/bokayklinika\/wp-json\/wp\/v2\/tags?post=3285"}],"curies":[{"name":"wp","href":"https:\/\/api.w.org\/{rel}","templated":true}]}}

<div class="keretes">
<p style="text-align: justify"><strong>Ambulancia vezető:</strong><br />
Dr. Krivácsy Péter</p>
<p style="text-align: justify"><strong>Előzetes időpontfoglalás</strong><br />
<strong><a href="https://elojegyzes.meditime.hu/14">https://elojegyzes.meditime.hu/14</a></strong></p>
<p style="text-align: justify">Gyermekgyógyászati Klinika (Bókay utcai részleg) <strong>Long COVID Ambulancia</strong>, 1083 Budapest, Bókay u. 54.</p>
</div>
<p style="text-align: justify"><strong>A Long COVID Ambulancián olyan gyermekeket, serdülőket vizsgálunk és kezelünk, akiknek a koronavírus fertőzést követően legalább egy hónap múlva, de jellemzően hónapokkal később is összetett, az életminőséget rontó panaszaik vannak.</strong></p>
<p style="text-align: justify">Tipikus tünetek a nem szűnő fáradtság, koncentrációzavar, fej- hasfájás, szaglásvesztés, ízérzészavar, de ezeken kívül számos, egymással kombinálódó panasz léphet fel. Előzetes időpontfoglalás szükséges.</p>
<p style="text-align: justify">A Long COVID Ambulancián nem foglalkozunk a sportoláshoz visszatérni szándékozó gyermekek vérvételével és kardiológiai vizsgálatával. Tünetmentes gyermekek szűrését szintén nem végezzük.</p>
<p style="text-align: justify">Kérdés esetén kérjük, írjanak a <a href="mailto:longcovid.gyer1@med.semmelweis-univ.hu">longcovid.gyer1@med.semmelweis-univ.hu</a>  e-mail címre<em>.</em></p>
<p style="text-align: justify"><strong>Orvosaink:</strong><br />
Dr. Czine Gréta<br />
Dr. Garai Réka<br />
Dr. Herczeg Vivien<br />
Dr. Kelemen Judit<br />
Dr. Kovács Fanni<br />
Dr. Pálmai Andrea<br />
Dr. Ténai Nikolett</p>
<table style="border-collapse: collapse;width: 100%">
<tbody>
<tr>
<td style="width: 26.206%"><strong>Ambuláns rendelési idő:</strong></td>
<td style="width: 38.3515%">
<p style="text-align: center"><strong>SZERDA</strong><br />
<strong>08:00 &#8211; 14:00 </strong></p>
</td>
<td style="width: 35.4424%;text-align: center"><strong>Beutaló szükséges!</strong></td>
</tr>
</tbody>
</table>
<p style="text-align: justify"> </p>

<p>Ambulancia vezető: Dr. Krivácsy Péter Előzetes időpontfoglalás <a href="https://elojegyzes.meditime.hu/14">https://elojegyzes.meditime.hu/14</a> Gyermekgyógyászati Klinika (Bókay utcai részleg) Long COVID Ambulancia, 1083 Budapest, Bókay u. 54. A Long COVID Ambulancián olyan gyermekeket, serdülőket vizsgálunk és kezelünk, akiknek a koronavírus fertőzést követően legalább egy hónap múlva, de jellemzően hónapokkal később is összetett, az életminőséget rontó panaszaik vannak. Tipikus tünetek a nem szűnő &hellip;</p>
