{"id":2176,"date":"2020-12-11T14:10:21","date_gmt":"2020-12-11T13:10:21","guid":{"rendered":"https:\/\/semmelweis.hu\/gyermekklinika1\/?page_id=2176"},"modified":"2025-01-27T15:20:41","modified_gmt":"2025-01-27T14:20:41","slug":"gyermekinfektologiai-szakrendeles","status":"publish","type":"page","link":"https:\/\/semmelweis.hu\/bokayklinika\/betegellatas\/jarobeteg-ellatas\/gyermekinfektologiai-szakrendeles\/","title":{"rendered":"Gyermekinfektol\u00f3giai Szakrendel\u00e9s (fert\u0151z\u0151 betegs\u00e9gek)"},"content":{"rendered":"<div class=\"keretes\">\n<p>Gyermekgy\u00f3gy\u00e1szati Klinika (B\u00f3kay utcai r\u00e9szleg) <strong>Gyermekinfektol\u00f3giai Szakrendel\u00e9s (fert\u0151z\u0151 betegs\u00e9gek) <\/strong>1083 Budapest, B\u00f3kay J. u. 53., Infektol\u00f3giai pavilon<br \/>\nTelefonsz\u00e1m: +36 (1) 334-3186 mell\u00e9k: 52758, 52669<\/p>\n<p>J\u00e1r\u00f3beteg online id\u0151pontfoglal\u00e1s: <strong><a href=\"https:\/\/elojegyzes.meditime.hu\/14\">https:\/\/elojegyzes.meditime.hu\/14<\/a><\/strong><\/p>\n<\/div>\n<p style=\"text-align: justify\"><strong><u>K\u00fcldet\u00e9s\u00fcnk<\/u><\/strong><\/p>\n<p style=\"text-align: justify\">A r\u00e9gi &#8222;fert\u0151z\u0151 betegs\u00e9gek&#8221; elnevez\u00e9st v\u00e1ltotta fel az Infektol\u00f3gia, mely egy j\u00f3val sz\u00e9lesebb ter\u00fcletet mag\u00e1ba foglal\u00f3 szakma. Nemcsak az eg\u00e9szs\u00e9g\u00fcgyi szakemberek, de a laikusok sz\u00e1m\u00e1ra is ismert, hogy a klasszikus rag\u00e1lyos betegs\u00e9gek mellett \u00faj k\u00f3rokoz\u00f3k jelennek meg, illetve ismert fert\u0151z\u00e9sek (pl. a kl\u00edmav\u00e1ltoz\u00e1s ok\u00e1n) \u00faj f\u00f6ldrajzi r\u00e9gi\u00f3kban \u00fctik fel fej\u00fcket.\u00a0 Emellett vil\u00e1gszerte egyre nagyobb kih\u00edv\u00e1st jelent a szokv\u00e1nyos kezel\u00e9ssel szemben ellen\u00e1ll\u00f3 k\u00f3rokoz\u00f3k rohamos terjed\u00e9se, valamint a k\u00f3rh\u00e1zi fert\u0151z\u00e9sek nagy sz\u00e1ma. A gyermekinfektol\u00f3gia f\u00f3kusz\u00e1ban a 0-18 \u00e9ves koroszt\u00e1ly infekci\u00f3i \u00e1llnak. B\u00e1r a k\u00f3rokoz\u00f3k \u00e1ltal okozott betegs\u00e9gek alapvet\u0151en azonosak a feln\u0151ttek\u00e9vel, a gyermekkori infekci\u00f3k meg\u00edt\u00e9l\u00e9sekor fontos figyelembe venni p\u00e9ld\u00e1ul a korcsoportos \u00e9lettani saj\u00e1ts\u00e1gokat. A mindennapi gyermekgy\u00f3gy\u00e1szati gyakorlatban jelent\u0151s helyet foglal el a fert\u0151z\u00e9ses k\u00f3rk\u00e9pek ell\u00e1t\u00e1sa \u00e9s megel\u0151z\u00e9se.<\/p>\n<p style=\"text-align: justify\">2020 decemberben infektol\u00f3gus munkacsoportunk \u00e9s szakdolgoz\u00f3ink k\u00f6zrem\u0171k\u00f6d\u00e9s\u00e9vel a Semmelweis Egyetem Gyermekgy\u00f3gy\u00e1szati Klinik\u00e1j\u00e1n megalakult egy magas progresszivit\u00e1si szint\u0171 (s\u00falyos \u00e9s bonyolult esetek) fekv\u0151- \u00e9s j\u00e1r\u00f3beteg ell\u00e1t\u00f3 gyermekinfektol\u00f3giai centrum, mely a sz\u00e9les profilon bel\u00fcl n\u00e9h\u00e1ny orsz\u00e1gosan egyed\u00fcl\u00e1ll\u00f3 specialit\u00e1ssal is rendelkezik.<\/p>\n<p style=\"text-align: justify\">Munkacsoportunk elk\u00f6telezett abban, hogy &#8211; a fert\u0151z\u0151 betegs\u00e9gekben szenved\u0151 gyermekek testi-lelki eg\u00e9szs\u00e9g\u00e9nek megtart\u00e1sa c\u00e9lj\u00e1b\u00f3l &#8211; megfelel\u0151 szakmai felk\u00e9sz\u00fclts\u00e9ggel vegye fel a harcot a fert\u0151z\u00e9sekkel, tov\u00e1bb\u00e1 az azokhoz t\u00e1rsul\u00f3 kih\u00edv\u00e1sok sokas\u00e1g\u00e1val szemben. Csapatunk\u00a0(4 f\u0151 infektol\u00f3gus szakorvos \u00e9s 3 f\u0151 infektol\u00f3gus rezidens \u00e9s magas szinten k\u00e9pzett szakdolgoz\u00f3k) nemcsak a klinikai ell\u00e1t\u00e1s, hanem a kutat\u00e1s \u00e9s az oktat\u00e1s ter\u00e9n is magas szak\u00e9rtelemmel \u00e9s elhivatotts\u00e1ggal rendelkezik.\u00a0A Semmelweis Egyetem szervezet\u00e9be integr\u00e1lt m\u0171k\u00f6d\u00e9s r\u00e9v\u00e9n\u00a0 k\u00f6zvetlen\u00fcl vesz\u00fcnk r\u00e9szt a magyar \u00e9s k\u00fclf\u00f6ldi egyetemi hallgat\u00f3k, a csecsem\u0151-\u00e9s gyermekgy\u00f3gy\u00e1sz valamint, infektol\u00f3gus szakorvosjel\u00f6ltek \u00e9s szakorvosok elm\u00e9leti \u00e9s gyakorlati k\u00e9pz\u00e9sben.<\/p>\n<p>&nbsp;<\/p>\n<p><strong><u>J\u00e1r\u00f3beteg szakell\u00e1t\u00e1s:<\/u><\/strong><\/p>\n<p style=\"text-align: justify\">A szakrendel\u00e9sen a gyermekgy\u00f3gy\u00e1szatban j\u00e1rtas, tapasztalt infektol\u00f3gus szakorvosaink szeretettel fogadj\u00e1k el\u0151zetesen egyeztetett id\u0151pontban a beutal\u00f3val \u00e9rkez\u0151 gyerekeket.<\/p>\n<p style=\"text-align: justify\">Beutal\u00f3 n\u00e9lk\u00fcl a gyermekek a S\u00fcrg\u0151ss\u00e9gi Betegell\u00e1t\u00f3 Oszt\u00e1ly \u00e9rint\u00e9s\u00e9vel jelentkezhetnek vizsg\u00e1latra.<\/p>\n<p style=\"text-align: justify\">M\u00e1s int\u00e9zm\u00e9nyek orvosai a j\u00e1r\u00f3- \u00e9s\/vagy fekv\u0151 betegek r\u00e9sz\u00e9re el\u0151zetesen egyeztetett m\u00f3don szem\u00e9lyes, vagy elektronikus, eseti vagy rendszeres infektol\u00f3giai konz\u00edliumot is k\u00e9rhetnek.<\/p>\n<table style=\"border-collapse: collapse;width: 84.2171%\">\n<tbody>\n<tr>\n<td style=\"width: 54.506%\">\n<p><strong>Dr. Kalocsai Krisztina<\/strong><br \/>\ncsecsem\u0151- \u00e9s gyermekgy\u00f3gy\u00e1sz, gyermek t\u00fcd\u0151gy\u00f3gy\u00e1sz, infektol\u00f3gus szakorvos<\/p>\n<\/td>\n<td style=\"width: 14.2282%;text-align: center\"><strong>H\u00c9TF\u0150<\/strong><\/td>\n<td style=\"width: 16.8519%;text-align: center\" rowspan=\"4\"><strong>09:00 &#8211; 12:00<\/strong><\/td>\n<\/tr>\n<tr>\n<td style=\"width: 54.506%\">\n<p><strong>Dr. Kardics Kinga<\/strong><br \/>\ninfektol\u00f3gus, tr\u00f3pusi betegs\u00e9gek, csecsem\u0151- \u00e9s gyermekgy\u00f3gy\u00e1sz szakorvos<\/p>\n<\/td>\n<td style=\"width: 14.2282%;text-align: center\"><strong>KEDD<\/strong><\/td>\n<\/tr>\n<tr>\n<td style=\"width: 54.506%\">\n<p><strong>Dr. P\u00e9k Tam\u00e1s<\/strong><br \/>\ncsecsem\u0151- \u00e9s gyermekgy\u00f3gy\u00e1sz, infektol\u00f3gus szakorvos<\/p>\n<\/td>\n<td style=\"width: 14.2282%;text-align: center\"><strong>SZERDA<\/strong><\/td>\n<\/tr>\n<tr>\n<td style=\"width: 54.506%\">\n<p><strong>Dr. Kiss Andr\u00e1s<\/strong><br \/>\ncsecsem\u0151- \u00e9s gyermekgy\u00f3gy\u00e1sz, infektol\u00f3gus szakorvos<\/p>\n<\/td>\n<td style=\"width: 14.2282%;text-align: center\"><strong>CS\u00dcT\u00d6RT\u00d6K<\/strong><\/td>\n<\/tr>\n<\/tbody>\n<\/table>\n<p>&nbsp;<\/p>\n<p style=\"text-align: justify\"><strong><u>Ell\u00e1t\u00e1si ter\u00fclet<\/u><\/strong><\/p>\n<p style=\"text-align: justify\"><strong>Az ell\u00e1t\u00e1si spektrumba tartoz\u00f3 betegs\u00e9gek k\u00f6re t\u00f6bbek k\u00f6zt:<\/strong><\/p>\n<ul style=\"text-align: justify\">\n<li>infektol\u00f3giai oszt\u00e1lyon t\u00f6rt\u00e9n\u0151 elk\u00fcl\u00f6n\u00edt\u00e9st ig\u00e9nyl\u0151 fert\u0151z\u0151 betegs\u00e9gek gyan\u00fas \u00e9s bizony\u00edtott esetei<\/li>\n<li>az ismeretlen eredet\u0171, illetve elh\u00faz\u00f3d\u00f3 vagy visszat\u00e9r\u0151 l\u00e1zas \u00e1llapotok<\/li>\n<li>ismeretlen eredet\u0171 infekci\u00f3k<\/li>\n<li>\u00edzeltl\u00e1b\u00fa vektorok (kullancs, sz\u00fanyog) \u00e1ltal terjesztett betegs\u00e9gek (pl. Lyme-k\u00f3r)<\/li>\n<li>\u00e1llatr\u00f3l emberre terjed\u0151 fert\u0151z\u00e9sek (zoon\u00f3zisok)<\/li>\n<li>parazit\u00f3zisok (pl. echinococcosis, dirofilari\u00e1zis)<\/li>\n<li>fert\u0151z\u00e9ses m\u00e1jbetegs\u00e9gek\u00a0<\/li>\n<li>ki\u00fct\u00e9ses k\u00f3rk\u00e9pek<\/li>\n<li>em\u00e9szt\u0151rendszeri fert\u0151z\u00e9sek<\/li>\n<li>\u00a0l\u00e9g\u00fati infekci\u00f3k\u00a0\u00a0<\/li>\n<li>idegrendszeri fert\u0151z\u00e9sek<\/li>\n<li>b\u0151r- \u00e9s l\u00e1gyr\u00e9sz-infekci\u00f3k (pl. orb\u00e1nc)<\/li>\n<li>\u00a0nyirokcsom\u00f3-gyullad\u00e1ssal j\u00e1r\u00f3 k\u00f3rk\u00e9pek<\/li>\n<li>\u00a0\u00edz\u00fcleti \u00e9s csonth\u00e1rtya-gyullad\u00e1sok kivizsg\u00e1l\u00e1sa \u00e9s kezel\u00e9se<\/li>\n<\/ul>\n<p style=\"text-align: justify\"><strong>Speci\u00e1lis, kiemelt profil<\/strong>:<\/p>\n<ul style=\"text-align: justify\">\n<li>utaz\u00e1ssal \u00f6sszef\u00fcgg\u0151 fert\u0151z\u00e9sek (pl. mal\u00e1ria, \u201cutaz\u00f3k hasmen\u00e9se\u201d, dengue l\u00e1z)\u00a0<\/li>\n<li>velesz\u00fcletett vagy szerzett immunhi\u00e1nyban szenved\u0151 betegek infekci\u00f3inak ell\u00e1t\u00e1sa \u00e9s megel\u0151z\u00e9se<\/li>\n<li>haz\u00e1nkban egyed\u00fcli centrumk\u00e9nt a szerzett immunhi\u00e1nyban szenved\u0151 gyermekek teljesk\u00f6r\u0171 ell\u00e1t\u00e1s\u00e1t biztos\u00edtjuk<\/li>\n<li>SARS-CoV2 fert\u0151z\u00e9s (COVID) \u00e9s sz\u00f6v\u0151dm\u00e9nyei<\/li>\n<\/ul>\n<p style=\"text-align: justify\">\u00a0<\/p>\n","protected":false},"excerpt":{"rendered":"<p>Gyermekgy\u00f3gy\u00e1szati Klinika (B\u00f3kay utcai r\u00e9szleg) Gyermekinfektol\u00f3giai Szakrendel\u00e9s (fert\u0151z\u0151 betegs\u00e9gek) 1083 Budapest, B\u00f3kay J. u. 53., Infektol\u00f3giai pavilon Telefonsz\u00e1m: +36 (1) 334-3186 mell\u00e9k: 52758, 52669 J\u00e1r\u00f3beteg online id\u0151pontfoglal\u00e1s: <a href=\"https:\/\/elojegyzes.meditime.hu\/14\">https:\/\/elojegyzes.meditime.hu\/14<\/a> K\u00fcldet\u00e9s\u00fcnk A r\u00e9gi &#8222;fert\u0151z\u0151 betegs\u00e9gek&#8221; elnevez\u00e9st v\u00e1ltotta fel az Infektol\u00f3gia, mely egy j\u00f3val sz\u00e9lesebb ter\u00fcletet mag\u00e1ba foglal\u00f3 szakma. Nemcsak az eg\u00e9szs\u00e9g\u00fcgyi szakemberek, de a laikusok sz\u00e1m\u00e1ra is ismert, &hellip;<\/p>\n","protected":false},"author":101739,"featured_media":0,"parent":94,"menu_order":11,"comment_status":"closed","ping_status":"closed","template":"","meta":{"_acf_changed":false,"footnotes":""},"categories":[],"tags":[],"class_list":["post-2176","page","type-page","status-publish","hentry"],"acf":[],"_links":{"self":[{"href":"https:\/\/semmelweis.hu\/bokayklinika\/wp-json\/wp\/v2\/pages\/2176","targetHints":{"allow":["GET"]}}],"collection":[{"href":"https:\/\/semmelweis.hu\/bokayklinika\/wp-json\/wp\/v2\/pages"}],"about":[{"href":"https:\/\/semmelweis.hu\/bokayklinika\/wp-json\/wp\/v2\/types\/page"}],"author":[{"embeddable":true,"href":"https:\/\/semmelweis.hu\/bokayklinika\/wp-json\/wp\/v2\/users\/101739"}],"replies":[{"embeddable":true,"href":"https:\/\/semmelweis.hu\/bokayklinika\/wp-json\/wp\/v2\/comments?post=2176"}],"version-history":[{"count":10,"href":"https:\/\/semmelweis.hu\/bokayklinika\/wp-json\/wp\/v2\/pages\/2176\/revisions"}],"predecessor-version":[{"id":6116,"href":"https:\/\/semmelweis.hu\/bokayklinika\/wp-json\/wp\/v2\/pages\/2176\/revisions\/6116"}],"up":[{"embeddable":true,"href":"https:\/\/semmelweis.hu\/bokayklinika\/wp-json\/wp\/v2\/pages\/94"}],"wp:attachment":[{"href":"https:\/\/semmelweis.hu\/bokayklinika\/wp-json\/wp\/v2\/media?parent=2176"}],"wp:term":[{"taxonomy":"category","embeddable":true,"href":"https:\/\/semmelweis.hu\/bokayklinika\/wp-json\/wp\/v2\/categories?post=2176"},{"taxonomy":"post_tag","embeddable":true,"href":"https:\/\/semmelweis.hu\/bokayklinika\/wp-json\/wp\/v2\/tags?post=2176"}],"curies":[{"name":"wp","href":"https:\/\/api.w.org\/{rel}","templated":true}]}}