{"id":204,"date":"2020-06-03T15:47:38","date_gmt":"2020-06-03T13:47:38","guid":{"rendered":"https:\/\/semmelweis.hu\/gyermekklinika1\/?page_id=204"},"modified":"2024-11-28T12:14:58","modified_gmt":"2024-11-28T11:14:58","slug":"tamogatott-kutatasi-temak","status":"publish","type":"page","link":"https:\/\/semmelweis.hu\/bokayklinika\/kutatas\/tamogatott-kutatasi-temak\/","title":{"rendered":"T\u00e1mogatott kutat\u00e1si t\u00e9m\u00e1k"},"content":{"rendered":"<p><strong>Fekete Andrea<\/strong><\/p>\n<ul>\n<li>2017-1.3.1-VKE-2017-00006 &#8211; Diagnosztikai \u00e9s ter\u00e1pi\u00e1s fejleszt\u00e9sek a vesebetegs\u00e9g eredet\u0171 hal\u00e1loz\u00e1s cs\u00f6kkent\u00e9s\u00e9re.<\/li>\n<li>OTKA FK-124491 &#8211; SGTL2 g\u00e1tl\u00f3k pleiotr\u00f3p hat\u00e1sai diab\u00e9teszben: f\u00f3kuszban a vese.<\/li>\n<li>Lend\u00fclet 2011-008 \u00daj hat\u00e1smechanizmusok \u00e9s gy\u00f3gyszer-t\u00e1mad\u00e1spontok a kr\u00f3nikus veseel\u00e9gtelens\u00e9ghez vezet\u0151 k\u00f3r\u00e1llapotok kezel\u00e9s\u00e9ben f\u00f3kuszban a diab\u00e9tesz<\/li>\n<li>Startup13 Innov\u00e1ci\u00f3s p\u00e1ly\u00e1zat 2016-2017<\/li>\n<li>OTKA Nemzetk\u00f6zi p\u00e1ly\u00e1zat 2015-2019<\/li>\n<\/ul>\n<p>&nbsp;<\/p>\n<p><strong>Reusz Gy\u00f6rgy<\/strong><\/p>\n<ul>\n<li>OTKA K124549. Kardiovaszkul\u00e1ris rizik\u00f3becsl\u00e9s gyermekekben \u00e9s fiatal feln\u0151ttekben vese\u00e1t\u00fcltet\u00e9st k\u00f6vet\u0151en (2017-2020.)<\/li>\n<\/ul>\n<p>&nbsp;<\/p>\n<p><strong>Szab\u00f3 Attila<\/strong><\/p>\n<ul style=\"list-style-type: disc\">\n<li style=\"text-align: justify\">MTA\u2212SE Gyermekgy\u00f3gy\u00e1szati \u00e9s Nephrol\u00f3giai Kutat\u00f3csoport 2017\u22122022 (vezet\u0151).\u00a0<\/li>\n<li style=\"text-align: justify\">TKP2019 T\u00e9mater\u00fcleti Kiv\u00e1l\u00f3s\u00e1gi Program 2019 &#8211; Transzl\u00e1ci\u00f3s BIOtechnol\u00f3gia (2019. 05. 01\u22122020. 06. 30.) (kutat\u00e1si r\u00e9szt\u00e9ma vezet\u0151je).\u00a0<\/li>\n<li style=\"text-align: justify\">FIKP2019 &#8211; Fels\u0151oktat\u00e1si Int\u00e9zm\u00e9nyi Kiv\u00e1l\u00f3s\u00e1gi Program 2019 (2019. 05. 01\u22122020. 06. 30.) (szakmai vezet\u0151).\u00a0<\/li>\n<li style=\"text-align: justify\">10541-4\/2019\/EGST &#8211; A ciszt\u00e1s fibr\u00f3zis (CF) \u00fajsz\u00fcl\u00f6ttkori sz\u0171r\u00e9s\u00e9nek bevezet\u00e9s\u00e9hez sz\u00fcks\u00e9ges \u00e9s kapcsol\u00f3d\u00f3 sz\u0171r\u0151k\u00f6zpont szint\u0171 infrastrukt\u00fara, m\u0171szerpark korszer\u0171s\u00edt\u00e9se, ki\u00e9p\u00edt\u00e9se (2019.03.01-2020.12.31.)\u00a0<\/li>\n<li style=\"text-align: justify\">STIA-KFI-2020 &#8211; &#8222;Extracellul\u00e1ris vezikul\u00e1k hat\u00e1sa a peritone\u00e1lis dial\u00edzis hat\u00e9konys\u00e1g\u00e1ra&#8221; (2020.12.01-2021.06.30.) (p\u00e1ly\u00e1zatvezet\u0151)\u00a0<\/li>\n<li style=\"text-align: justify\">H-UNCOVER \u2013 Reprezentat\u00edv felm\u00e9r\u00e9s a koronav\u00edrus elleni k\u00fczdelemben 2020. 05.01-05.16.) (szakmai vezet\u0151)\u00a0<\/li>\n<li style=\"text-align: justify\">TKP2021-EGA-24 Molekul\u00e1ris biol\u00f3gia &#8211; Molekul\u00e1ris orvostudom\u00e1nyi kiv\u00e1l\u00f3s\u00e1gi kutat\u00e1sok a Semmelweis Egyetemen (2021.08.01-2025.12.31.) (t\u00e9mavezet\u0151)\u00a0<\/li>\n<li style=\"text-align: justify\">GYDIAB 21-11 MI2021GYKI \u201eAz 1-es t\u00edpus\u00fa diab\u00e9tesszel \u00e9l\u0151 gyermekek \u00e9s csal\u00e1djaik j\u00f3l\u00e9t\u00e9t, j\u00f3ll\u00e9t\u00e9t fokoz\u00f3, fejleszt\u00e9si c\u00e9l\u00fa t\u00e1mogat\u00e1s gyermekdiab\u00e9tesz centrumok r\u00e9sz\u00e9re\u201d (2021.09.01-2021.12.31.) (t\u00e9mavezet\u0151)\u00a0<\/li>\n<li style=\"text-align: justify\">TKP2021-EGA-24 (M) &#8211; Az extracellul\u00e1ris vezikul\u00e1k hat\u00e1sa a peritone\u00e1lis dial\u00edzis sor\u00e1n kialakul\u00f3 membr\u00e1n megvastagod\u00e1sra (2021\u20132025) (p\u00e1ly\u00e1zatvezet\u0151)\u00a0<\/li>\n<li style=\"text-align: justify\">GYDIAB 20-13 \u201eAz 1-es t\u00edpus\u00fa diab\u00e9tesszel \u00e9l\u0151 gyermekek \u00e9s csal\u00e1djaik j\u00f3l\u00e9t\u00e9t, j\u00f3ll\u00e9t\u00e9t fokoz\u00f3, fejleszt\u00e9si c\u00e9l\u00fa t\u00e1mogat\u00e1s gyermekdiab\u00e9tesz centrumok r\u00e9sz\u00e9re\u201d (2020.07.05-2021.06.30) (t\u00e9mavezet\u0151)\u00a0<\/li>\n<\/ul>\n<p>&nbsp;<\/p>\n<p><strong>Szab\u00f3 Mikl\u00f3s<\/strong><\/p>\n<ul>\n<li style=\"text-align: justify\">NEO-CIRC (Dobutamine for neonatal circulatory failure defined by novel biomarkers) Project ID: 282533 FP7-HEALTH Eur\u00f3pai Uni\u00f3s p\u00e1ly\u00e1zat konzorciumi tag<\/li>\n<\/ul>\n<p>&nbsp;<\/p>\n<p><strong>Tory K\u00e1lm\u00e1n<\/strong><\/p>\n<ul>\n<li style=\"text-align: justify\">OTKA K109718 2014.11.01-2017.10.31. A nephrosis szindr\u00f3ma genetik\u00e1ja.<\/li>\n<li style=\"text-align: justify\">OTKA KH125566 2017.09.01-2019.08.31. Az NPHS2 interallelikus interakci\u00f3inak vizsg\u00e1lata in vivo.<\/li>\n<li style=\"text-align: justify\">MTA-SE Lend\u00fclet Nephrogenetikai Kutat\u00f3csoport 2015.07.01-2020.06.30. Interallelikus k\u00f6lcs\u00f6nhat\u00e1sok \u00e9s \u00faj g\u00e9nek monog\u00e9nes gyermekbetegs\u00e9gekben.<\/li>\n<\/ul>\n<p>&nbsp;<\/p>\n<p><strong>Vannay \u00c1d\u00e1m<\/strong><\/p>\n<ul>\n<li>2017-1.3.1-VKE-2017-00006 &#8211; Diagnosztikai \u00e9s ter\u00e1pi\u00e1s fejleszt\u00e9sek a vesebetegs\u00e9g eredet\u0171 hal\u00e1loz\u00e1s cs\u00f6kkent\u00e9s\u00e9re. (MTA-SE Gyermekgy\u00f3gy\u00e1szati \u00e9s Nephrol\u00f3giai Kutat\u00f3csoport &#8211; Omixon Biocomputing Kft.)<\/li>\n<\/ul>\n","protected":false},"excerpt":{"rendered":"<p>Fekete Andrea 2017-1.3.1-VKE-2017-00006 &#8211; Diagnosztikai \u00e9s ter\u00e1pi\u00e1s fejleszt\u00e9sek a vesebetegs\u00e9g eredet\u0171 hal\u00e1loz\u00e1s cs\u00f6kkent\u00e9s\u00e9re. OTKA FK-124491 &#8211; SGTL2 g\u00e1tl\u00f3k pleiotr\u00f3p hat\u00e1sai diab\u00e9teszben: f\u00f3kuszban a vese. Lend\u00fclet 2011-008 \u00daj hat\u00e1smechanizmusok \u00e9s gy\u00f3gyszer-t\u00e1mad\u00e1spontok a kr\u00f3nikus veseel\u00e9gtelens\u00e9ghez vezet\u0151 k\u00f3r\u00e1llapotok kezel\u00e9s\u00e9ben f\u00f3kuszban a diab\u00e9tesz Startup13 Innov\u00e1ci\u00f3s p\u00e1ly\u00e1zat 2016-2017 OTKA Nemzetk\u00f6zi p\u00e1ly\u00e1zat 2015-2019 &nbsp; Reusz Gy\u00f6rgy OTKA K124549. Kardiovaszkul\u00e1ris rizik\u00f3becsl\u00e9s gyermekekben &hellip;<\/p>\n","protected":false},"author":101740,"featured_media":0,"parent":15,"menu_order":11,"comment_status":"closed","ping_status":"closed","template":"","meta":{"_acf_changed":false,"footnotes":""},"categories":[],"tags":[],"class_list":["post-204","page","type-page","status-publish","hentry"],"acf":[],"_links":{"self":[{"href":"https:\/\/semmelweis.hu\/bokayklinika\/wp-json\/wp\/v2\/pages\/204","targetHints":{"allow":["GET"]}}],"collection":[{"href":"https:\/\/semmelweis.hu\/bokayklinika\/wp-json\/wp\/v2\/pages"}],"about":[{"href":"https:\/\/semmelweis.hu\/bokayklinika\/wp-json\/wp\/v2\/types\/page"}],"author":[{"embeddable":true,"href":"https:\/\/semmelweis.hu\/bokayklinika\/wp-json\/wp\/v2\/users\/101740"}],"replies":[{"embeddable":true,"href":"https:\/\/semmelweis.hu\/bokayklinika\/wp-json\/wp\/v2\/comments?post=204"}],"version-history":[{"count":6,"href":"https:\/\/semmelweis.hu\/bokayklinika\/wp-json\/wp\/v2\/pages\/204\/revisions"}],"predecessor-version":[{"id":6359,"href":"https:\/\/semmelweis.hu\/bokayklinika\/wp-json\/wp\/v2\/pages\/204\/revisions\/6359"}],"up":[{"embeddable":true,"href":"https:\/\/semmelweis.hu\/bokayklinika\/wp-json\/wp\/v2\/pages\/15"}],"wp:attachment":[{"href":"https:\/\/semmelweis.hu\/bokayklinika\/wp-json\/wp\/v2\/media?parent=204"}],"wp:term":[{"taxonomy":"category","embeddable":true,"href":"https:\/\/semmelweis.hu\/bokayklinika\/wp-json\/wp\/v2\/categories?post=204"},{"taxonomy":"post_tag","embeddable":true,"href":"https:\/\/semmelweis.hu\/bokayklinika\/wp-json\/wp\/v2\/tags?post=204"}],"curies":[{"name":"wp","href":"https:\/\/api.w.org\/{rel}","templated":true}]}}