{"id":197,"date":"2020-06-03T15:47:38","date_gmt":"2020-06-03T13:47:38","guid":{"rendered":"https:\/\/semmelweis.hu\/gyermekklinika1\/?page_id=197"},"modified":"2024-11-27T14:36:45","modified_gmt":"2024-11-27T13:36:45","slug":"kiserletes-nefrologiai-munkacsoport","status":"publish","type":"page","link":"https:\/\/semmelweis.hu\/bokayklinika\/kutatas\/kiserletes-nefrologiai-munkacsoport\/","title":{"rendered":"K\u00eds\u00e9rletes nefrol\u00f3giai munkacsoport"},"content":{"rendered":"<div class=\"keretes\"><strong>Vezet\u0151:<\/strong> Prof.Dr. Szab\u00f3 Attila<\/div>\n<p style=\"text-align: justify\">A kutat\u00f3csoport f\u0151 t\u00e9m\u00e1ja az akut \u00e9s kr\u00f3nikus vesek\u00e1rosod\u00e1s patomecha-nizmus\u00e1nak \u00e9s ter\u00e1pi\u00e1s lehet\u0151s\u00e9geinek vizsg\u00e1lata.<\/p>\n<p style=\"text-align: justify\">Tudom\u00e1nyos munk\u00e1nk k\u00e9t f\u0151 ir\u00e1nya az iszk\u00e9mia\/reperf\u00fazi\u00f3s vesek\u00e1rosod\u00e1s \u00e9s a gy\u00f3gyszer induk\u00e1lta nefrop\u00e1tia in vivo, real-time tanulm\u00e1nyoz\u00e1sa a ves\u00e9ben \u00e1llatk\u00eds\u00e9rletes modellek seg\u00edts\u00e9g\u00e9vel (alkalmazott metodik\u00e1k: kis\u00e1llat m\u0171t\u00e9tek, hisztol\u00f3gia, immunfluorescencia, multifoton-mikroszk\u00f3pia, PCR, Western-blot, in-vitro sejtkult\u00fara vizsg\u00e1latok).<br \/>\nKlinikai kutat\u00e1sban a juvenilis sziszt\u00e9m\u00e1s lupus erythematodes (jSLE) szervi manifeszt\u00e1ci\u00f3j\u00e1nak, korf\u00fcgg\u0151 t\u00fcneteinek vizsg\u00e1lata. Vesetranszplant\u00e1lt betegek ren\u00e1lis \u00e9s nem ren\u00e1lis sz\u00f6v\u0151dm\u00e9nyeinek vizsg\u00e1lata. Alv\u00e1szavarok \u00e9s ezzel \u00f6sszef\u00fcgg\u0151 \u00e1llapotok vizsg\u00e1lata gyermekkorban.<\/p>\n<p style=\"text-align: justify\">A csoport folyamatos kollabor\u00e1ci\u00f3t tart fent sz\u00e1mos nemzetk\u00f6zi kutat\u00f3csoporttal:<\/p>\n<ul>\n<li style=\"text-align: justify\">Universit\u00e4tsklinikum M\u00fcnchen,<\/li>\n<li><span style=\"text-align: justify;font-size: 1rem\">University of Southern California-Los Angeles,<\/span><\/li>\n<li><span style=\"text-align: justify;font-size: 1rem\">Universit\u00e4tsklinikum Kiel,<\/span><\/li>\n<li><span style=\"text-align: justify;font-size: 1rem\">IKEM Pr\u00e1ga,<\/span><\/li>\n<li><span style=\"text-align: justify;font-size: 1rem\">Universit\u00e4tsklinikum Heidelberg.<\/span><\/li>\n<\/ul>\n","protected":false},"excerpt":{"rendered":"<p>Vezet\u0151: Prof.Dr. Szab\u00f3 Attila A kutat\u00f3csoport f\u0151 t\u00e9m\u00e1ja az akut \u00e9s kr\u00f3nikus vesek\u00e1rosod\u00e1s patomecha-nizmus\u00e1nak \u00e9s ter\u00e1pi\u00e1s lehet\u0151s\u00e9geinek vizsg\u00e1lata. Tudom\u00e1nyos munk\u00e1nk k\u00e9t f\u0151 ir\u00e1nya az iszk\u00e9mia\/reperf\u00fazi\u00f3s vesek\u00e1rosod\u00e1s \u00e9s a gy\u00f3gyszer induk\u00e1lta nefrop\u00e1tia in vivo, real-time tanulm\u00e1nyoz\u00e1sa a ves\u00e9ben \u00e1llatk\u00eds\u00e9rletes modellek seg\u00edts\u00e9g\u00e9vel (alkalmazott metodik\u00e1k: kis\u00e1llat m\u0171t\u00e9tek, hisztol\u00f3gia, immunfluorescencia, multifoton-mikroszk\u00f3pia, PCR, Western-blot, in-vitro sejtkult\u00fara vizsg\u00e1latok). Klinikai kutat\u00e1sban a &hellip;<\/p>\n","protected":false},"author":101740,"featured_media":0,"parent":15,"menu_order":4,"comment_status":"closed","ping_status":"closed","template":"","meta":{"_acf_changed":false,"footnotes":""},"categories":[],"tags":[],"class_list":["post-197","page","type-page","status-publish","hentry"],"acf":[],"_links":{"self":[{"href":"https:\/\/semmelweis.hu\/bokayklinika\/wp-json\/wp\/v2\/pages\/197","targetHints":{"allow":["GET"]}}],"collection":[{"href":"https:\/\/semmelweis.hu\/bokayklinika\/wp-json\/wp\/v2\/pages"}],"about":[{"href":"https:\/\/semmelweis.hu\/bokayklinika\/wp-json\/wp\/v2\/types\/page"}],"author":[{"embeddable":true,"href":"https:\/\/semmelweis.hu\/bokayklinika\/wp-json\/wp\/v2\/users\/101740"}],"replies":[{"embeddable":true,"href":"https:\/\/semmelweis.hu\/bokayklinika\/wp-json\/wp\/v2\/comments?post=197"}],"version-history":[{"count":5,"href":"https:\/\/semmelweis.hu\/bokayklinika\/wp-json\/wp\/v2\/pages\/197\/revisions"}],"predecessor-version":[{"id":6336,"href":"https:\/\/semmelweis.hu\/bokayklinika\/wp-json\/wp\/v2\/pages\/197\/revisions\/6336"}],"up":[{"embeddable":true,"href":"https:\/\/semmelweis.hu\/bokayklinika\/wp-json\/wp\/v2\/pages\/15"}],"wp:attachment":[{"href":"https:\/\/semmelweis.hu\/bokayklinika\/wp-json\/wp\/v2\/media?parent=197"}],"wp:term":[{"taxonomy":"category","embeddable":true,"href":"https:\/\/semmelweis.hu\/bokayklinika\/wp-json\/wp\/v2\/categories?post=197"},{"taxonomy":"post_tag","embeddable":true,"href":"https:\/\/semmelweis.hu\/bokayklinika\/wp-json\/wp\/v2\/tags?post=197"}],"curies":[{"name":"wp","href":"https:\/\/api.w.org\/{rel}","templated":true}]}}