{"id":19,"date":"2020-04-30T11:07:25","date_gmt":"2020-04-30T09:07:25","guid":{"rendered":"https:\/\/semmelweis.hu\/gyermekklinika1\/?page_id=19"},"modified":"2024-11-13T09:45:34","modified_gmt":"2024-11-13T08:45:34","slug":"elerhetosegeink","status":"publish","type":"page","link":"https:\/\/semmelweis.hu\/bokayklinika\/elerhetosegeink\/","title":{"rendered":"El\u00e9rhet\u0151s\u00e9geink"},"content":{"rendered":"<p><strong><img loading=\"lazy\" decoding=\"async\" class=\"wp-image-9 alignright\" src=\"https:\/\/semmelweis.hu\/bokayklinika\/files\/2020\/04\/RS31308_KA-20150518-IMG_0980-scr-400x267.jpg\" alt=\"\" width=\"300\" height=\"200\" srcset=\"https:\/\/semmelweis.hu\/bokayklinika\/files\/2020\/04\/RS31308_KA-20150518-IMG_0980-scr-400x267.jpg 400w, https:\/\/semmelweis.hu\/bokayklinika\/files\/2020\/04\/RS31308_KA-20150518-IMG_0980-scr-768x512.jpg 768w, https:\/\/semmelweis.hu\/bokayklinika\/files\/2020\/04\/RS31308_KA-20150518-IMG_0980-scr-753x502.jpg 753w, https:\/\/semmelweis.hu\/bokayklinika\/files\/2020\/04\/RS31308_KA-20150518-IMG_0980-scr-203x135.jpg 203w, https:\/\/semmelweis.hu\/bokayklinika\/files\/2020\/04\/RS31308_KA-20150518-IMG_0980-scr.jpg 950w\" sizes=\"auto, (max-width: 300px) 100vw, 300px\" \/>SE \u00c1OK Gyermekgy\u00f3gy\u00e1szati Klinika (B\u00f3kay utcai r\u00e9szleg)<\/strong><br \/>\n<strong>C\u00edm:<\/strong>\u00a01083 Budapest, B\u00f3kay J\u00e1nos u. 53-54.<br \/>\n<strong>Levelez\u00e9si c\u00edm:<\/strong>\u00a01428, Budapest, Postafi\u00f3k 2.<\/p>\n<p><strong>K\u00f6zponti telefon:<\/strong> +36 (1) 459-1500\/ 52620<br \/>\n<strong>K\u00f6zvetlen telefon:<\/strong>\u00a0+36 (1) 334-3186<\/p>\n<p>Id\u0151pontk\u00e9r\u00e9s: az <a href=\"https:\/\/semmelweis.hu\/bokayklinika\/betegellatas\/jarobeteg-ellatas\/\">ambulanci\u00e1k oldal\u00e1n<\/a> kereszt\u00fcl a megadott m\u00f3don.<\/p>\n<p><strong>Fax:<\/strong>\u00a0+36 (1) 303-6077<\/p>\n<p><strong>E-mail el\u00e9rhet\u0151s\u00e9gek:<\/strong><\/p>\n<div><strong>Tanulm\u00e1nyi \u00fcgyek:<\/strong><\/div>\n<div>magyar hallgat\u00f3knak: <a href=\"mailto:tanulmanyi.bokay@semmelweis.hu\">tanulmanyi.bokay@semmelweis.hu<\/a><\/div>\n<div>for english students:\u00a0 <a href=\"mailto:education.bokay@semmelweis.hu\">education.bokay@semmelweis.hu<\/a><\/div>\n<div>f\u00fcr deutsche Studenten: <a href=\"mailto:unterricht.bokay@semmelweis.hu\">unterricht.bokay@semmelweis.hu<\/a><\/div>\n<div>\u00a0<\/div>\n<div><strong>Szakk\u00e9pz\u00e9s, szakmai gyakorlat:<\/strong> <a href=\"mailto:szakkepzes.bokay@semmelweis.hu\">szakkepzes.bokay@semmelweis.hu<\/a><\/div>\n<div>\u00a0<\/div>\n<div><strong>Igazgat\u00f3i titk\u00e1rs\u00e1g:<\/strong> <a href=\"mailto:titkarsag.bokayklinika@semmelweis.hu\">titkarsag.bokayklinika@semmelweis.hu<\/a><\/div>\n<div>\u00a0<\/div>\n<p style=\"text-align: justify\">A Klinika Budapest VIII. ker\u00fclet\u00e9ben tal\u00e1lhat\u00f3, a Klinik\u00e1k metr\u00f3\u00e1llom\u00e1st\u00f3l 2 percre, az \u00dcll\u0151i \u00fat \u00e9s a B\u00f3kay utca sark\u00e1n. A fekv\u0151beteg ell\u00e1t\u00e1s a f\u0151\u00e9p\u00fcleten k\u00edv\u00fcl a kertben l\u00e9v\u0151 k\u00e9t pavilonban t\u00f6rt\u00e9nik, m\u00edg a j\u00e1r\u00f3beteg ell\u00e1t\u00e1s a f\u0151\u00e9p\u00fcletben \u00e9s a B\u00f3kay utca 54. sz\u00e1m alatti ambulanci\u00e1n zajlik.<\/p>\n<p><strong>Megk\u00f6zel\u00edthet\u0151:<\/strong> a 3-as metr\u00f3val a Klinik\u00e1k metr\u00f3\u00e1llom\u00e1sig.<\/p>\n<p><strong>Parkol\u00e1s:<\/strong> A klinik\u00e1val szemben \u0151rz\u00f6tt g\u00e9pkocsi parkol\u00f3 tal\u00e1lhat\u00f3.<\/p>\n<div class=\"exp-col-content-holder\"><a class=\"expand-cnt-link\" href=\"#\">Wifi<\/a><\/p>\n<div class=\"hidden-content\">\n<p class=\"hiddenContentp\">B\u00f3kay Gyermekklinika teljes ter\u00fclet\u00e9n ingyen wifi szolg\u00e1ltat\u00e1s el\u00e9rhet\u0151. Csatlakozni a <strong>BokayGyermekklinika<\/strong> h\u00e1l\u00f3zatra lehet.<\/p>\n<\/div>\n<\/div>\n<div class=\"exp-col-content-holder\"><a class=\"expand-cnt-link\" href=\"#\">Akad\u00e1lymentes\u00edt\u00e9s<\/a><\/p>\n<div class=\"hidden-content\">\n<p class=\"hiddenContentp\"><strong>Akad\u00e1lymentes\u00edt\u00e9s, F\u0151\u00e9p\u00fclet, 1083 Budapest, B\u00f3kay u. 53.<\/strong><\/p>\n<p class=\"hiddenContentp\">A babakocsival \u00e9rkez\u0151k, vagy mozg\u00e1sukban korl\u00e1tozottak a B\u00f3kay u. 53. alatti f\u0151\u00e9p\u00fclet jobb oldal\u00e1n tal\u00e1lhat\u00f3, kertbe vezet\u0151 nagykapu oszlop\u00e1n lev\u0151 seg\u00e9lyh\u00edv\u00f3n k\u00e9rhetik a portaszolg\u00e1latt\u00f3l a nagykapu kinyit\u00e1s\u00e1t. Itt az udvaron balra haladva a f\u0151\u00e9p\u00fclet h\u00e1ta m\u00f6g\u00f6tt egy r\u00e1mp\u00e1n lejuthatnak az alagsorba, ahol a liftek megtal\u00e1lhat\u00f3k.<\/p>\n<p class=\"hiddenContentp\"><strong>Akad\u00e1lymentes\u00edt\u00e9s, Ambulancia (1083 Budapest, B\u00f3kay u. 54.)<\/strong><\/p>\n<p class=\"hiddenContentp\">Az \u00e9p\u00fcletben a bej\u00e1ratn\u00e1l \u00fcl\u0151 port\u00e1s seg\u00edts\u00e9g\u00e9t kell k\u00e9rni, az akad\u00e1lymentes\u00edt\u0151 szerkezetet beind\u00edt\u00e1s\u00e1hoz.<\/p>\n<\/div>\n<\/div>\n<p>&nbsp;<\/p>\n\n<!-- iframe plugin v.4.9 wordpress.org\/plugins\/iframe\/ -->\n<iframe loading=\"lazy\" src=\"https:\/\/www.google.com\/maps\/embed?pb=!1m18!1m12!1m3!1d2696.3212571063254!2d19.075789415626218!3d47.48365467917672!2m3!1f0!2f0!3f0!3m2!1i1024!2i768!4f13.1!3m3!1m2!1s0x4741dcfa1bc024ab%3A0xd7c6b9ffe3b07fd5!2sBudapest%2C%20B%C3%B3kay%20J%C3%A1nos%20u.%2053-54%2C%201083!5e0!3m2!1shu!2shu!4v1600954552385!5m2!1shu!2shu\" width=\"100%\" height=\"450\" frameborder=\"0\" style=\"border:0;\" allowfullscreen aria-hidden=\"false\" tabindex=\"0\" scrolling=\"yes\" class=\"iframe-class\"><\/iframe>\n\n","protected":false},"excerpt":{"rendered":"<p>SE \u00c1OK Gyermekgy\u00f3gy\u00e1szati Klinika (B\u00f3kay utcai r\u00e9szleg) C\u00edm:\u00a01083 Budapest, B\u00f3kay J\u00e1nos u. 53-54. Levelez\u00e9si c\u00edm:\u00a01428, Budapest, Postafi\u00f3k 2. K\u00f6zponti telefon: +36 (1) 459-1500\/ 52620 K\u00f6zvetlen telefon:\u00a0+36 (1) 334-3186 Id\u0151pontk\u00e9r\u00e9s: az <a href=\"https:\/\/semmelweis.hu\/bokayklinika\/betegellatas\/jarobeteg-ellatas\/\">ambulanci\u00e1k oldal\u00e1n<\/a> kereszt\u00fcl a megadott m\u00f3don. Fax:\u00a0+36 (1) 303-6077 E-mail el\u00e9rhet\u0151s\u00e9gek: Tanulm\u00e1nyi \u00fcgyek: magyar hallgat\u00f3knak: <a href=\"mailto:tanulmanyi.bokay@semmelweis.hu\">tanulmanyi.bokay@semmelweis.hu<\/a> for english students:\u00a0 <a href=\"mailto:education.bokay@semmelweis.hu\">education.bokay@semmelweis.hu<\/a> f\u00fcr deutsche Studenten: <a href=\"mailto:unterricht.bokay@semmelweis.hu\">unterricht.bokay@semmelweis.hu<\/a> \u00a0 Szakk\u00e9pz\u00e9s, szakmai gyakorlat: <a href=\"mailto:szakkepzes.bokay@semmelweis.hu\">szakkepzes.bokay@semmelweis.hu<\/a> \u00a0 Igazgat\u00f3i &hellip;<\/p>\n","protected":false},"author":12,"featured_media":0,"parent":0,"menu_order":6,"comment_status":"closed","ping_status":"closed","template":"","meta":{"_acf_changed":false,"footnotes":""},"categories":[],"tags":[],"class_list":["post-19","page","type-page","status-publish","hentry"],"acf":[],"_links":{"self":[{"href":"https:\/\/semmelweis.hu\/bokayklinika\/wp-json\/wp\/v2\/pages\/19","targetHints":{"allow":["GET"]}}],"collection":[{"href":"https:\/\/semmelweis.hu\/bokayklinika\/wp-json\/wp\/v2\/pages"}],"about":[{"href":"https:\/\/semmelweis.hu\/bokayklinika\/wp-json\/wp\/v2\/types\/page"}],"author":[{"embeddable":true,"href":"https:\/\/semmelweis.hu\/bokayklinika\/wp-json\/wp\/v2\/users\/12"}],"replies":[{"embeddable":true,"href":"https:\/\/semmelweis.hu\/bokayklinika\/wp-json\/wp\/v2\/comments?post=19"}],"version-history":[{"count":12,"href":"https:\/\/semmelweis.hu\/bokayklinika\/wp-json\/wp\/v2\/pages\/19\/revisions"}],"predecessor-version":[{"id":6076,"href":"https:\/\/semmelweis.hu\/bokayklinika\/wp-json\/wp\/v2\/pages\/19\/revisions\/6076"}],"wp:attachment":[{"href":"https:\/\/semmelweis.hu\/bokayklinika\/wp-json\/wp\/v2\/media?parent=19"}],"wp:term":[{"taxonomy":"category","embeddable":true,"href":"https:\/\/semmelweis.hu\/bokayklinika\/wp-json\/wp\/v2\/categories?post=19"},{"taxonomy":"post_tag","embeddable":true,"href":"https:\/\/semmelweis.hu\/bokayklinika\/wp-json\/wp\/v2\/tags?post=19"}],"curies":[{"name":"wp","href":"https:\/\/api.w.org\/{rel}","templated":true}]}}