{"id":1833,"date":"2020-10-06T11:47:01","date_gmt":"2020-10-06T09:47:01","guid":{"rendered":"https:\/\/semmelweis.hu\/gyermekklinika1\/?page_id=1833"},"modified":"2023-01-16T12:56:04","modified_gmt":"2023-01-16T11:56:04","slug":"klinikank-igazgatoi","status":"publish","type":"page","link":"https:\/\/semmelweis.hu\/bokayklinika\/a-gyermekgyogyaszati-klinika-bokay-utcai-reszleg-bemutatasa\/klinikank-igazgatoi\/","title":{"rendered":"Klinik\u00e1nk igazgat\u00f3i"},"content":{"rendered":"<p style=\"text-align: justify\"><strong>Az SE Gyermekklinika (B\u00f3kay utcai r\u00e9szleg) igazgat\u00f3i<\/strong><\/p>\n<p style=\"text-align: justify\"><strong>Schoepf-Merei \u00c1goston <\/strong><\/p>\n<p style=\"text-align: justify\">(Gy\u0151r, 1804. szeptember 24. \u2013 Manchester, 1858. m\u00e1rcius 12.)<\/p>\n<p style=\"text-align: justify\"><strong>Igazgat\u00f3: 1839 \u2013 1848<\/strong><\/p>\n<p style=\"text-align: justify\">Tanulm\u00e1nyait Pr\u00e1g\u00e1ban, Padov\u00e1ban \u00e9s Pavi\u00e1ban v\u00e9gezte, ahol 1832-ben orvos- \u00e9s seb\u00e9szdoktori oklevelet szerzett. 1835-ben m\u00e1r az MTA levelez\u0151 tagja. 1836-t\u00f3l az orvost\u00f6rt\u00e9net c\u00edmzetes rendes tan\u00e1ra, ugyanebben az \u00e9vben ortop\u00e9diai int\u00e9zetet hozott l\u00e9tre Pesten, mely az 1838-as nagy \u00e1rv\u00edz martal\u00e9ka lett.\u00a0 1839-ben, k\u00f6zadakoz\u00e1sb\u00f3l alap\u00edtotta meg a Pesti Szeg\u00e9nygyermek-k\u00f3rh\u00e1zat, ez Eur\u00f3p\u00e1ban a negyedik, Magyarorsz\u00e1gon az els\u0151 \u00e1ltal\u00e1nos gyermekk\u00f3rh\u00e1z. 1844-t\u0151l gyermekgy\u00f3gy\u00e1szati el\u0151ad\u00e1sokat tart a pesti egyetemen. Bevezeti a hallgat\u00f3z\u00e1ssal \u00e9s kopogtat\u00e1ssal v\u00e9gzett diagnosztikai vizsg\u00e1latokat, el\u0151\u00edrta a k\u00f3rt\u00f6rt\u00e9netek rendszeres vezet\u00e9s\u00e9t. \u0150 \u00edrta az els\u0151 gyermekgy\u00f3gy\u00e1szati tank\u00f6nyvet. A szabads\u00e1gharcban r\u00e9szt vett, Kossuth Lajos k\u00eds\u00e9ret\u00e9ben emigr\u00e1lni k\u00e9nyszer\u00fclt. Manchesterben telepedett le, 1856-ban ott is gyermekk\u00f3rh\u00e1zat alap\u00edtott.<\/p>\n<p style=\"text-align: justify\">____________________________<\/p>\n<p style=\"text-align: justify\"><strong>B\u00f3kai J\u00e1nos senior<\/strong><\/p>\n<p style=\"text-align: justify\">(Igl\u00f3, 1822. m\u00e1jus 28. \u2013 Budapest, 1884. okt\u00f3ber 20.)<\/p>\n<p style=\"text-align: justify\"><strong>Igazgat\u00f3: (1849) 1852 \u2013 1884<\/strong><\/p>\n<p style=\"text-align: justify\">Eredeti nev\u00e9t \u2013 Bock \u2013 bar\u00e1tja, J\u00f3kai M\u00f3r tan\u00e1cs\u00e1ra magyaros\u00edtotta B\u00f3kaira. 1841-t\u0151l a pesti egyetemen orvostanhallgat\u00f3, az \u00f6t\u00f6dik \u00e9vet B\u00e9csben v\u00e9gezte el. 1847-ben Pesten avatt\u00e1k orvosdoktorr\u00e1, 1848-ban seb\u00e9szdoktori \u00e9s szem\u00e9szmesteri oklevelet szerzett. 1846-t\u00f3l a Pesti Szeg\u00e9nygyermek-k\u00f3rh\u00e1zban tiszteletbeli seg\u00e9dorvos lett Schoepf-Merei \u00c1goston mellett, ahol egy \u00e9v m\u00falva seg\u00e9dorvosk\u00e9nt dolgozott tov\u00e1bb. Schoepf emigr\u00e1l\u00e1sa ut\u00e1n \u0151 vette \u00e1t a k\u00f3rh\u00e1z vezet\u00e9s\u00e9t, hivatalosan 1852-ben kapott igazgat\u00f3i kinevez\u00e9st. 1861-ben a pesti egyetemen mag\u00e1ntan\u00e1ri k\u00e9pes\u00edt\u00e9st szerzett a gyermekgy\u00f3gy\u00e1szat t\u00e1rgyk\u00f6r\u00e9ben. 1867-ben rendk\u00edv\u00fcli tan\u00e1ri, 1873. janu\u00e1r 23-\u00e1n nyilv\u00e1nos rendes tan\u00e1ri kinevez\u00e9st kapott. \u00c9veken \u00e1t ir\u00e1ny\u00edtotta az Orsz\u00e1gos K\u00f6zponti V\u00e9dhiml\u0151int\u00e9zetet, valamint munkat\u00e1rsa volt az Orvosi Hetilapnak. Bevezette a gyermekgy\u00f3gy\u00e1szat korszer\u0171 egyetemi oktat\u00e1s\u00e1t, tanulm\u00e1nyait a gyermekkori seb\u00e9szeti b\u00e9lbetegs\u00e9gekb\u0151l, h\u00fagy- \u00e9s ivarszervi betegs\u00e9gekr\u0151l idegen nyelvre is leford\u00edtott\u00e1k.<\/p>\n<p style=\"text-align: justify\">__________________________<\/p>\n<p style=\"text-align: justify\"><strong>B\u00f3kay J\u00e1nos junior <\/strong><\/p>\n<p style=\"text-align: justify\">(Budapest, 1858. \u00e1prilis 19. \u2013 Budapest, 1937. j\u00falius 6.)<\/p>\n<p style=\"text-align: justify\"><strong>Igazgat\u00f3: 1885 \u2013 1929<\/strong><\/p>\n<p style=\"text-align: justify\">\u00c9desapja, id. B\u00f3kai J\u00e1nos k\u00edv\u00e1ns\u00e1g\u00e1ra v\u00e1lasztotta az orvosi p\u00e1ly\u00e1t, 1880-ban Budapesten avatt\u00e1k orvosdoktorr\u00e1. 1881-t\u0151l a Stef\u00e1nia Gyermekk\u00f3rh\u00e1z seg\u00e9dorvosa, majd 1883-t\u00f3l f\u0151orvosa. 1885-ben mag\u00e1ntan\u00e1ri habilit\u00e1ci\u00f3t szerzett a gyermekgy\u00f3gy\u00e1szat t\u00e1rgyk\u00f6r\u00e9ben. A Stef\u00e1nia K\u00f3rh\u00e1z Egylet ugyanebben az \u00e9vben nevezte ki apja ut\u00f3dj\u00e1ul, igazgat\u00f3-f\u0151orvosnak. \u0150 vezette be a dift\u00e9ria kezel\u00e9s\u00e9ben az O\u2019Dwyer-f\u00e9le intub\u00e1ci\u00f3s elj\u00e1r\u00e1st \u00e9s az immunsav\u00f3val val\u00f3 gy\u00f3gy\u00edt\u00e1st. Felismerte a varicella \u00e9s a herpes zooster k\u00f6z\u00f6tti \u00f6sszef\u00fcgg\u00e9st. 1902-ben nyilv\u00e1nos rendk\u00edv\u00fcli tan\u00e1ri, majd 1907-ben nyilv\u00e1nos rendes tan\u00e1ri kinevez\u00e9st kapott. M\u0171k\u00f6d\u00e9se idej\u00e9n lett a gyermekgy\u00f3gy\u00e1szat k\u00f6telez\u0151 szigorlati t\u00e1rgy. 1924-ben a Magyar Gyermekorvos T\u00e1rsas\u00e1g megalap\u00edt\u00f3ja. Oktat\u00f3k\u00e9nt iskol\u00e1t teremtett.<\/p>\n<p style=\"text-align: justify\">_____________________________________<\/p>\n<p style=\"text-align: justify\"><strong>Heim P\u00e1l <\/strong><\/p>\n<p style=\"text-align: justify\">(Budapest, 1875. november 30. \u2013 Budapest, 1929. okt\u00f3ber 23.)<\/p>\n<p style=\"text-align: justify\"><strong>Igazgat\u00f3: 1929. augusztus 31 \u2013 okt\u00f3ber 23.<\/strong><\/p>\n<p style=\"text-align: justify\">Orvosi diplom\u00e1t 1897-ben kapott Budapesten, k\u00e9t \u00e9vig a Stef\u00e1nia Szeg\u00e9nygyermek-k\u00f3rh\u00e1zban dolgozott. Ezt k\u00f6vet\u0151 tanulm\u00e1ny\u00fatj\u00e1n Breslauban Czerny marasztalta maga mell\u00e9 tan\u00e1rseg\u00e9dnek, de hazat\u00e9rt Budapestre.\u00a0 1901-t\u0151l Az Irgalmasrendi K\u00f3rh\u00e1z f\u0151orvosa, 1907-t\u0151l mag\u00e1ntan\u00e1r Budapesten, 1918-t\u00f3l nyilv\u00e1nos rendes tan\u00e1r Pozsonyban, 1921\u201322-ben a f\u0151v\u00e1rosban \u00e1tmenetileg elhelyezett egyetem rektora, 1924-t\u0151l a p\u00e9csi egyetemi gyermekklinika igazgat\u00f3ja. Neki k\u00f6sz\u00f6nhetj\u00fck a csecsem\u0151- \u00e9s gyermekgondoz\u00f3n\u0151i nevel\u00e9s orsz\u00e1gos rendszer\u00e9t, a gyermek\u00e1pol\u00f3n\u0151i iskol\u00e1t (\u201eHeim-n\u0151v\u00e9rek\u201d), a szoptat\u00e1s fontoss\u00e1g\u00e1nak sz\u00f3sz\u00f3l\u00f3ja volt. Haz\u00e1nkban els\u0151k\u00e9nt vizsg\u00e1lta a folyad\u00e9k- \u00e9s elektrolit-h\u00e1ztart\u00e1s zavarait. 1929-ben, budapesti tansz\u00e9kfoglal\u00f3 el\u0151ad\u00e1sa ut\u00e1n egy h\u00f3nappal, tragikus hirtelens\u00e9ggel hunyt el t\u00fcd\u0151gyullad\u00e1sban.<\/p>\n<p style=\"text-align: justify\">_______________________________<\/p>\n<p style=\"text-align: justify\"><strong>Hainiss Elem\u00e9r <\/strong><\/p>\n<p style=\"text-align: justify\">(Budapest, 1890. j\u00falius 1. \u2013 Budapest, 1974. j\u00falius 7.)<\/p>\n<p style=\"text-align: justify\"><strong>Igazgat\u00f3: 1930 \u2013 1945<\/strong><\/p>\n<p style=\"text-align: justify\">Orvosi diplom\u00e1j\u00e1t 1913-ban kapta meg. 1914\u201317-ig a Stef\u00e1nia Szeg\u00e9nygyermek-k\u00f3rh\u00e1zban gyakornok. 1918-ban Heim P\u00e1l h\u00edv\u00e1s\u00e1ra Pozsonyban tan\u00e1rseg\u00e9d.\u00a0 A Kolozsv\u00e1rr\u00f3l Szegedre \u00e1ttelep\u00fclt gyermekklinika helyettes igazgat\u00f3ja 1921-t\u0151l; 1924-t\u0151l, nyilv\u00e1nos rendes tan\u00e1ri kinevez\u00e9se ut\u00e1n pedig igazgat\u00f3. 1930-ban a szegedi katedr\u00e1t m\u00e9gis a pestire cser\u00e9lte fel. Els\u0151sorban a csecsem\u0151t\u00e1pl\u00e1l\u00e1s, a diet\u00e9tika t\u00e1rgyk\u00f6r\u00e9ben publik\u00e1lt. Igazgat\u00f3s\u00e1ga idej\u00e9n nagy gondot ford\u00edtott a tudom\u00e1nyos m\u0171k\u00f6d\u00e9sre, egy sor kiv\u00e1l\u00f3 gyermekorvosnak biztos\u00edtott szakmai lehet\u0151s\u00e9get. 1945-ben a hatalom koholt v\u00e1dakkal \u00e1ll\u00e1sveszt\u00e9sre \u00edt\u00e9lte, \u00e9s elt\u00e1vol\u00edtott\u00e1k a klinika \u00e9l\u00e9r\u0151l. Ezut\u00e1n Kispesten, rendel\u0151int\u00e9zetben dolgozhatott.<\/p>\n<p style=\"text-align: justify\">_______________________________<\/p>\n<p style=\"text-align: justify\"><strong>Gegesi Kiss P\u00e1l <\/strong><\/p>\n<p style=\"text-align: justify\">(Nagysz\u0151ll\u0151s, 1900. november 2. \u2013 Budapest, 1993. \u00e1prilis 3.)<\/p>\n<p style=\"text-align: justify\"><strong>Igazgat\u00f3: 1945 \u2013 1971<\/strong><\/p>\n<p style=\"text-align: justify\">Orvosi tanulm\u00e1nyait Kolozsv\u00e1rott kezdte 1917-ben \u00e9s Budapesten fejezte be 1923-ban. 1924 \u00f3ta a Gyermekklinik\u00e1n m\u0171k\u00f6d\u00f6tt, de p\u00e1ly\u00e1ja igaz\u00e1n 1945 ut\u00e1n \u00edvelt fel, politikai szerepv\u00e1llal\u00e1s\u00e1val p\u00e1rhuzamosan. 1945. m\u00e1jus 17-t\u0151l a klinika megb\u00edzott vezet\u0151je, 1946. j\u00falius 12-\u00e9n pedig egyetemi tan\u00e1ri \u00e9s klinikaigazgat\u00f3i kinevez\u00e9st kapott, melyet 1971-es nyug\u00e1llom\u00e1nyba vonul\u00e1s\u00e1ig megtartott. 1950-t\u0151l az Orvostudom\u00e1nyi Kar d\u00e9k\u00e1nja volt, majd a kar \u00f6n\u00e1ll\u00f3 egyetemm\u00e9 v\u00e1l\u00e1sa ut\u00e1n, 1955-t\u0151l 1961-ig rektor. Ebben a korszakban meghat\u00e1roz\u00f3 szerepet j\u00e1tszott az egyetem \u00e9let\u00e9ben. Jelent\u0151s szerepe volt a gyermekpszichol\u00f3gia meghonos\u00edt\u00e1s\u00e1ban a klinik\u00e1n. P\u00e1ly\u00e1ja k\u00e9s\u0151bbi szakasz\u00e1ban m\u00e1r csak k\u00f6z\u00e9leti, tudom\u00e1nyszervez\u0151i tev\u00e9kenys\u00e9g jellemezte, klinik\u00e1j\u00e1val alig tartott kapcsolatot.<\/p>\n<p style=\"text-align: justify\">_________________________________________<\/p>\n<p style=\"text-align: justify\"><strong>Gerl\u00f3czy Ferenc <\/strong><\/p>\n<p style=\"text-align: justify\">(Budapest, 1911. okt\u00f3ber 23. \u2013 Budapest, 1990. m\u00e1rcius 12.)<\/p>\n<p style=\"text-align: justify\"><strong>Igazgat\u00f3: 1971 \u2013 1981<\/strong><\/p>\n<p style=\"text-align: justify\">Orvosi diplom\u00e1j\u00e1t 1935-ben, a Kir. M. P\u00e1zm\u00e1ny P\u00e9ter Tudom\u00e1nyegyetemen szerezte, majd a Gyermekklinika orvosa lett. 1944-ben a sziksz\u00f3i k\u00f6zk\u00f3rh\u00e1zba rendelt\u00e9k, ahonnan 1946-ban t\u00e9rt vissza a klinik\u00e1ra. 1948-ban mag\u00e1ntan\u00e1ri k\u00e9pes\u00edt\u00e9st szerzett a csecsem\u0151gy\u00f3gy\u00e1szati diagnosztika t\u00e1rgyk\u00f6r\u00e9ben. 1949-ben lett adjunktus. 1956-ban kap egyetemi tan\u00e1ri kinevez\u00e9st, egyben Gegesi Kiss P\u00e1l helyettese. Nev\u00e9hez els\u0151sorban a tokoferol (E-vitamin) \u00fajsz\u00fcl\u00f6ttkori lehets\u00e9ges szerep\u00e9nek le\u00edr\u00e1sa f\u0171z\u0151dik. Az E-vitamin-hi\u00e1ny szerep\u00e9nek felvet\u00e9se\u00a0 a csecsem\u0151kori sorvad\u00e1sban k\u00e9ts\u00e9gtelen\u00fcl nemzetk\u00f6zi felt\u0171n\u00e9st keltett.<\/p>\n<p style=\"text-align: justify\">_________________________________________<\/p>\n<p style=\"text-align: justify\"><strong>Milt\u00e9nyi Mikl\u00f3s <\/strong><\/p>\n<p style=\"text-align: justify\">(Budapest, 1924. j\u00falius 24. \u2013 Budapest, 2014. j\u00falius 21.)<\/p>\n<p style=\"text-align: justify\"><strong>Igazgat\u00f3: 1981 \u2013 1993<\/strong><\/p>\n<p style=\"text-align: justify\">Orvosi diplom\u00e1j\u00e1t Budapesten szerezte 1948-ban, de m\u00e1r 1945-t\u0151l Bezn\u00e1k Alad\u00e1r \u00c9lettani Int\u00e9zet\u00e9ben dolgozott demonstr\u00e1tork\u00e9nt 1951-ig. Ekkor a Pet\u00e9nyi G\u00e9za vezette II. Sz. Gyermekklinik\u00e1ra ker\u00fclt. Itt az els\u0151\u00a0\u00e9vekben a diagnosztikai laborat\u00f3riumot vezette, majd 1955-t\u0151l oszt\u00e1lyos munk\u00e1t is v\u00e9gzett. Kerpel-Fronius \u00d6d\u00f6n igazgat\u00e1sa alatt 1967-ben veseoszt\u00e1lyt szervezett. K\u00f6zben 1963-ban T\u00fcbingenben, 1978-ban Ulmban t\u00f6lt\u00f6tt egy-egy \u00e9vet. 1981-ben vette \u00e1t az I. Sz. Gyermekklinika igazgat\u00e1s\u00e1t, melynek m\u0171k\u00f6d\u00e9s\u00e9t \u00fajj\u00e1szervezte. A klinika jelent\u0151s profiljai (diabetes, allergol\u00f3gia) mellett a seb\u00e9szet fejleszt\u00e9se, neurol\u00f3giai oszt\u00e1ly kialak\u00edt\u00e1sa \u00e9s komplex gyermeknefrol\u00f3giai ell\u00e1t\u00e1s megszervez\u00e9se volt c\u00e9lja. \u00a0<\/p>\n<p style=\"text-align: justify\">__________________________________________<\/p>\n<p style=\"text-align: justify\"><strong>Tulassay Tivadar<\/strong><\/p>\n<p style=\"text-align: justify\">(Gal\u00e1nta, 1949. janu\u00e1r 18.\u00a0 \u2013\u00a0\u00a0 )<\/p>\n<p style=\"text-align: justify\"><strong>Igazgat\u00f3: 1993 \u2013 2013 <\/strong><\/p>\n<p style=\"text-align: justify\">Orvosi diplom\u00e1j\u00e1t 1974-ben kapta meg. Tudom\u00e1nyos p\u00e1lyafut\u00e1s\u00e1t Kerpel-Fronius \u00d6d\u00f6n professzor egyengeti, aki \u201eutols\u00f3, kedves tan\u00edtv\u00e1ny\u00e1nak\u201d tekintette. 1983-ban Milt\u00e9nyi Mikl\u00f3s megh\u00edv\u00e1s\u00e1ra j\u00f6n a klinik\u00e1ra. Nemzetk\u00f6zi figyelmet kelt\u0151 felismer\u00e9seket tett a folyad\u00e9kterek \u00e9s a n\u00e1triumh\u00e1ztart\u00e1s endokrin szab\u00e1lyoz\u00e1s\u00e1r\u00f3l. 1994-ben korszer\u0171 Neonatol\u00f3giai Intenz\u00edv Centrumot hozott l\u00e9tre, a klinika a gyermekkori szervtranszplant\u00e1ci\u00f3 orsz\u00e1gos jelent\u0151s\u00e9g\u0171 gondoz\u00f3k\u00f6zpontja lett. Kiemelt figyelmet ford\u00edtott a kutat\u00e1sra, az ut\u00e1np\u00f3tl\u00e1s-nevel\u00e9sre, a tehets\u00e9ggondoz\u00e1sra, magas szintre fejlesztette a kutat\u00f3laborat\u00f3riumot, igazgat\u00f3s\u00e1ga alatt jelent\u0151s infrastruktur\u00e1lis fejleszt\u00e9sek t\u00f6rt\u00e9ntek. Sz\u00e1mos egyetemi tiszts\u00e9ge mellett d\u00e9k\u00e1nhelyettes, rektorhelyettes, 2003\u20132012 k\u00f6z\u00f6tt az egyetem rektora, az MTA rendes tagja. Mesterei iskolateremt\u0151 munk\u00e1j\u00e1t a tudom\u00e1ny \u00e9s tisztess\u00e9g jegy\u00e9ben folytatta.<\/p>\n","protected":false},"excerpt":{"rendered":"<p>Az SE Gyermekklinika (B\u00f3kay utcai r\u00e9szleg) igazgat\u00f3i Schoepf-Merei \u00c1goston (Gy\u0151r, 1804. szeptember 24. \u2013 Manchester, 1858. m\u00e1rcius 12.) Igazgat\u00f3: 1839 \u2013 1848 Tanulm\u00e1nyait Pr\u00e1g\u00e1ban, Padov\u00e1ban \u00e9s Pavi\u00e1ban v\u00e9gezte, ahol 1832-ben orvos- \u00e9s seb\u00e9szdoktori oklevelet szerzett. 1835-ben m\u00e1r az MTA levelez\u0151 tagja. 1836-t\u00f3l az orvost\u00f6rt\u00e9net c\u00edmzetes rendes tan\u00e1ra, ugyanebben az \u00e9vben ortop\u00e9diai int\u00e9zetet hozott l\u00e9tre Pesten, &hellip;<\/p>\n","protected":false},"author":101739,"featured_media":0,"parent":8,"menu_order":2,"comment_status":"closed","ping_status":"closed","template":"","meta":{"_acf_changed":false,"footnotes":""},"categories":[],"tags":[],"class_list":["post-1833","page","type-page","status-publish","hentry"],"acf":[],"_links":{"self":[{"href":"https:\/\/semmelweis.hu\/bokayklinika\/wp-json\/wp\/v2\/pages\/1833","targetHints":{"allow":["GET"]}}],"collection":[{"href":"https:\/\/semmelweis.hu\/bokayklinika\/wp-json\/wp\/v2\/pages"}],"about":[{"href":"https:\/\/semmelweis.hu\/bokayklinika\/wp-json\/wp\/v2\/types\/page"}],"author":[{"embeddable":true,"href":"https:\/\/semmelweis.hu\/bokayklinika\/wp-json\/wp\/v2\/users\/101739"}],"replies":[{"embeddable":true,"href":"https:\/\/semmelweis.hu\/bokayklinika\/wp-json\/wp\/v2\/comments?post=1833"}],"version-history":[{"count":4,"href":"https:\/\/semmelweis.hu\/bokayklinika\/wp-json\/wp\/v2\/pages\/1833\/revisions"}],"predecessor-version":[{"id":4115,"href":"https:\/\/semmelweis.hu\/bokayklinika\/wp-json\/wp\/v2\/pages\/1833\/revisions\/4115"}],"up":[{"embeddable":true,"href":"https:\/\/semmelweis.hu\/bokayklinika\/wp-json\/wp\/v2\/pages\/8"}],"wp:attachment":[{"href":"https:\/\/semmelweis.hu\/bokayklinika\/wp-json\/wp\/v2\/media?parent=1833"}],"wp:term":[{"taxonomy":"category","embeddable":true,"href":"https:\/\/semmelweis.hu\/bokayklinika\/wp-json\/wp\/v2\/categories?post=1833"},{"taxonomy":"post_tag","embeddable":true,"href":"https:\/\/semmelweis.hu\/bokayklinika\/wp-json\/wp\/v2\/tags?post=1833"}],"curies":[{"name":"wp","href":"https:\/\/api.w.org\/{rel}","templated":true}]}}