{"id":1621,"date":"2020-09-03T09:41:45","date_gmt":"2020-09-03T07:41:45","guid":{"rendered":"https:\/\/semmelweis.hu\/gyermekklinika1\/?page_id=1621"},"modified":"2024-11-19T10:49:53","modified_gmt":"2024-11-19T09:49:53","slug":"koraszulott-utanvizsgalat","status":"publish","type":"page","link":"https:\/\/semmelweis.hu\/bokayklinika\/betegellatas\/jarobeteg-ellatas\/koraszulott-utanvizsgalat\/","title":{"rendered":"Korasz\u00fcl\u00f6tt ut\u00e1nvizsg\u00e1lat"},"content":{"rendered":"<div class=\"keretes\">Gyermekgy\u00f3gy\u00e1szati Klinika (B\u00f3kay utcai r\u00e9szleg) <strong>Neonatol\u00f3giai Ambulancia &#8211; Korasz\u00fcl\u00f6tt ut\u00e1nvizsg\u00e1lat<\/strong>\u00a0 \u00a0 \u00a0 1083 Budapest, B\u00f3kay u. 53., f\u00f6ldszint<br \/>\nTelefon: 06-1-3343-186\/52645<\/div>\n<h4>\u00a0<\/h4>\n<p>Rendel\u00e9s\u00fcnk\u00f6n el\u0151jegyz\u00e9s alapj\u00e1n fogadjuk betegeiket!<br \/>\nEl\u0151jegyz\u00e9s a 06-1-3343-186\/52645 telefonsz\u00e1mon<\/p>\n<p>Laborlelet kiad\u00e1s: megbesz\u00e9l\u00e9s szerint a fenti telefonsz\u00e1mon<\/p>\n<p>Beutal\u00f3 \u00faj betegek \u00e9s 6 h\u00f3napn\u00e1l r\u00e9gebben itt j\u00e1rt p\u00e1ciensek sz\u00e1m\u00e1ra k\u00f6telez\u0151.<\/p>\n<h4>\u00a0<\/h4>\n<h4><strong>Ambul\u00e1ns rendel\u00e9si id\u0151:<\/strong><\/h4>\n<table style=\"border-collapse: collapse;width: 87.2728%\">\n<tbody>\n<tr>\n<td style=\"width: 26.678%\"><strong>Dr. Szab\u00f3 Mikl\u00f3s<\/strong><\/td>\n<td style=\"width: 31.7533%\">\n<p style=\"text-align: center\"><strong>SZERDA<\/strong><br \/>\n<strong>12:00 &#8211; 13:00<\/strong><\/p>\n<\/td>\n<td style=\"width: 31.7939%;text-align: center\">Telefon: 06-1-3343-186\/52645<\/td>\n<\/tr>\n<\/tbody>\n<\/table>\n<p>&nbsp;<\/p>\n","protected":false},"excerpt":{"rendered":"<p>Gyermekgy\u00f3gy\u00e1szati Klinika (B\u00f3kay utcai r\u00e9szleg) Neonatol\u00f3giai Ambulancia &#8211; Korasz\u00fcl\u00f6tt ut\u00e1nvizsg\u00e1lat\u00a0 \u00a0 \u00a0 1083 Budapest, B\u00f3kay u. 53., f\u00f6ldszint Telefon: 06-1-3343-186\/52645 \u00a0 Rendel\u00e9s\u00fcnk\u00f6n el\u0151jegyz\u00e9s alapj\u00e1n fogadjuk betegeiket! El\u0151jegyz\u00e9s a 06-1-3343-186\/52645 telefonsz\u00e1mon Laborlelet kiad\u00e1s: megbesz\u00e9l\u00e9s szerint a fenti telefonsz\u00e1mon Beutal\u00f3 \u00faj betegek \u00e9s 6 h\u00f3napn\u00e1l r\u00e9gebben itt j\u00e1rt p\u00e1ciensek sz\u00e1m\u00e1ra k\u00f6telez\u0151. \u00a0 Ambul\u00e1ns rendel\u00e9si id\u0151: Dr. Szab\u00f3 &hellip;<\/p>\n","protected":false},"author":101739,"featured_media":0,"parent":94,"menu_order":17,"comment_status":"closed","ping_status":"closed","template":"","meta":{"_acf_changed":false,"footnotes":""},"categories":[],"tags":[],"class_list":["post-1621","page","type-page","status-publish","hentry"],"acf":[],"_links":{"self":[{"href":"https:\/\/semmelweis.hu\/bokayklinika\/wp-json\/wp\/v2\/pages\/1621","targetHints":{"allow":["GET"]}}],"collection":[{"href":"https:\/\/semmelweis.hu\/bokayklinika\/wp-json\/wp\/v2\/pages"}],"about":[{"href":"https:\/\/semmelweis.hu\/bokayklinika\/wp-json\/wp\/v2\/types\/page"}],"author":[{"embeddable":true,"href":"https:\/\/semmelweis.hu\/bokayklinika\/wp-json\/wp\/v2\/users\/101739"}],"replies":[{"embeddable":true,"href":"https:\/\/semmelweis.hu\/bokayklinika\/wp-json\/wp\/v2\/comments?post=1621"}],"version-history":[{"count":10,"href":"https:\/\/semmelweis.hu\/bokayklinika\/wp-json\/wp\/v2\/pages\/1621\/revisions"}],"predecessor-version":[{"id":6158,"href":"https:\/\/semmelweis.hu\/bokayklinika\/wp-json\/wp\/v2\/pages\/1621\/revisions\/6158"}],"up":[{"embeddable":true,"href":"https:\/\/semmelweis.hu\/bokayklinika\/wp-json\/wp\/v2\/pages\/94"}],"wp:attachment":[{"href":"https:\/\/semmelweis.hu\/bokayklinika\/wp-json\/wp\/v2\/media?parent=1621"}],"wp:term":[{"taxonomy":"category","embeddable":true,"href":"https:\/\/semmelweis.hu\/bokayklinika\/wp-json\/wp\/v2\/categories?post=1621"},{"taxonomy":"post_tag","embeddable":true,"href":"https:\/\/semmelweis.hu\/bokayklinika\/wp-json\/wp\/v2\/tags?post=1621"}],"curies":[{"name":"wp","href":"https:\/\/api.w.org\/{rel}","templated":true}]}}