{"id":1602,"date":"2020-09-03T09:03:51","date_gmt":"2020-09-03T07:03:51","guid":{"rendered":"https:\/\/semmelweis.hu\/gyermekklinika1\/?page_id=1602"},"modified":"2025-11-04T12:20:57","modified_gmt":"2025-11-04T11:20:57","slug":"gyermek-tudogyogyaszat-pulmonologia","status":"publish","type":"page","link":"https:\/\/semmelweis.hu\/bokayklinika\/betegellatas\/jarobeteg-ellatas\/gyermek-tudogyogyaszat-pulmonologia\/","title":{"rendered":"Gyermek-t\u00fcd\u0151gy\u00f3gy\u00e1szat (pulmonol\u00f3gia)"},"content":{"rendered":"<div class=\"keretes\">Gyermekgy\u00f3gy\u00e1szati Klinika (B\u00f3kay utcai r\u00e9szleg)<br \/>\n<strong>Gyermek-t\u00fcd\u0151gy\u00f3gy\u00e1szat (pulmonol\u00f3gia)<br \/>\n<\/strong>1083 Budapest, B\u00f3kay u. 54., fszt.<br \/>\nTelefon: 06-1-3340-790, 3343-186\/52703<\/div>\n<p>Tisztelt Sz\u00fcl\u0151k!<\/p>\n<p>El\u0151jegyz\u00e9ssel dolgozunk, k\u00e9rj\u00fck, hogy az akut rosszull\u00e9ttel jelentkez\u0151 betegeink klinik\u00e1nk s\u00fcrg\u0151ss\u00e9gi oszt\u00e1ly\u00e1n jelentkezzenek!<\/p>\n<p>Beutal\u00f3 \u00faj betegek \u00e9s 6 h\u00f3napn\u00e1l r\u00e9gebben itt j\u00e1rt p\u00e1ciensek sz\u00e1m\u00e1ra k\u00f6telez\u0151.<\/p>\n<p>Gyermek t\u00fcd\u0151gy\u00f3gy\u00e1szati (pulmonol\u00f3giai) szakrendel\u00e9s\u00fcnk munkanapokon l\u00e1tja el a gyermekeket.<\/p>\n<p><strong>Asztma bronchiale gondoz\u00e1s a Gyermekklinika T\u0171zolt\u00f3 utcai r\u00e9szleg\u00e9n \u00e9rhet\u0151 el.<\/strong><\/p>\n<p><strong>GYERMEK-PULMONOL\u00d3GIAI SZAKRENDEL\u00c9S<\/strong><\/p>\n<div>\n<table style=\"border-collapse: collapse;width: 92.2182%\">\n<tbody>\n<tr>\n<td style=\"width: 25%;text-align: center\"><strong>Dr. Kincs Judit<\/strong><\/td>\n<td style=\"width: 14.3818%;text-align: center\">SZERDA<\/td>\n<td style=\"width: 22.7455%;text-align: center\">09:00-14:00<\/td>\n<td style=\"width: 30.5596%;text-align: center\">El\u0151jegyz\u00e9s, bejelentkez\u00e9s 13:00-15:00 k\u00f6z\u00f6tt: 06-1-3343-186\/52703 <strong><a href=\"https:\/\/elojegyzes.meditime.hu\/14\" target=\"_blank\" rel=\"noopener\">https:\/\/elojegyzes.meditime.hu\/14<\/a><\/strong><\/td>\n<\/tr>\n<\/tbody>\n<\/table>\n<p>Helysz\u00edn: Gyermekgy\u00f3gy\u00e1szati Klinika B\u00f3kay utcai r\u00e9szleg<br \/>\n1083 Budapest, B\u00f3kay J. u. 54., alagsor<\/p>\n<\/div>\n<p><strong>A szakrendel\u00e9sen a k\u00f6vetkez\u0151 betegs\u00e9gek vizsg\u00e1lat\u00e1val foglalkozunk:<\/strong><\/p>\n<ol>\n<li>Als\u00f3 l\u00e9g\u00fati kr\u00f3nikus gyullad\u00e1sos megbeteged\u00e9sek vizsg\u00e1lata, kezel\u00e9se<\/li>\n<li>Volt korasz\u00fcl\u00f6ttek gondoz\u00e1sa, bronchopulmonalis dysplasia<\/li>\n<li>Kr\u00f3nikus l\u00e9g\u00fati t\u00fcnetek, k\u00f6h\u00f6g\u00e9s, neh\u00e9zl\u00e9gz\u00e9s kivizsg\u00e1l\u00e1sa, kezel\u00e9se<\/li>\n<li>Ciszt\u00e1s fibr\u00f3zis diagnosztika, gondoz\u00e1s<\/li>\n<\/ol>\n<p><strong>Szakrendel\u00e9s asszisztensei:<\/strong><\/p>\n<p>Ernszt Katalin<br \/>\nBenedek Zolt\u00e1nn\u00e9<\/p>\n<table style=\"border-collapse: collapse;width: 100%\">\n<tbody>\n<tr>\n<td style=\"width: 25%;text-align: center\"><strong>Dr. Kov\u00e1cs Lajos<\/strong><br \/>\n<strong>Dr. Krikovszky D\u00f3ra<\/strong><\/td>\n<td style=\"width: 25%;text-align: center\">A kezel\u0151orvossal szem\u00e9lyes konzult\u00e1ci\u00f3t k\u00f6vet\u0151en el\u0151re egyeztetett id\u0151pontban<\/td>\n<td style=\"width: 25%;text-align: center\">minden nap<\/td>\n<td style=\"width: 25%;text-align: center\">El\u0151jegyz\u00e9s, bejelentkez\u00e9s 10:00-14:00 k\u00f6z\u00f6tt: 06-1-3343-186\/52643<\/td>\n<\/tr>\n<\/tbody>\n<\/table>\n<p>Helysz\u00edn: Gyermekgy\u00f3gy\u00e1szati Klinika B\u00f3kay utcai r\u00e9szleg<br \/>\n1083 Budapest, B\u00f3kay J. u. 53., 2.emelet, Pulmonol\u00f3giai oszt\u00e1ly<\/p>\n<p><strong>A szakrendel\u00e9sen a k\u00f6vetkez\u0151 betegs\u00e9gek vizsg\u00e1lat\u00e1val foglalkozunk:<\/strong><\/p>\n<ol>\n<li>G\u00e9ge, h\u00f6rg\u0151rendszer \u00e9s t\u00fcd\u0151k velesz\u00fcletett vagy szerzett rendelleness\u00e9geinek kivizsg\u00e1l\u00e1sa, gondoz\u00e1sa, kezel\u00e9se<\/li>\n<li>Mellkasi r\u00f6ntgen elt\u00e9r\u00e9sek kivizsg\u00e1l\u00e1sa, kezel\u00e9se<\/li>\n<li>Hangos l\u00e9gz\u00e9s, stridor vizsg\u00e1lata, kezel\u00e9se gondoz\u00e1sa<\/li>\n<li>T\u00fcd\u0151 transzplant\u00e1ltak gondoz\u00e1sa<\/li>\n<\/ol>\n<p><strong>Diagnosztikus lehet\u0151s\u00e9gek:<\/strong><\/p>\n<ul>\n<li>R\u00f6ntgen<\/li>\n<li>Ultrahang<\/li>\n<li>EKG (nyugalmi, terhel\u00e9ses)<\/li>\n<li>Bronchoszk\u00f3pia (merev \u00e9s flexibilis)<\/li>\n<li>L\u00e9gz\u00e9sfunkci\u00f3 (fizikai provok\u00e1ci\u00f3)<\/li>\n<li>A t\u00fcd\u0151 diff\u00fazi\u00f3s kapacit\u00e1s\u00e1nak m\u00e9r\u00e9se<\/li>\n<li>A t\u00fcd\u0151 ellen\u00e1ll\u00e1s m\u00e9r\u00e9se oscillometri\u00e1val<\/li>\n<li>Allergi\u00e1s b\u0151rtesztek<\/li>\n<li>Prick teszt (l\u00e9g\u00fati, \u00e9tel valamint speci\u00e1lis sorokkal)<\/li>\n<li>Laborat\u00f3riumi vizsg\u00e1latok (\u00e1ltal\u00e1nos, immunglobulinok, sz\u00e9rum-\u00f6ssz- \u00e9s specifikus -gE, mikrobiol\u00f3giai vizsg\u00e1latok)<\/li>\n<li>Verejt\u00e9k, Cl meghat\u00e1roz\u00e1s<\/li>\n<\/ul>\n<p>A szakrendel\u00e9sen dolgoz\u00f3 koll\u00e9g\u00e1k csecsem\u0151 \u00e9s gyermekgy\u00f3gy\u00e1sz \u00e9s egyben gyermekt\u00fcd\u0151gy\u00f3gy\u00e1sz szakvizsg\u00e1val is rendelkeznek. Szakdolgoz\u00f3ink pulmonol\u00f3gus-allergol\u00f3gus szakasszisztensek, asztma n\u0151v\u00e9rek. A l\u00e9gz\u00e9sfunkci\u00f3s vizsg\u00e1lathoz spirom\u00e9terek, fut\u00f3pad, pletizmogr\u00e1fia \u00e1ll rendelkez\u00e9sre<\/p>\n<p><strong>Szakrendel\u00e9s asszisztensei:<\/strong><\/p>\n<p>Balogh M\u00e1ria pulmonol\u00f3gus-allergol\u00f3gus szakasszisztens<br \/>\nSzim\u00e1n J\u00e1nosn\u00e9 (Ancsa) pulmonol\u00f3gus-allergol\u00f3gus szakasszisztens<\/p>\n<p style=\"text-align: justify\">\n<p><\/p>\n","protected":false},"excerpt":{"rendered":"<p>Gyermekgy\u00f3gy\u00e1szati Klinika (B\u00f3kay utcai r\u00e9szleg) Gyermek-t\u00fcd\u0151gy\u00f3gy\u00e1szat (pulmonol\u00f3gia) 1083 Budapest, B\u00f3kay u. 54., fszt. Telefon: 06-1-3340-790, 3343-186\/52703 Tisztelt Sz\u00fcl\u0151k! El\u0151jegyz\u00e9ssel dolgozunk, k\u00e9rj\u00fck, hogy az akut rosszull\u00e9ttel jelentkez\u0151 betegeink klinik\u00e1nk s\u00fcrg\u0151ss\u00e9gi oszt\u00e1ly\u00e1n jelentkezzenek! Beutal\u00f3 \u00faj betegek \u00e9s 6 h\u00f3napn\u00e1l r\u00e9gebben itt j\u00e1rt p\u00e1ciensek sz\u00e1m\u00e1ra k\u00f6telez\u0151. Gyermek t\u00fcd\u0151gy\u00f3gy\u00e1szati (pulmonol\u00f3giai) szakrendel\u00e9s\u00fcnk munkanapokon l\u00e1tja el a gyermekeket. Asztma bronchiale gondoz\u00e1s &hellip;<\/p>\n","protected":false},"author":101739,"featured_media":0,"parent":94,"menu_order":13,"comment_status":"closed","ping_status":"closed","template":"","meta":{"_acf_changed":false,"footnotes":""},"categories":[],"tags":[],"class_list":["post-1602","page","type-page","status-publish","hentry"],"acf":[],"_links":{"self":[{"href":"https:\/\/semmelweis.hu\/bokayklinika\/wp-json\/wp\/v2\/pages\/1602","targetHints":{"allow":["GET"]}}],"collection":[{"href":"https:\/\/semmelweis.hu\/bokayklinika\/wp-json\/wp\/v2\/pages"}],"about":[{"href":"https:\/\/semmelweis.hu\/bokayklinika\/wp-json\/wp\/v2\/types\/page"}],"author":[{"embeddable":true,"href":"https:\/\/semmelweis.hu\/bokayklinika\/wp-json\/wp\/v2\/users\/101739"}],"replies":[{"embeddable":true,"href":"https:\/\/semmelweis.hu\/bokayklinika\/wp-json\/wp\/v2\/comments?post=1602"}],"version-history":[{"count":13,"href":"https:\/\/semmelweis.hu\/bokayklinika\/wp-json\/wp\/v2\/pages\/1602\/revisions"}],"predecessor-version":[{"id":7586,"href":"https:\/\/semmelweis.hu\/bokayklinika\/wp-json\/wp\/v2\/pages\/1602\/revisions\/7586"}],"up":[{"embeddable":true,"href":"https:\/\/semmelweis.hu\/bokayklinika\/wp-json\/wp\/v2\/pages\/94"}],"wp:attachment":[{"href":"https:\/\/semmelweis.hu\/bokayklinika\/wp-json\/wp\/v2\/media?parent=1602"}],"wp:term":[{"taxonomy":"category","embeddable":true,"href":"https:\/\/semmelweis.hu\/bokayklinika\/wp-json\/wp\/v2\/categories?post=1602"},{"taxonomy":"post_tag","embeddable":true,"href":"https:\/\/semmelweis.hu\/bokayklinika\/wp-json\/wp\/v2\/tags?post=1602"}],"curies":[{"name":"wp","href":"https:\/\/api.w.org\/{rel}","templated":true}]}}