{"id":1568,"date":"2020-09-03T08:36:06","date_gmt":"2020-09-03T06:36:06","guid":{"rendered":"https:\/\/semmelweis.hu\/gyermekklinika1\/?page_id=1568"},"modified":"2025-01-27T14:49:37","modified_gmt":"2025-01-27T13:49:37","slug":"gyermekpszichiatria","status":"publish","type":"page","link":"https:\/\/semmelweis.hu\/bokayklinika\/betegellatas\/jarobeteg-ellatas\/gyermekpszichiatria\/","title":{"rendered":"Gyermek- \u00e9s Ifj\u00fas\u00e1gpszichi\u00e1tria"},"content":{"rendered":"<div class=\"keretes\">\n<p style=\"text-align: justify\">Gyermekgy\u00f3gy\u00e1szati Klinika (B\u00f3kay utcai r\u00e9szleg) <strong>Gyermek- \u00e9s Ifj\u00fas\u00e1gpszichi\u00e1triai Szakambulancia\u00a0<\/strong>\u00a0 \u00a0 \u00a0 \u00a0 \u00a0 \u00a0 \u00a0 \u00a0 \u00a0 \u00a0 \u00a0 \u00a0 1083 Budapest, B\u00f3kay u. 53. III. emelet \u00e9s B\u00f3kay u. 54., fsz.\u00a0<\/p>\n<\/div>\n<p style=\"text-align: left\">Szakambulanci\u00e1nkon el\u0151jegyz\u00e9s alapj\u00e1n fogadjuk betegeinket.<br \/>\nTelefon: 06-1-3343-186\/52785 vagy +36 20 825-2785<\/p>\n<p style=\"text-align: left\">E-mail c\u00edm: <strong><a href=\"mailto:gyerekpszichiatria@semmelweis.hu\">gyerekpszichiatria@semmelweis.hu<\/a><\/strong><\/p>\n<p style=\"text-align: left\">\nId\u0151pontot h\u00e9tf\u0151t\u0151l-cs\u00fct\u00f6rt\u00f6kig 10:00-12:00 \u00f3ra k\u00f6z\u00f6tt k\u00e9rhetnek, a fenti telefonsz\u00e1mon, vagy e-mail c\u00edmen.\u00a0<\/p>\n<p style=\"text-align: left\">\nK\u00e9rj\u00fck ellen\u0151rizz\u00e9k, hogy ter\u00fcleti ell\u00e1t\u00e1s tekintet\u00e9ben klinik\u00e1nkhoz tartozik-e\u00a0 gyermek\u00fck:<strong>\u00a0<a href=\"http:\/\/appserver.antsz.hu\/jtek\/ellatas\" target=\"_blank\" rel=\"noopener noreferrer\">Ter\u00fcleti ell\u00e1t\u00e1s &gt;&gt;<\/a><\/strong><\/p>\n<p>K\u00e9rj\u00fck,\u00a0 h\u00e1ziorvosi beutal\u00f3t \u00e9s minden kor\u00e1bbi dokument\u00e1ci\u00f3t hozzanak a vizsg\u00e1latra.<br \/>\nLaborlelet kiad\u00e1s rendel\u00e9si id\u0151ben.<\/p>\n<h4>\u00a0<\/h4>\n<table style=\"border-collapse: collapse;width: 73.0182%;height: 130px\">\n<tbody>\n<tr style=\"height: 33px\">\n<td style=\"width: 19.0788%;height: 130px\" rowspan=\"4\">Rendel\u00e9si id\u0151<\/td>\n<td style=\"width: 27.2242%;height: 33px\"><strong>H\u00c9TF\u0150<\/strong><\/td>\n<td style=\"width: 26.7151%;text-align: center;height: 130px\" rowspan=\"4\"><strong>08:00 &#8211; 16:00<\/strong><\/td>\n<\/tr>\n<tr style=\"height: 31px\">\n<td style=\"width: 27.2242%;height: 31px\"><strong>KEDD<\/strong><\/td>\n<\/tr>\n<tr style=\"height: 33px\">\n<td style=\"width: 27.2242%;height: 33px\"><strong>SZERDA<\/strong><\/td>\n<\/tr>\n<tr style=\"height: 33px\">\n<td style=\"width: 27.2242%;height: 33px\"><strong>CS\u00dcT\u00d6RT\u00d6K<\/strong><\/td>\n<\/tr>\n<\/tbody>\n<\/table>\n<h4><strong>\u00a0<\/strong><\/h4>\n<p style=\"text-align: justify\"><b>A Gyermek-, \u00e9s Ifj\u00fas\u00e1gpszichi\u00e1triai Szakambulanci\u00e1n<\/b>\u00a0a gyermek, a csal\u00e1d \u00e9s a k\u00f6z\u00f6ss\u00e9g \u00e1ltal jelzett pszichi\u00e1triai, pszichol\u00f3giai probl\u00e9m\u00e1k, betegs\u00e9gek \u00e9s \u00e9letviteli neh\u00e9zs\u00e9gek felt\u00e9rk\u00e9pez\u00e9s\u00e9hez \u00e9s rendez\u00e9s\u00e9hez ny\u00fajtunk sz\u00e9les k\u00f6r\u0171, oszt\u00e1lyos h\u00e1tter\u0171 seg\u00edts\u00e9get a 3-18 \u00e9ves koroszt\u00e1ly sz\u00e1m\u00e1ra. C\u00e9lunk, hogy seg\u00edts\u00fck a gyermekek testi-lelki eg\u00e9szs\u00e9g\u00e9nek helyre\u00e1ll\u00edt\u00e1s\u00e1t \u00e9s meg\u0151rz\u00e9s\u00e9t, hogy min\u00e9l harmonikusabban tudjanak beilleszkedni csal\u00e1djukba, sz\u0171kebb \u00e9s t\u00e1gabb k\u00f6z\u00f6ss\u00e9g\u00fckbe. Vizsg\u00e1l\u00f3m\u00f3dszereink: felt\u00e1r\u00f3 besz\u00e9lget\u00e9sek, csal\u00e1di interj\u00fak, pszichol\u00f3giai tesztek, csoportos \u00f6nismereti, m\u0171v\u00e9szetter\u00e1pi\u00e1s \u00e9s j\u00e1t\u00e9kos foglalkoz\u00e1sok.<\/p>\n<p style=\"text-align: justify\">Ter\u00e1pi\u00e1s lehet\u0151s\u00e9geink: egy\u00e9ni- \u00e9s csoportos pszichoter\u00e1pia, csal\u00e1dter\u00e1pia, gy\u00f3gypedag\u00f3giai fejleszt\u00e9s, gy\u00f3gyszeres kezel\u00e9s.<\/p>\n<p style=\"text-align: justify\"><b>Ambulanci\u00e1nkon<\/b> \u00faj betegeket el\u0151zetes telefonos egyeztet\u00e9s alapj\u00e1n fogadunk, akiket ezt k\u00f6vet\u0151en megadott id\u0151pontra h\u00edvunk, \u00edgy a betegeknek nem kell v\u00e1rakozniuk. El\u0151jegyz\u00e9s: <strong>06-1-334-3186\/52785<\/strong> vagy <strong>+36 20 825 2785<\/strong>.<br \/>\nAz ambul\u00e1ns tal\u00e1lkoz\u00e1s alkalm\u00e1val, amennyiben teljes k\u00f6r\u0171 kivizsg\u00e1l\u00e1sra, felm\u00e9r\u00e9sre van sz\u00fcks\u00e9g, akkor felv\u00e9telt javaslunk oszt\u00e1lyunkra, mely el\u0151seg\u00edti a probl\u00e9ma felt\u00e1r\u00e1s\u00e1t, megold\u00e1s\u00e1t.<br \/>\nK\u00e9rj\u00fck a Tisztelt Sz\u00fcl\u0151ket, hogy az ambul\u00e1ns vizsg\u00e1latra h\u00e1ziorvosi beutal\u00f3t hozzanak magukkal!<\/p>\n<p style=\"text-align: justify\"><strong>Ambul\u00e1ns vizsg\u00e1lat<\/strong><br \/>\nDiagnosztikus munk\u00e1nkat ambul\u00e1ns \u00e9s oszt\u00e1lyos keretek k\u00f6z\u00f6tt v\u00e9gezz\u00fck. A gyermekekkel \u00e9s sz\u00fcleikkel el\u0151sz\u00f6r ambul\u00e1ns id\u0151pont alkalm\u00e1val tal\u00e1lkozunk, ahol megbesz\u00e9lj\u00fck az el\u0151zm\u00e9nyeket, valamint k\u00f6r\u00fclj\u00e1rjuk a panaszt, mellyel hozz\u00e1nk fordultak. Ezen alkalommal eld\u00f6ntj\u00fck, hogy sz\u00fcks\u00e9ges-e egy \u00e1tfog\u00f3bb kivizsg\u00e1l\u00e1s. Ha a probl\u00e9ma h\u00e1ttere szakembereink szerint kell\u0151k\u00e9ppen felt\u00e1rhat\u00f3 az ambul\u00e1ns vizsg\u00e1latkor, akkor a diagn\u00f3zis-alkot\u00e1s m\u00e1r ekkor megt\u00f6rt\u00e9nik, \u00e9s javaslatot adunk arra, hogy a kezel\u00e9st hol \u00e9s milyen form\u00e1ban kaphatj\u00e1k meg a gyermekek. Ha az ambul\u00e1ns vizsg\u00e1lat sor\u00e1n diagnosztikus probl\u00e9ma mer\u00fcl fel, \u00e9s egy \u00e1tfog\u00f3bb kivizsg\u00e1l\u00e1sra van sz\u00fcks\u00e9g, akkor el\u0151jegyezz\u00fck a gyermeket oszt\u00e1lyos kivizsg\u00e1l\u00e1sra. Az oszt\u00e1lyos kivizsg\u00e1l\u00e1st vezet\u0151 orvos nem felt\u00e9tlen\u00fcl egyezik meg az ambul\u00e1ns vizsg\u00e1latot vezet\u0151 orvos szem\u00e9ly\u00e9vel.<\/p>\n<p style=\"text-align: justify\"><strong>Az Ambul\u00e1ns vizsg\u00e1latra k\u00e9rj\u00fck, hozz\u00e1k magukkal:<\/strong><br \/>\n\u2022 Beutal\u00f3 (h\u00e1ziorvos)<br \/>\n\u2022 TAJ k\u00e1rtya<br \/>\n\u2022 Lakc\u00edm k\u00e1rtya<br \/>\n\u2022 Kor\u00e1bbi szakv\u00e9lem\u00e9nyek (pl. nevel\u00e9si tan\u00e1csad\u00f3, Pedag\u00f3giai Szakszolg\u00e1lat; stb.)<br \/>\n\u2022\u00a0Pedag\u00f3giai v\u00e9lem\u00e9ny<\/p>\n<ul>\n<li><strong><a href=\"https:\/\/semmelweis.hu\/bokayklinika\/files\/2022\/10\/Pedagogiai-vel-ovodas-szempontrendszer.pdf\">Pedag\u00f3giai v\u00e9lem\u00e9ny &#8211; \u00f3vod\u00e1s<\/a><\/strong><\/li>\n<li><strong><a href=\"https:\/\/semmelweis.hu\/bokayklinika\/files\/2022\/10\/Pedagogiai-vel-iskolas-szempontrendszer.pdf\">Pedag\u00f3giai v\u00e9lem\u00e9ny &#8211; iskol\u00e1s<\/a><\/strong><\/li>\n<\/ul>\n<p style=\"text-align: justify\">\u2022 Sz\u00fcl\u0151i jellemz\u00e9s<\/p>\n<h4><a href=\"https:\/\/semmelweis.hu\/bokayklinika\/files\/2023\/02\/AMBULANCIA-Bokay-u.pdf\"><strong>Az ambulancia \u00e9p\u00fclet\u00e9nek bemutat\u00e1sa<\/strong><\/a><\/h4>\n","protected":false},"excerpt":{"rendered":"<p>Gyermekgy\u00f3gy\u00e1szati Klinika (B\u00f3kay utcai r\u00e9szleg) Gyermek- \u00e9s Ifj\u00fas\u00e1gpszichi\u00e1triai Szakambulancia\u00a0\u00a0 \u00a0 \u00a0 \u00a0 \u00a0 \u00a0 \u00a0 \u00a0 \u00a0 \u00a0 \u00a0 \u00a0 1083 Budapest, B\u00f3kay u. 53. III. emelet \u00e9s B\u00f3kay u. 54., fsz.\u00a0 Szakambulanci\u00e1nkon el\u0151jegyz\u00e9s alapj\u00e1n fogadjuk betegeinket. Telefon: 06-1-3343-186\/52785 vagy +36 20 825-2785 E-mail c\u00edm: <a href=\"mailto:gyerekpszichiatria@semmelweis.hu\">gyerekpszichiatria@semmelweis.hu<\/a> Id\u0151pontot h\u00e9tf\u0151t\u0151l-cs\u00fct\u00f6rt\u00f6kig 10:00-12:00 \u00f3ra k\u00f6z\u00f6tt k\u00e9rhetnek, a fenti telefonsz\u00e1mon, vagy &hellip;<\/p>\n","protected":false},"author":101739,"featured_media":0,"parent":94,"menu_order":10,"comment_status":"closed","ping_status":"closed","template":"","meta":{"_acf_changed":false,"footnotes":""},"categories":[],"tags":[],"class_list":["post-1568","page","type-page","status-publish","hentry"],"acf":[],"_links":{"self":[{"href":"https:\/\/semmelweis.hu\/bokayklinika\/wp-json\/wp\/v2\/pages\/1568","targetHints":{"allow":["GET"]}}],"collection":[{"href":"https:\/\/semmelweis.hu\/bokayklinika\/wp-json\/wp\/v2\/pages"}],"about":[{"href":"https:\/\/semmelweis.hu\/bokayklinika\/wp-json\/wp\/v2\/types\/page"}],"author":[{"embeddable":true,"href":"https:\/\/semmelweis.hu\/bokayklinika\/wp-json\/wp\/v2\/users\/101739"}],"replies":[{"embeddable":true,"href":"https:\/\/semmelweis.hu\/bokayklinika\/wp-json\/wp\/v2\/comments?post=1568"}],"version-history":[{"count":12,"href":"https:\/\/semmelweis.hu\/bokayklinika\/wp-json\/wp\/v2\/pages\/1568\/revisions"}],"predecessor-version":[{"id":6735,"href":"https:\/\/semmelweis.hu\/bokayklinika\/wp-json\/wp\/v2\/pages\/1568\/revisions\/6735"}],"up":[{"embeddable":true,"href":"https:\/\/semmelweis.hu\/bokayklinika\/wp-json\/wp\/v2\/pages\/94"}],"wp:attachment":[{"href":"https:\/\/semmelweis.hu\/bokayklinika\/wp-json\/wp\/v2\/media?parent=1568"}],"wp:term":[{"taxonomy":"category","embeddable":true,"href":"https:\/\/semmelweis.hu\/bokayklinika\/wp-json\/wp\/v2\/categories?post=1568"},{"taxonomy":"post_tag","embeddable":true,"href":"https:\/\/semmelweis.hu\/bokayklinika\/wp-json\/wp\/v2\/tags?post=1568"}],"curies":[{"name":"wp","href":"https:\/\/api.w.org\/{rel}","templated":true}]}}