{"id":1530,"date":"2020-09-02T15:14:54","date_gmt":"2020-09-02T13:14:54","guid":{"rendered":"https:\/\/semmelweis.hu\/gyermekklinika1\/?page_id=1530"},"modified":"2025-04-24T10:38:47","modified_gmt":"2025-04-24T08:38:47","slug":"arcrekonstrukcios-centrum-a-r-c","status":"publish","type":"page","link":"https:\/\/semmelweis.hu\/bokayklinika\/betegellatas\/jarobeteg-ellatas\/arcrekonstrukcios-centrum-a-r-c\/","title":{"rendered":"Arcrekonstrukci\u00f3s Centrum (A.R.C.)"},"content":{"rendered":"<div class=\"keretes\">\n<p style=\"text-align: justify\"><strong>Gyermekgy\u00f3gy\u00e1szati Klinika B\u00f3kay utcai r\u00e9szleg<br \/>\n<\/strong>1083 Budapest, B\u00f3kay J\u00e1nos u. 53-54.<\/p>\n<\/div>\n<p style=\"text-align: justify\">Seb\u00e9szeti ambulanci\u00e1nkon az ajak- \u00e9s vagy sz\u00e1jpadhasad\u00e9kkal, \u00e9s egy\u00e9b arcdeformit\u00e1ssal, vagy az \u00e1llcsontokat \u00e9rint\u0151 fejl\u0151d\u00e9si rendelleness\u00e9ggel sz\u00fcletett gyermekek ell\u00e1t\u00e1s\u00e1t, \u00e9s az elv\u00e1ltoz\u00e1sok diagnosztiz\u00e1l\u00e1s\u00e1t v\u00e9gezz\u00fck.<\/p>\n<p>&nbsp;<\/p>\n<p><strong>Orvosaink<\/strong><\/p>\n<table style=\"border-collapse: collapse;width: 100%\">\n<tbody>\n<tr>\n<td style=\"width: 32.9818%\">Dr. Farkas Zs\u00f3fia<\/td>\n<td style=\"width: 67.0182%\">arc-, \u00e1llcsont- \u00e9s sz\u00e1jseb\u00e9sz<\/td>\n<\/tr>\n<tr>\n<td style=\"width: 32.9818%\">Dr. Ilonczai Larisza<\/td>\n<td style=\"width: 67.0182%\">f\u00fcl-orr-g\u00e9ge szakorvos<\/td>\n<\/tr>\n<tr>\n<td style=\"width: 32.9818%\">Dr. M\u00e9sz\u00e1ros Bence<\/td>\n<td style=\"width: 67.0182%\">arc-, \u00e1llcsont- \u00e9s sz\u00e1jseb\u00e9sz<\/td>\n<\/tr>\n<tr>\n<td style=\"width: 32.9818%\">Dr. Nagy Kriszti\u00e1n<\/td>\n<td style=\"width: 67.0182%\">arc- \u00e9s \u00e1llcsontseb\u00e9sz, PhD, oszt\u00e1lyvezet\u0151 egyetemi docens<\/td>\n<\/tr>\n<tr>\n<td style=\"width: 32.9818%\">Dr. W\u00fcrsching Tam\u00e1s<\/td>\n<td style=\"width: 67.0182%\">arc-, \u00e1llcsont- \u00e9s sz\u00e1jseb\u00e9sz<\/td>\n<\/tr>\n<\/tbody>\n<\/table>\n<p>&nbsp;<\/p>\n<p><strong>EL\u00c9RHET\u0150S\u00c9GEINK<\/strong><\/p>\n<p style=\"text-align: center\"><strong>Arcrekonstrukci\u00f3s Centrum (A.R.C)<\/strong><\/p>\n<table style=\"border-collapse: collapse;width: 99.4172%\">\n<tbody>\n<tr>\n<td style=\"width: 34.0034%\">Rendel\u00e9s helye:<\/td>\n<td style=\"width: 68.3814%;text-align: center\"><strong>Gyermekgy\u00f3gy\u00e1szati Klinika B\u00f3kay utcai r\u00e9szleg (1083 Budapest, B\u00f3kay u. 53.)<\/strong><\/td>\n<\/tr>\n<tr>\n<td style=\"width: 34.0034%\" rowspan=\"2\">\n<p><a id=\"LPlnkOWA1b74950f-9602-eba1-4355-38f2e4f8279f\" class=\"OWAAutoLink elementToProof\" href=\"https:\/\/elojegyzes.meditime.hu\/14\" target=\"_blank\" rel=\"noopener\"><\/a>Id\u0151pontfoglal\u00e1s a r\u00e9szleghez tartoz\u00f3, vagy oda beutalt betegek r\u00e9sz\u00e9re:<\/p>\n<\/td>\n<td style=\"width: 68.3814%\">\n<p>&nbsp;<\/p>\n<p style=\"text-align: center\"><strong>H\u00c9TF\u0150-P\u00c9NTEK\u00a0<\/strong><\/p>\n<p style=\"text-align: center\"><strong>08:00 &#8211; 12:00\u00a0<\/strong><\/p>\n<\/td>\n<\/tr>\n<tr>\n<td style=\"width: 68.3814%;text-align: center\">\n<p>&nbsp;<\/p>\n<ul>\n<li style=\"text-align: left\"><span style=\"color: #000000\"><b>+36-20-670-1069<\/b><\/span><\/li>\n<li style=\"text-align: left\">online id\u0151pontfoglal\u00e1si rendszer\u00fcnk\u00f6n kereszt\u00fcl: <strong><a id=\"LPlnkOWA1b74950f-9602-eba1-4355-38f2e4f8279f\" class=\"OWAAutoLink elementToProof\" href=\"https:\/\/elojegyzes.meditime.hu\/14\" target=\"_blank\" rel=\"noopener\">https:\/\/elojegyzes.meditime.hu\/14<\/a><\/strong><\/li>\n<\/ul>\n<\/td>\n<\/tr>\n<\/tbody>\n<\/table>\n<p>&nbsp;<\/p>\n<p>&nbsp;<\/p>\n<p style=\"text-align: center\"><b>F\u00fcl-orr-g\u00e9g\u00e9szet<\/b><\/p>\n<table style=\"border-collapse: collapse;width: 98.9819%;height: 99px\">\n<tbody>\n<tr style=\"height: 33px\">\n<td style=\"width: 23.194%;height: 33px\">Rendel\u00e9s helye:<\/td>\n<td style=\"width: 44.7576%;text-align: center;height: 33px\"><strong>Gyermekgy\u00f3gy\u00e1szati Klinika B\u00f3kay utcai r\u00e9szleg (1083 Budapest, B\u00f3kay u. 53.)<\/strong><\/td>\n<\/tr>\n<tr style=\"height: 33px\">\n<td style=\"width: 23.194%;height: 66px\" rowspan=\"2\">\n<p>&nbsp;<\/p>\n<p>Id\u0151pontfoglal\u00e1s a r\u00e9szleghez tartoz\u00f3, vagy oda beutalt betegek r\u00e9sz\u00e9re:<\/p>\n<\/td>\n<td style=\"width: 44.7576%;height: 33px\">\n<p>&nbsp;<\/p>\n<p style=\"text-align: center\"><strong>H\u00c9TF\u0150-P\u00c9NTEK\u00a0<\/strong><\/p>\n<p style=\"text-align: center\"><strong>08:00 &#8211; 12:00<\/strong><\/p>\n<\/td>\n<\/tr>\n<tr style=\"height: 33px\">\n<td style=\"width: 44.7576%;height: 33px;text-align: center\">\n<p>&nbsp;<\/p>\n<ul>\n<li style=\"text-align: left\"><span style=\"color: #000000\"><b>+36-20-670-1069 vagy +36-1-334-3186\/52642<\/b><\/span><\/li>\n<li style=\"text-align: left\">online id\u0151pontfoglal\u00e1si rendszer\u00fcnk\u00f6n kereszt\u00fcl: <strong><a id=\"LPlnkOWA1b74950f-9602-eba1-4355-38f2e4f8279f\" class=\"OWAAutoLink elementToProof\" href=\"https:\/\/elojegyzes.meditime.hu\/14\" target=\"_blank\" rel=\"noopener\">https:\/\/elojegyzes.meditime.hu\/14<\/a><\/strong><\/li>\n<\/ul>\n<\/td>\n<\/tr>\n<\/tbody>\n<\/table>\n<p>&nbsp;<\/p>\n<div>\u00a0<\/div>\n<div>\n<div>\u00a0<\/div>\n<\/div>\n<p><strong>Tan\u00e1csad\u00e1s<\/strong><br \/>\nLogop\u00e9diai tan\u00e1csad\u00e1s ajak- \u00e9s sz\u00e1jpadhasad\u00e9kos gyerekek r\u00e9sz\u00e9re: Simonn\u00e9 Nagy Erzs\u00e9bet, Dvor\u00e1k Ildik\u00f3, Fin\u00e1czy Bernadett, Estef\u00e1n Lea<br \/>\nT\u00e1pl\u00e1l\u00e1si tan\u00e1csad\u00e1s ajak- \u00e9s sz\u00e1jpadhasad\u00e9kos bab\u00e1k r\u00e9sz\u00e9re: Bodroghelyi M\u00f3nika<br \/>\nFogszab\u00e1lyoz\u00e1si konz\u00edliumot a SE Gyermekfog\u00e1szati \u00e9s Fogszab\u00e1lyoz\u00e1si Klinika hasad\u00e9kos munkacsoportj\u00e1val tartunk, el\u0151zetes megbesz\u00e9l\u00e9s alapj\u00e1n<\/p>\n<p>&nbsp;<\/p>\n<p>&nbsp;<\/p>\n<p>&nbsp;<\/p>\n<p>&nbsp;<\/p>\n","protected":false},"excerpt":{"rendered":"<p>Gyermekgy\u00f3gy\u00e1szati Klinika B\u00f3kay utcai r\u00e9szleg 1083 Budapest, B\u00f3kay J\u00e1nos u. 53-54. Seb\u00e9szeti ambulanci\u00e1nkon az ajak- \u00e9s vagy sz\u00e1jpadhasad\u00e9kkal, \u00e9s egy\u00e9b arcdeformit\u00e1ssal, vagy az \u00e1llcsontokat \u00e9rint\u0151 fejl\u0151d\u00e9si rendelleness\u00e9ggel sz\u00fcletett gyermekek ell\u00e1t\u00e1s\u00e1t, \u00e9s az elv\u00e1ltoz\u00e1sok diagnosztiz\u00e1l\u00e1s\u00e1t v\u00e9gezz\u00fck. &nbsp; Orvosaink Dr. Farkas Zs\u00f3fia arc-, \u00e1llcsont- \u00e9s sz\u00e1jseb\u00e9sz Dr. Ilonczai Larisza f\u00fcl-orr-g\u00e9ge szakorvos Dr. M\u00e9sz\u00e1ros Bence arc-, \u00e1llcsont- \u00e9s &hellip;<\/p>\n","protected":false},"author":101739,"featured_media":0,"parent":94,"menu_order":3,"comment_status":"closed","ping_status":"closed","template":"","meta":{"_acf_changed":false,"footnotes":""},"categories":[],"tags":[],"class_list":["post-1530","page","type-page","status-publish","hentry"],"acf":[],"_links":{"self":[{"href":"https:\/\/semmelweis.hu\/bokayklinika\/wp-json\/wp\/v2\/pages\/1530","targetHints":{"allow":["GET"]}}],"collection":[{"href":"https:\/\/semmelweis.hu\/bokayklinika\/wp-json\/wp\/v2\/pages"}],"about":[{"href":"https:\/\/semmelweis.hu\/bokayklinika\/wp-json\/wp\/v2\/types\/page"}],"author":[{"embeddable":true,"href":"https:\/\/semmelweis.hu\/bokayklinika\/wp-json\/wp\/v2\/users\/101739"}],"replies":[{"embeddable":true,"href":"https:\/\/semmelweis.hu\/bokayklinika\/wp-json\/wp\/v2\/comments?post=1530"}],"version-history":[{"count":11,"href":"https:\/\/semmelweis.hu\/bokayklinika\/wp-json\/wp\/v2\/pages\/1530\/revisions"}],"predecessor-version":[{"id":7061,"href":"https:\/\/semmelweis.hu\/bokayklinika\/wp-json\/wp\/v2\/pages\/1530\/revisions\/7061"}],"up":[{"embeddable":true,"href":"https:\/\/semmelweis.hu\/bokayklinika\/wp-json\/wp\/v2\/pages\/94"}],"wp:attachment":[{"href":"https:\/\/semmelweis.hu\/bokayklinika\/wp-json\/wp\/v2\/media?parent=1530"}],"wp:term":[{"taxonomy":"category","embeddable":true,"href":"https:\/\/semmelweis.hu\/bokayklinika\/wp-json\/wp\/v2\/categories?post=1530"},{"taxonomy":"post_tag","embeddable":true,"href":"https:\/\/semmelweis.hu\/bokayklinika\/wp-json\/wp\/v2\/tags?post=1530"}],"curies":[{"name":"wp","href":"https:\/\/api.w.org\/{rel}","templated":true}]}}