{"id":1491,"date":"2020-08-31T14:45:02","date_gmt":"2020-08-31T12:45:02","guid":{"rendered":"https:\/\/semmelweis.hu\/gyermekklinika1\/?page_id=1491"},"modified":"2025-04-14T09:23:47","modified_gmt":"2025-04-14T07:23:47","slug":"diabetologia-endokrinologia-obezitologia","status":"publish","type":"page","link":"https:\/\/semmelweis.hu\/bokayklinika\/betegellatas\/jarobeteg-ellatas\/diabetologia-endokrinologia-obezitologia\/","title":{"rendered":"Diabetol\u00f3gia"},"content":{"rendered":"<div class=\"keretes\">Gyermekgy\u00f3gy\u00e1szati Klinika (B\u00f3kay utcai r\u00e9szleg) <strong>Diabetol\u00f3giai Ambulancia\u00a0<\/strong> \u00a0 \u00a01083 Budapest, B\u00f3kay u. 54., fszt. 3. <br \/>\nTelefon: 06-1-3343-186<\/div>\n<h4><strong>Hogyan k\u00e9rjen el\u0151jegyz\u00e9si id\u0151pontot?<\/strong><\/h4>\n<p style=\"text-align: justify\"><strong>El\u0151jegyz\u00e9st k\u00e9rhetnek az al\u00e1bbi telefonsz\u00e1mon:<\/strong> 06-1-3343-186 vagy online id\u0151pontfoglal\u00e1si rendszer\u00fcnk\u00f6n kereszt\u00fcl: <a id=\"LPlnkOWA1b74950f-9602-eba1-4355-38f2e4f8279f\" class=\"OWAAutoLink elementToProof\" href=\"https:\/\/elojegyzes.meditime.hu\/14\" target=\"_blank\" rel=\"noopener\">https:\/\/elojegyzes.meditime.hu\/14<\/a><\/p>\n<p style=\"text-align: justify\">Id\u0151pont\u00e9rt k\u00e9rj\u00fck annak az orvosnak a mell\u00e9k\u00e9t h\u00edvni, akihez a beutal\u00f3 sz\u00f3l. (Kiv\u00e9ve akut eseteket.)<\/p>\n<p>Beutal\u00f3 \u00faj betegek \u00e9s 6 h\u00f3napn\u00e1l r\u00e9gebben itt j\u00e1rt p\u00e1ciensek sz\u00e1m\u00e1ra k\u00f6telez\u0151.<\/p>\n<p><strong>Ambul\u00e1ns rendel\u00e9si inform\u00e1ci\u00f3k:<\/strong><\/p>\n<table style=\"width: 82.9091%;height: 336px\" border=\"1\" width=\"100%;\" cellspacing=\"0\" cellpadding=\"10\" align=\"center\">\n<tbody>\n<tr style=\"height: 51px\">\n<td style=\"width: 11.8877%;text-align: center;height: 51px\">Rendel\u00e9s napja<\/td>\n<td style=\"width: 42.7656%;text-align: center;height: 51px\">Rendel\u0151 orvos neve<\/td>\n<td style=\"width: 15.2455%;text-align: center;height: 51px\">Rendel\u00e9si id\u0151<\/td>\n<td style=\"width: 12.265%;text-align: center;height: 51px\">Telefon mell\u00e9k<\/td>\n<\/tr>\n<tr style=\"height: 51px\">\n<td style=\"width: 11.8877%;height: 51px\"><strong>H\u00c9TF\u0150<\/strong><\/td>\n<td style=\"width: 42.7656%;height: 51px\">Dr. Luczay Andrea<\/td>\n<td style=\"width: 15.2455%;text-align: center;height: 51px\">09:00 -14:00<\/td>\n<td style=\"width: 12.265%;text-align: center;height: 285px\" rowspan=\"6\"><strong>52632<\/strong><\/td>\n<\/tr>\n<tr style=\"height: 51px\">\n<td style=\"width: 11.8877%;height: 51px\"><strong>KEDD<\/strong><\/td>\n<td style=\"width: 42.7656%;height: 51px\">Dr. T\u00f3th-Heyn P\u00e9ter<\/td>\n<td style=\"width: 15.2455%;text-align: center;height: 51px\">09:00 -14:00<\/td>\n<\/tr>\n<tr style=\"height: 81px\">\n<td style=\"width: 11.8877%;height: 81px\" rowspan=\"2\"><strong>SZERDA<\/strong><br \/>\n<strong><br \/>\n<\/strong><\/td>\n<td style=\"width: 42.7656%;height: 81px\">Dr. T\u00f3th-Heyn P\u00e9ter (minden h\u00f3nap 1-3. szerda)<\/td>\n<td style=\"width: 15.2455%;text-align: center;height: 81px\" rowspan=\"2\">09:00 -14:00<\/p>\n<\/td>\n<\/tr>\n<tr>\n<td style=\"width: 42.7656%\">\n<p>Dr. Luczay Andrea (minden h\u00f3nap 2-4. szerda)<\/p>\n<\/td>\n<\/tr>\n<tr style=\"height: 51px\">\n<td style=\"width: 11.8877%;height: 51px\"><strong>CS\u00dcT\u00d6RT\u00d6K<\/strong><\/td>\n<td style=\"width: 42.7656%;height: 51px\">Dr. Luczay Andrea<\/td>\n<td style=\"width: 15.2455%;text-align: center;height: 51px\">09:00 -14:00<\/td>\n<\/tr>\n<tr style=\"height: 51px\">\n<td style=\"width: 11.8877%;height: 51px\"><strong>P\u00c9NTEK<\/strong><\/td>\n<td style=\"width: 42.7656%;height: 51px\">Dr. T\u00f3th-Heyn P\u00e9ter<\/td>\n<td style=\"width: 15.2455%;text-align: center;height: 51px\">09:00 -14:00<\/td>\n<\/tr>\n<\/tbody>\n<\/table>\n","protected":false},"excerpt":{"rendered":"<p>Gyermekgy\u00f3gy\u00e1szati Klinika (B\u00f3kay utcai r\u00e9szleg) Diabetol\u00f3giai Ambulancia\u00a0 \u00a0 \u00a01083 Budapest, B\u00f3kay u. 54., fszt. 3. Telefon: 06-1-3343-186 Hogyan k\u00e9rjen el\u0151jegyz\u00e9si id\u0151pontot? El\u0151jegyz\u00e9st k\u00e9rhetnek az al\u00e1bbi telefonsz\u00e1mon: 06-1-3343-186 vagy online id\u0151pontfoglal\u00e1si rendszer\u00fcnk\u00f6n kereszt\u00fcl: <a id=\"LPlnkOWA1b74950f-9602-eba1-4355-38f2e4f8279f\" class=\"OWAAutoLink elementToProof\" href=\"https:\/\/elojegyzes.meditime.hu\/14\" target=\"_blank\" rel=\"noopener\">https:\/\/elojegyzes.meditime.hu\/14<\/a> Id\u0151pont\u00e9rt k\u00e9rj\u00fck annak az orvosnak a mell\u00e9k\u00e9t h\u00edvni, akihez a beutal\u00f3 sz\u00f3l. (Kiv\u00e9ve akut eseteket.) Beutal\u00f3 \u00faj betegek \u00e9s 6 h\u00f3napn\u00e1l r\u00e9gebben itt &hellip;<\/p>\n","protected":false},"author":101739,"featured_media":0,"parent":94,"menu_order":5,"comment_status":"closed","ping_status":"closed","template":"","meta":{"_acf_changed":false,"footnotes":""},"categories":[],"tags":[],"class_list":["post-1491","page","type-page","status-publish","hentry"],"acf":[],"_links":{"self":[{"href":"https:\/\/semmelweis.hu\/bokayklinika\/wp-json\/wp\/v2\/pages\/1491","targetHints":{"allow":["GET"]}}],"collection":[{"href":"https:\/\/semmelweis.hu\/bokayklinika\/wp-json\/wp\/v2\/pages"}],"about":[{"href":"https:\/\/semmelweis.hu\/bokayklinika\/wp-json\/wp\/v2\/types\/page"}],"author":[{"embeddable":true,"href":"https:\/\/semmelweis.hu\/bokayklinika\/wp-json\/wp\/v2\/users\/101739"}],"replies":[{"embeddable":true,"href":"https:\/\/semmelweis.hu\/bokayklinika\/wp-json\/wp\/v2\/comments?post=1491"}],"version-history":[{"count":12,"href":"https:\/\/semmelweis.hu\/bokayklinika\/wp-json\/wp\/v2\/pages\/1491\/revisions"}],"predecessor-version":[{"id":7043,"href":"https:\/\/semmelweis.hu\/bokayklinika\/wp-json\/wp\/v2\/pages\/1491\/revisions\/7043"}],"up":[{"embeddable":true,"href":"https:\/\/semmelweis.hu\/bokayklinika\/wp-json\/wp\/v2\/pages\/94"}],"wp:attachment":[{"href":"https:\/\/semmelweis.hu\/bokayklinika\/wp-json\/wp\/v2\/media?parent=1491"}],"wp:term":[{"taxonomy":"category","embeddable":true,"href":"https:\/\/semmelweis.hu\/bokayklinika\/wp-json\/wp\/v2\/categories?post=1491"},{"taxonomy":"post_tag","embeddable":true,"href":"https:\/\/semmelweis.hu\/bokayklinika\/wp-json\/wp\/v2\/tags?post=1491"}],"curies":[{"name":"wp","href":"https:\/\/api.w.org\/{rel}","templated":true}]}}

Diabetológia

<div class="keretes">Gyermekgyógyászati Klinika (Bókay utcai részleg) <strong>Diabetológiai Ambulancia </strong>    1083 Budapest, Bókay u. 54., fszt. 3. <br />
Telefon: 06-1-3343-186</div>
<h4><strong>Hogyan kérjen előjegyzési időpontot?</strong></h4>
<p style="text-align: justify"><strong>Előjegyzést kérhetnek az alábbi telefonszámon:</strong> 06-1-3343-186 vagy online időpontfoglalási rendszerünkön keresztül: <a id="LPlnkOWA1b74950f-9602-eba1-4355-38f2e4f8279f" class="OWAAutoLink elementToProof" href="https://elojegyzes.meditime.hu/14" target="_blank" rel="noopener">https://elojegyzes.meditime.hu/14</a></p>
<p style="text-align: justify">Időpontért kérjük annak az orvosnak a mellékét hívni, akihez a beutaló szól. (Kivéve akut eseteket.)</p>
<p>Beutaló új betegek és 6 hónapnál régebben itt járt páciensek számára kötelező.</p>
<p><strong>Ambuláns rendelési információk:</strong></p>
<table style="width: 82.9091%;height: 336px" border="1" width="100%;" cellspacing="0" cellpadding="10" align="center">
<tbody>
<tr style="height: 51px">
<td style="width: 11.8877%;text-align: center;height: 51px">Rendelés napja</td>
<td style="width: 42.7656%;text-align: center;height: 51px">Rendelő orvos neve</td>
<td style="width: 15.2455%;text-align: center;height: 51px">Rendelési idő</td>
<td style="width: 12.265%;text-align: center;height: 51px">Telefon mellék</td>
</tr>
<tr style="height: 51px">
<td style="width: 11.8877%;height: 51px"><strong>HÉTFŐ</strong></td>
<td style="width: 42.7656%;height: 51px">Dr. Luczay Andrea</td>
<td style="width: 15.2455%;text-align: center;height: 51px">09:00 -14:00</td>
<td style="width: 12.265%;text-align: center;height: 285px" rowspan="6"><strong>52632</strong></td>
</tr>
<tr style="height: 51px">
<td style="width: 11.8877%;height: 51px"><strong>KEDD</strong></td>
<td style="width: 42.7656%;height: 51px">Dr. Tóth-Heyn Péter</td>
<td style="width: 15.2455%;text-align: center;height: 51px">09:00 -14:00</td>
</tr>
<tr style="height: 81px">
<td style="width: 11.8877%;height: 81px" rowspan="2"><strong>SZERDA</strong><br />
<strong><br />
</strong></td>
<td style="width: 42.7656%;height: 81px">Dr. Tóth-Heyn Péter (minden hónap 1-3. szerda)</td>
<td style="width: 15.2455%;text-align: center;height: 81px" rowspan="2">09:00 -14:00</p>
</td>
</tr>
<tr>
<td style="width: 42.7656%">
<p>Dr. Luczay Andrea (minden hónap 2-4. szerda)</p>
</td>
</tr>
<tr style="height: 51px">
<td style="width: 11.8877%;height: 51px"><strong>CSÜTÖRTÖK</strong></td>
<td style="width: 42.7656%;height: 51px">Dr. Luczay Andrea</td>
<td style="width: 15.2455%;text-align: center;height: 51px">09:00 -14:00</td>
</tr>
<tr style="height: 51px">
<td style="width: 11.8877%;height: 51px"><strong>PÉNTEK</strong></td>
<td style="width: 42.7656%;height: 51px">Dr. Tóth-Heyn Péter</td>
<td style="width: 15.2455%;text-align: center;height: 51px">09:00 -14:00</td>
</tr>
</tbody>
</table>

<p>Gyermekgyógyászati Klinika (Bókay utcai részleg) Diabetológiai Ambulancia     1083 Budapest, Bókay u. 54., fszt. 3. Telefon: 06-1-3343-186 Hogyan kérjen előjegyzési időpontot? Előjegyzést kérhetnek az alábbi telefonszámon: 06-1-3343-186 vagy online időpontfoglalási rendszerünkön keresztül: <a id="LPlnkOWA1b74950f-9602-eba1-4355-38f2e4f8279f" class="OWAAutoLink elementToProof" href="https://elojegyzes.meditime.hu/14" target="_blank" rel="noopener">https://elojegyzes.meditime.hu/14</a> Időpontért kérjük annak az orvosnak a mellékét hívni, akihez a beutaló szól. (Kivéve akut eseteket.) Beutaló új betegek és 6 hónapnál régebben itt &hellip;</p>
