{"id":1468,"date":"2020-08-17T10:19:22","date_gmt":"2020-08-17T08:19:22","guid":{"rendered":"https:\/\/semmelweis.hu\/gyermekklinika1\/?page_id=1468"},"modified":"2025-11-12T18:36:57","modified_gmt":"2025-11-12T17:36:57","slug":"allergologia-pulmonologia","status":"publish","type":"page","link":"https:\/\/semmelweis.hu\/bokayklinika\/betegellatas\/jarobeteg-ellatas\/allergologia-pulmonologia\/","title":{"rendered":"Allergol\u00f3gia"},"content":{"rendered":"<div class=\"keretes\">1083 Budapest B\u00f3kay u 53. \u00e9p\u00fclet II. emelet<br \/>\nTelefon: 06-1-334-3186\/52666 mell\u00e9k<\/p>\n<p>1083 Budapest, B\u00f3kay u. 54., fszt.<br \/>\nTelefon: 06-1-334-3186\/52655<\/p>\n<p><span style=\"font-size: 1rem\"><span style=\"font-size: 1rem\">Email <span style=\"font-size: 1rem\">el\u00e9rhet\u0151s\u00e9g Dr. Balogh \u00c1d\u00e1m allergol\u00f3gia rendel\u00e9s\u00e9hez<\/span><\/span><\/span><span style=\"font-size: 1rem\">: <a href=\"mailto:allergia.bokay@semmelweis.hu\" target=\"_blank\" rel=\"noopener\">allergia.bokay@semmelweis.hu\u00a0 \u00a0 \u00a0<\/a> \u00a0 \u00a0 \u00a0 \u00a0 \u00a0 \u00a0 \u00a0<\/span><\/div>\n<p><strong>Ambul\u00e1ns rendel\u00e9si rend:<\/strong><br \/>\nGyermekgy\u00f3gy\u00e1szati Klinika B\u00f3kay utcai r\u00e9szleg<br \/>\n1083 Budapest, B\u00f3kay u. 54., fszt.<br \/>\nTelefon: 06-1-3343-186\/52655<\/p>\n<div>El\u0151zetes id\u0151pontegyeztet\u00e9s \u00e9s beutal\u00f3 sz\u00fcks\u00e9ges \u00faj betegek \u00e9s 6 h\u00f3napn\u00e1l r\u00e9gebben itt j\u00e1rt p\u00e1ciensek sz\u00e1m\u00e1ra.<\/div>\n<div>Az id\u0151pont t\u00e1j\u00e9koztat\u00f3 jelleg\u0171.<\/div>\n<div>\n<div dir=\"ltr\">\n<div>A foglalt id\u0151ponthoz k\u00e9pest cs\u00fasz\u00e1s el\u0151fordulhat a orvosi rendel\u00e9s egy\u00e9nre szabott saj\u00e1toss\u00e1gai miatt, tov\u00e1bb\u00e1 a betegek k\u00e9s\u00e9se miatt is.<\/div>\n<\/div>\n<\/div>\n<div>\u00a0<\/div>\n<div>\n<div dir=\"ltr\">\n<div>El\u0151jegyz\u00e9s, id\u0151pont egyeztet\u00e9s: h\u00e9tf\u0151t\u0151l cs\u00fct\u00f6rt\u00f6kig 14:30-15:30 k\u00f6z\u00f6tt az al\u00e1bbi telefonsz\u00e1mon: 06\/20-663-2838<\/div>\n<div>\u00a0<\/div>\n<div>\n<table style=\"border-collapse: collapse;width: 73.2364%\">\n<tbody>\n<tr>\n<td style=\"width: 19.7333%\" rowspan=\"4\">Dr. Balogh \u00c1d\u00e1m<\/td>\n<td style=\"width: 22.9333%\">H\u00c9TF\u0150<\/td>\n<td style=\"width: 30.5697%;text-align: center\">09:00-14:30<\/td>\n<\/tr>\n<tr>\n<td style=\"width: 22.9333%\">SZERDA<\/td>\n<td style=\"width: 30.5697%;text-align: center\">09:00-14:30<\/td>\n<\/tr>\n<tr>\n<td style=\"width: 22.9333%\">CS\u00dcT\u00d6RT\u00d6K<\/td>\n<td style=\"width: 30.5697%;text-align: center\">09:00-14:30<\/td>\n<\/tr>\n<tr>\n<td style=\"width: 22.9333%\">P\u00c9NTEK<\/td>\n<td style=\"width: 30.5697%;text-align: center\">09:00-14:30<\/td>\n<\/tr>\n<\/tbody>\n<\/table>\n<\/div>\n<\/div>\n<\/div>\n<div dir=\"ltr\">\n<div>\u00a0<\/div>\n<\/div>\n<div dir=\"ltr\">\n<div><strong style=\"color: #313b40;font-family: Montserrat, sans-serif;font-size: 22px;text-transform: uppercase\">A szakrendel\u00e9s asszisztensei:<\/strong><\/div>\n<\/div>\n<ul>\n<li>Boldizs\u00e1r \u00c1gnes<\/li>\n<li>Csernus P\u00e1ln\u00e9<\/li>\n<li>Juh\u00e1szn\u00e9 S\u00e1rk\u00f6zi \u00c1gota<\/li>\n<\/ul>\n<p>Gyermek allergol\u00f3giai szakrendel\u00e9s\u00fcnk munkanapokon 09:00-15:00 \u00f3ra k\u00f6z\u00f6tt l\u00e1tja el a gyermekeket. Telefonos el\u0151jegyz\u00e9ssel dolgozunk.<\/p>\n<p>Az akut rosszull\u00e9ttel jelentkez\u0151 betegeinket \u00e9jjel-nappal\u00a0 a S\u00fcrg\u0151ss\u00e9gi Oszt\u00e1ly l\u00e1tja el, v\u00e9gzi el a sz\u00fcks\u00e9ges vizsg\u00e1latot, sz\u00fcks\u00e9g eset\u00e9n az allergol\u00f3giai v\u00e9lem\u00e9nyt\u0151l \u00e9s a beteg\u00a0 \u00e1llapott\u00f3l f\u00fcgg\u0151en felv\u00e9telre ker\u00fclhet a beteg.<\/p>\n<h4><strong>A szakrendel\u00e9sen a k\u00f6vetkez\u0151 betegs\u00e9gek vizsg\u00e1lat\u00e1val foglalkozunk:<\/strong><\/h4>\n<ul>\n<li>\u00c9tel allergi\u00e1k kivizsg\u00e1l\u00e1sa \u00e9s kezel\u00e9se<\/li>\n<li>Anafilaxia kivizsg\u00e1l\u00e1s, prevenci\u00f3 lehet\u0151s\u00e9gei, kezel\u00e9s<\/li>\n<li>Allergi\u00e1s b\u0151rbetegs\u00e9gek kivizsg\u00e1l\u00e1sa \u00e9s kezel\u00e9se<\/li>\n<li>Kr\u00f3nikus csal\u00e1nki\u00fct\u00e9sek<\/li>\n<li>Ekc\u00e9ma\u00a0\u00a0\u00a0\u00a0\u00a0<\/li>\n<li>M\u00e9h-dar\u00e1zsm\u00e9reg allergia kivizsg\u00e1l\u00e1sa \u00e9s kezel\u00e9se, immunter\u00e1pi\u00e1ja<\/li>\n<li>Gy\u00f3gyszer allergia<\/li>\n<li>\u00c9tel \u00e9s gy\u00f3gyszer provok\u00e1ci\u00f3k (terhel\u00e9sek)<\/li>\n<li>Allergi\u00e1s n\u00e1tha kivizsg\u00e1l\u00e1sa, gy\u00f3gyszeres \u00e9s immunter\u00e1pi\u00e1s kezel\u00e9se \u00e9s gondoz\u00e1sa<\/li>\n<li>Egy\u00e9b allergi\u00e1s l\u00e9g\u00fati betegs\u00e9gek (pl.: Asthma bronchiale) immunter\u00e1pi\u00e1s kezel\u00e9se<\/li>\n<\/ul>\n<h4><strong>Rendelkez\u00e9sre \u00e1ll\u00f3 szakm\u00e1k:<\/strong><\/h4>\n<ul>\n<li>allergol\u00f3gus-\u00e9s klinikai immunol\u00f3gus szakorvosok<\/li>\n<li>gyermekt\u00fcd\u0151gy\u00f3gy\u00e1sz szakorvosok<\/li>\n<li>gyermek f\u00fcl-orr-g\u00e9g\u00e9sz szakorvosok<\/li>\n<li>asthma n\u0151v\u00e9rek<\/li>\n<li>l\u00e9gz\u00e9sfunkci\u00f3s szakasszisztensek<\/li>\n<\/ul>\n<h4><strong>Rendelkez\u00e9sre \u00e1ll\u00f3 vizsg\u00e1l\u00f3 elj\u00e1r\u00e1sok, lehet\u0151s\u00e9gek:<\/strong><\/h4>\n<ul>\n<li>allergia b\u0151rtesztek<\/li>\n<li>Prick teszt (l\u00e9g\u00fati-, \u00e9tel-, rovar allerg\u00e9nekkel, valamint bizonyos esetekben gy\u00f3gyszerekkel)<\/li>\n<li>Intracutan tesztek rovarm\u00e9reggel<\/li>\n<li>\u00e9tel, gy\u00f3gyszer provok\u00e1ci\u00f3<\/li>\n<li>\u00e1ltal\u00e1nos labor vizsg\u00e1latok<\/li>\n<li>immunglobulinok<\/li>\n<li>sz\u00e9rum \u00f6ssz-IgE<\/li>\n<li>specifikus- IgE l\u00e9g\u00fati \u00e9s \u00e9tel panel<\/li>\n<li>komponens alap\u00fa specifikus IgE vizsg\u00e1latok v\u00e1logatott esetekben (rovarm\u00e9reg, bizonyos \u00e9telek)<\/li>\n<li>bazofiol aktiv\u00e1ci\u00f3s teszt<\/li>\n<li>lymphocyta transform\u00e1ci\u00f3s teszt<\/li>\n<li>l\u00e9gz\u00e9sfuncik\u00f3- spirometria (\u00f6t \u00e9v feletti k\u00f6zrem\u0171k\u00f6d\u0151 gyermekekn\u00e9l)<\/li>\n<li><span style=\"font-size: 1rem\">reverzibilit\u00e1s teszt<\/span><\/li>\n<li>r\u00f6ntgen<\/li>\n<li>ultrahang<\/li>\n<\/ul>\n<h4><strong>A szakrendel\u00e9sen leggyakrabban kezelt betegs\u00e9gek:<\/strong><\/h4>\n<ul>\n<li>\u00e9telallergia<\/li>\n<li>allergi\u00e1s n\u00e1tha<\/li>\n<li>rovarm\u00e9reg allergia<\/li>\n<li>anafilaxia<\/li>\n<li>at\u00f3pi\u00e1s dermatitis<\/li>\n<li>egy\u00e9b b\u0151rellergi\u00e1k, csal\u00e1nki\u00fct\u00e9sek<\/li>\n<\/ul>\n","protected":false},"excerpt":{"rendered":"<p>1083 Budapest B\u00f3kay u 53. \u00e9p\u00fclet II. emelet Telefon: 06-1-334-3186\/52666 mell\u00e9k 1083 Budapest, B\u00f3kay u. 54., fszt. Telefon: 06-1-334-3186\/52655 Email el\u00e9rhet\u0151s\u00e9g Dr. Balogh \u00c1d\u00e1m allergol\u00f3gia rendel\u00e9s\u00e9hez: <a href=\"mailto:allergia.bokay@semmelweis.hu\" target=\"_blank\" rel=\"noopener\">allergia.bokay@semmelweis.hu\u00a0 \u00a0 \u00a0<\/a> \u00a0 \u00a0 \u00a0 \u00a0 \u00a0 \u00a0 \u00a0 Ambul\u00e1ns rendel\u00e9si rend: Gyermekgy\u00f3gy\u00e1szati Klinika B\u00f3kay utcai r\u00e9szleg 1083 Budapest, B\u00f3kay u. 54., fszt. Telefon: 06-1-3343-186\/52655 El\u0151zetes id\u0151pontegyeztet\u00e9s \u00e9s beutal\u00f3 sz\u00fcks\u00e9ges \u00faj &hellip;<\/p>\n","protected":false},"author":101739,"featured_media":0,"parent":94,"menu_order":1,"comment_status":"closed","ping_status":"closed","template":"","meta":{"_acf_changed":false,"footnotes":""},"categories":[],"tags":[],"class_list":["post-1468","page","type-page","status-publish","hentry"],"acf":[],"_links":{"self":[{"href":"https:\/\/semmelweis.hu\/bokayklinika\/wp-json\/wp\/v2\/pages\/1468","targetHints":{"allow":["GET"]}}],"collection":[{"href":"https:\/\/semmelweis.hu\/bokayklinika\/wp-json\/wp\/v2\/pages"}],"about":[{"href":"https:\/\/semmelweis.hu\/bokayklinika\/wp-json\/wp\/v2\/types\/page"}],"author":[{"embeddable":true,"href":"https:\/\/semmelweis.hu\/bokayklinika\/wp-json\/wp\/v2\/users\/101739"}],"replies":[{"embeddable":true,"href":"https:\/\/semmelweis.hu\/bokayklinika\/wp-json\/wp\/v2\/comments?post=1468"}],"version-history":[{"count":13,"href":"https:\/\/semmelweis.hu\/bokayklinika\/wp-json\/wp\/v2\/pages\/1468\/revisions"}],"predecessor-version":[{"id":7631,"href":"https:\/\/semmelweis.hu\/bokayklinika\/wp-json\/wp\/v2\/pages\/1468\/revisions\/7631"}],"up":[{"embeddable":true,"href":"https:\/\/semmelweis.hu\/bokayklinika\/wp-json\/wp\/v2\/pages\/94"}],"wp:attachment":[{"href":"https:\/\/semmelweis.hu\/bokayklinika\/wp-json\/wp\/v2\/media?parent=1468"}],"wp:term":[{"taxonomy":"category","embeddable":true,"href":"https:\/\/semmelweis.hu\/bokayklinika\/wp-json\/wp\/v2\/categories?post=1468"},{"taxonomy":"post_tag","embeddable":true,"href":"https:\/\/semmelweis.hu\/bokayklinika\/wp-json\/wp\/v2\/tags?post=1468"}],"curies":[{"name":"wp","href":"https:\/\/api.w.org\/{rel}","templated":true}]}}