{"id":1463,"date":"2020-08-13T10:13:14","date_gmt":"2020-08-13T08:13:14","guid":{"rendered":"https:\/\/semmelweis.hu\/gyermekklinika1\/?page_id=1463"},"modified":"2023-11-13T12:18:25","modified_gmt":"2023-11-13T11:18:25","slug":"introduction","status":"publish","type":"page","link":"https:\/\/semmelweis.hu\/bokayklinika\/introduction\/","title":{"rendered":"Introduction"},"content":{"rendered":"<div class=\"lead\" style=\"text-align: justify\">\n<figure id=\"attachment_1423\" aria-describedby=\"caption-attachment-1423\" style=\"width: 400px\" class=\"wp-caption alignright\"><a href=\"https:\/\/semmelweis.hu\/bokayklinika\/files\/2020\/07\/RS71932_IMG_7459-scaled.jpg\"><img loading=\"lazy\" decoding=\"async\" class=\"wp-image-1423 size-medium\" src=\"https:\/\/semmelweis.hu\/bokayklinika\/files\/2020\/07\/RS71932_IMG_7459-400x267.jpg\" alt=\"\" width=\"400\" height=\"267\" srcset=\"https:\/\/semmelweis.hu\/bokayklinika\/files\/2020\/07\/RS71932_IMG_7459-400x267.jpg 400w, https:\/\/semmelweis.hu\/bokayklinika\/files\/2020\/07\/RS71932_IMG_7459-1024x683.jpg 1024w, https:\/\/semmelweis.hu\/bokayklinika\/files\/2020\/07\/RS71932_IMG_7459-768x512.jpg 768w, https:\/\/semmelweis.hu\/bokayklinika\/files\/2020\/07\/RS71932_IMG_7459-1536x1024.jpg 1536w, https:\/\/semmelweis.hu\/bokayklinika\/files\/2020\/07\/RS71932_IMG_7459-2048x1365.jpg 2048w, https:\/\/semmelweis.hu\/bokayklinika\/files\/2020\/07\/RS71932_IMG_7459-753x502.jpg 753w, https:\/\/semmelweis.hu\/bokayklinika\/files\/2020\/07\/RS71932_IMG_7459-203x135.jpg 203w\" sizes=\"auto, (max-width: 400px) 100vw, 400px\" \/><\/a><figcaption id=\"caption-attachment-1423\" class=\"wp-caption-text\">Prof. Dr. Szab\u00f3 Attila, Igazgat\u00f3<\/figcaption><\/figure><br \/>\nThe B\u00f3kay Street Department, Pediatric Centre, Semmelweis University looks back on a 181 years old history. It is lead by the department head Dr. Attila Szab\u00f3 since October 2013. Currently, five buildings belong to the department at 53-54. B\u00f3kay J\u00e1nos Street, Budapest.<\/div>\n<h2>Health Care<\/h2>\n<p style=\"text-align: justify\">Our university hospital operates with <strong>160 inpatient beds<\/strong> and provides quality care for children in the following highly specialized (tertiary) services: renal diseases, diabetes mellitus, epilepsy and headache, liver and gastrointestinal disorders, obstructive pulmonary diseases, immune disorders, mental illnesses, neonatal developmental\u00a0 disorders requiring surgical care, neonatal, infant and pediatric surgical and urologic diseases, low birth weight and premature newborns requiring mechanical ventilation, and heart conditions. In addition, we take care of pediatric patients having disorders other than listed above.<\/p>\n\r\n        [slb_exclude]\r\n        <div class=\"row galeria-wrapper mx-0 h-auto\">\r\n            <div class=\"col-9 pl-0 pr-2\">\r\n            <span class=\"gallery-item frame\">\r\n\t\t\t\t<div class=\"galeria-left-img\"><a href=\"https:\/\/semmelweis.hu\/bokayklinika\/files\/2020\/06\/RS48271_KA-20160504-IMG_9993-scr.jpg\"><img src=https:\/\/semmelweis.hu\/bokayklinika\/files\/2020\/06\/RS48271_KA-20160504-IMG_9993-scr.jpg  \r\n                            alt=\"\" \r\n                            class=\"attachment-sote-gallery-big size-sote-gallery-big\" \r\n                            srcset=\"https:\/\/semmelweis.hu\/bokayklinika\/files\/2020\/06\/RS48271_KA-20160504-IMG_9993-scr-400x267.jpg 400w, https:\/\/semmelweis.hu\/bokayklinika\/files\/2020\/06\/RS48271_KA-20160504-IMG_9993-scr-768x512.jpg 768w, https:\/\/semmelweis.hu\/bokayklinika\/files\/2020\/06\/RS48271_KA-20160504-IMG_9993-scr-753x502.jpg 753w, https:\/\/semmelweis.hu\/bokayklinika\/files\/2020\/06\/RS48271_KA-20160504-IMG_9993-scr-203x135.jpg 203w, https:\/\/semmelweis.hu\/bokayklinika\/files\/2020\/06\/RS48271_KA-20160504-IMG_9993-scr.jpg 950w\" ><\/a><\/div>\r\n            <\/span>\r\n\r\n            <\/div>\r\n\r\n\t\t\t<div class=\"col-3 pl-0 pr-0\">\r\n\t\t\t\t<div class=\"galeria-right-img d-flex justify-content-between flex-column h-100 w-100 px-0 mx-0 \">\r\n                <div class=\"galeria-box\">\r\n\t\t\t\t\t<h3 class=\"galeria-title\">Gal\u00e9ria<\/h3>\r\n\t\t\t\t\t<div class=\"galeria-subtitle\">\r\n\r\n\t\t\t\t\t\t<div class=\"galeria-page-counter\"><span>17<\/span>k\u00e9p<\/div>\r\n                    <\/div> <\/div>\r\n                    <span class=\"gallery-item frame d-none d-md-flex\">\r\n\t\t\t\t\t<div class=\"galeria-small-img mt-0\"><a href=\"https:\/\/semmelweis.hu\/bokayklinika\/files\/2022\/09\/RS48222_KA-20160504-IMG_0339-scr.jpg\"><img src=https:\/\/semmelweis.hu\/bokayklinika\/files\/2022\/09\/RS48222_KA-20160504-IMG_0339-scr.jpg \r\n                                alt=\"\"  \r\n                                class=\"attachment-sote-gallery-small size-sote-gallery-small\" \r\n                                srcset=\"https:\/\/semmelweis.hu\/bokayklinika\/files\/2022\/09\/RS48222_KA-20160504-IMG_0339-scr-400x267.jpg 400w, https:\/\/semmelweis.hu\/bokayklinika\/files\/2022\/09\/RS48222_KA-20160504-IMG_0339-scr-768x512.jpg 768w, https:\/\/semmelweis.hu\/bokayklinika\/files\/2022\/09\/RS48222_KA-20160504-IMG_0339-scr-753x502.jpg 753w, https:\/\/semmelweis.hu\/bokayklinika\/files\/2022\/09\/RS48222_KA-20160504-IMG_0339-scr-203x135.jpg 203w, https:\/\/semmelweis.hu\/bokayklinika\/files\/2022\/09\/RS48222_KA-20160504-IMG_0339-scr.jpg 950w\" ><\/a><\/div>\r\n                    <\/span>\r\n                    <span class=\"gallery-item frame d-none d-md-flex\">\r\n\t\t\t\t\t<div class=\"galeria-small-img mt-0\"><a href=\"https:\/\/semmelweis.hu\/bokayklinika\/files\/2022\/09\/RS122145_C19A7212-scr.jpg\"><img src=https:\/\/semmelweis.hu\/bokayklinika\/files\/2022\/09\/RS122145_C19A7212-scr.jpg \r\n                                alt=\"\" \r\n                                class=\"attachment-sote-gallery-small size-sote-gallery-small\" \r\n                                srcset=\"https:\/\/semmelweis.hu\/bokayklinika\/files\/2022\/09\/RS122145_C19A7212-scr-400x253.jpg 400w, https:\/\/semmelweis.hu\/bokayklinika\/files\/2022\/09\/RS122145_C19A7212-scr-1024x649.jpg 1024w, https:\/\/semmelweis.hu\/bokayklinika\/files\/2022\/09\/RS122145_C19A7212-scr-768x486.jpg 768w, https:\/\/semmelweis.hu\/bokayklinika\/files\/2022\/09\/RS122145_C19A7212-scr-753x477.jpg 753w, https:\/\/semmelweis.hu\/bokayklinika\/files\/2022\/09\/RS122145_C19A7212-scr.jpg 1200w\" ><\/a><\/div>\r\n                    <\/span>\r\n\r\n                <\/div>\r\n\r\n            <\/div>\r\n\r\n            <span class=\"gallery-item\"><div class=\"hidden\"><a href=\"https:\/\/semmelweis.hu\/bokayklinika\/files\/2022\/09\/RS48190_KA-20160504-IMG_0525-scr.jpg\">\r\n        <img src=https:\/\/semmelweis.hu\/bokayklinika\/files\/2022\/09\/RS48190_KA-20160504-IMG_0525-scr.jpg alt=\"\" class=\"attachment-sote-gallery-big size-sote-gallery-big\" srcset=\"https:\/\/semmelweis.hu\/bokayklinika\/files\/2022\/09\/RS48190_KA-20160504-IMG_0525-scr-400x267.jpg 400w, https:\/\/semmelweis.hu\/bokayklinika\/files\/2022\/09\/RS48190_KA-20160504-IMG_0525-scr-768x512.jpg 768w, https:\/\/semmelweis.hu\/bokayklinika\/files\/2022\/09\/RS48190_KA-20160504-IMG_0525-scr-753x502.jpg 753w, https:\/\/semmelweis.hu\/bokayklinika\/files\/2022\/09\/RS48190_KA-20160504-IMG_0525-scr-203x135.jpg 203w, https:\/\/semmelweis.hu\/bokayklinika\/files\/2022\/09\/RS48190_KA-20160504-IMG_0525-scr.jpg 950w\" >\r\n        <\/a><\/div><\/span><span class=\"gallery-item\"><div class=\"hidden\"><a href=\"https:\/\/semmelweis.hu\/bokayklinika\/files\/2022\/09\/RS122155_C19A7283-scr.jpg\">\r\n        <img src=https:\/\/semmelweis.hu\/bokayklinika\/files\/2022\/09\/RS122155_C19A7283-scr.jpg alt=\"\" class=\"attachment-sote-gallery-big size-sote-gallery-big\" srcset=\"https:\/\/semmelweis.hu\/bokayklinika\/files\/2022\/09\/RS122155_C19A7283-scr-400x267.jpg 400w, https:\/\/semmelweis.hu\/bokayklinika\/files\/2022\/09\/RS122155_C19A7283-scr-1024x683.jpg 1024w, https:\/\/semmelweis.hu\/bokayklinika\/files\/2022\/09\/RS122155_C19A7283-scr-768x512.jpg 768w, https:\/\/semmelweis.hu\/bokayklinika\/files\/2022\/09\/RS122155_C19A7283-scr-753x502.jpg 753w, https:\/\/semmelweis.hu\/bokayklinika\/files\/2022\/09\/RS122155_C19A7283-scr-203x135.jpg 203w, https:\/\/semmelweis.hu\/bokayklinika\/files\/2022\/09\/RS122155_C19A7283-scr.jpg 1200w\" >\r\n        <\/a><\/div><\/span><span class=\"gallery-item\"><div class=\"hidden\"><a href=\"https:\/\/semmelweis.hu\/bokayklinika\/files\/2022\/09\/RS109031_C19A6295-scr.jpg\">\r\n        <img src=https:\/\/semmelweis.hu\/bokayklinika\/files\/2022\/09\/RS109031_C19A6295-scr.jpg alt=\"\" class=\"attachment-sote-gallery-big size-sote-gallery-big\" srcset=\"https:\/\/semmelweis.hu\/bokayklinika\/files\/2022\/09\/RS109031_C19A6295-scr-400x267.jpg 400w, https:\/\/semmelweis.hu\/bokayklinika\/files\/2022\/09\/RS109031_C19A6295-scr-1024x683.jpg 1024w, https:\/\/semmelweis.hu\/bokayklinika\/files\/2022\/09\/RS109031_C19A6295-scr-768x512.jpg 768w, https:\/\/semmelweis.hu\/bokayklinika\/files\/2022\/09\/RS109031_C19A6295-scr-753x502.jpg 753w, https:\/\/semmelweis.hu\/bokayklinika\/files\/2022\/09\/RS109031_C19A6295-scr-203x135.jpg 203w, https:\/\/semmelweis.hu\/bokayklinika\/files\/2022\/09\/RS109031_C19A6295-scr.jpg 1200w\" >\r\n        <\/a><\/div><\/span><span class=\"gallery-item\"><div class=\"hidden\"><a href=\"https:\/\/semmelweis.hu\/bokayklinika\/files\/2020\/06\/RS20339_KA-20140708-IMG_1222-scr.jpg\">\r\n        <img src=https:\/\/semmelweis.hu\/bokayklinika\/files\/2020\/06\/RS20339_KA-20140708-IMG_1222-scr.jpg alt=\"\" class=\"attachment-sote-gallery-big size-sote-gallery-big\" srcset=\"https:\/\/semmelweis.hu\/bokayklinika\/files\/2020\/06\/RS20339_KA-20140708-IMG_1222-scr-267x400.jpg 267w, https:\/\/semmelweis.hu\/bokayklinika\/files\/2020\/06\/RS20339_KA-20140708-IMG_1222-scr.jpg 500w\" >\r\n        <\/a><\/div><\/span><span class=\"gallery-item\"><div class=\"hidden\"><a href=\"https:\/\/semmelweis.hu\/bokayklinika\/files\/2020\/06\/PIC4-scaled.jpg\">\r\n        <img src=https:\/\/semmelweis.hu\/bokayklinika\/files\/2020\/06\/PIC4-scaled.jpg alt=\"\" class=\"attachment-sote-gallery-big size-sote-gallery-big\" srcset=\"https:\/\/semmelweis.hu\/bokayklinika\/files\/2020\/06\/PIC4-267x400.jpg 267w, https:\/\/semmelweis.hu\/bokayklinika\/files\/2020\/06\/PIC4-683x1024.jpg 683w, https:\/\/semmelweis.hu\/bokayklinika\/files\/2020\/06\/PIC4-768x1152.jpg 768w, https:\/\/semmelweis.hu\/bokayklinika\/files\/2020\/06\/PIC4-1024x1536.jpg 1024w, https:\/\/semmelweis.hu\/bokayklinika\/files\/2020\/06\/PIC4-1365x2048.jpg 1365w, https:\/\/semmelweis.hu\/bokayklinika\/files\/2020\/06\/PIC4-753x1130.jpg 753w, https:\/\/semmelweis.hu\/bokayklinika\/files\/2020\/06\/PIC4-scaled.jpg 1707w\" >\r\n        <\/a><\/div><\/span><span class=\"gallery-item\"><div class=\"hidden\"><a href=\"https:\/\/semmelweis.hu\/bokayklinika\/files\/2020\/06\/PIC3.jpg\">\r\n        <img src=https:\/\/semmelweis.hu\/bokayklinika\/files\/2020\/06\/PIC3.jpg alt=\"\" class=\"attachment-sote-gallery-big size-sote-gallery-big\" srcset=\"https:\/\/semmelweis.hu\/bokayklinika\/files\/2020\/06\/PIC3-400x266.jpg 400w, https:\/\/semmelweis.hu\/bokayklinika\/files\/2020\/06\/PIC3-203x135.jpg 203w, https:\/\/semmelweis.hu\/bokayklinika\/files\/2020\/06\/PIC3.jpg 523w\" >\r\n        <\/a><\/div><\/span><span class=\"gallery-item\"><div class=\"hidden\"><a href=\"https:\/\/semmelweis.hu\/bokayklinika\/files\/2020\/06\/PIC2.jpg\">\r\n        <img src=https:\/\/semmelweis.hu\/bokayklinika\/files\/2020\/06\/PIC2.jpg alt=\"\" class=\"attachment-sote-gallery-big size-sote-gallery-big\" srcset=\"https:\/\/semmelweis.hu\/bokayklinika\/files\/2020\/06\/PIC2-400x267.jpg 400w, https:\/\/semmelweis.hu\/bokayklinika\/files\/2020\/06\/PIC2-203x135.jpg 203w, https:\/\/semmelweis.hu\/bokayklinika\/files\/2020\/06\/PIC2.jpg 495w\" >\r\n        <\/a><\/div><\/span><span class=\"gallery-item\"><div class=\"hidden\"><a href=\"https:\/\/semmelweis.hu\/bokayklinika\/files\/2021\/12\/269749262_5067925049892392_4067013994687432202_n.jpg\">\r\n        <img src=https:\/\/semmelweis.hu\/bokayklinika\/files\/2021\/12\/269749262_5067925049892392_4067013994687432202_n.jpg alt=\"\" class=\"attachment-sote-gallery-big size-sote-gallery-big\" srcset=\"https:\/\/semmelweis.hu\/bokayklinika\/files\/2021\/12\/269749262_5067925049892392_4067013994687432202_n-400x267.jpg 400w, https:\/\/semmelweis.hu\/bokayklinika\/files\/2021\/12\/269749262_5067925049892392_4067013994687432202_n-1024x684.jpg 1024w, https:\/\/semmelweis.hu\/bokayklinika\/files\/2021\/12\/269749262_5067925049892392_4067013994687432202_n-768x513.jpg 768w, https:\/\/semmelweis.hu\/bokayklinika\/files\/2021\/12\/269749262_5067925049892392_4067013994687432202_n-1536x1025.jpg 1536w, https:\/\/semmelweis.hu\/bokayklinika\/files\/2021\/12\/269749262_5067925049892392_4067013994687432202_n-753x503.jpg 753w, https:\/\/semmelweis.hu\/bokayklinika\/files\/2021\/12\/269749262_5067925049892392_4067013994687432202_n-203x135.jpg 203w, https:\/\/semmelweis.hu\/bokayklinika\/files\/2021\/12\/269749262_5067925049892392_4067013994687432202_n.jpg 2000w\" >\r\n        <\/a><\/div><\/span><span class=\"gallery-item\"><div class=\"hidden\"><a href=\"https:\/\/semmelweis.hu\/bokayklinika\/files\/2021\/12\/269737153_5067925469892350_1937383365740059035_n.jpg\">\r\n        <img src=https:\/\/semmelweis.hu\/bokayklinika\/files\/2021\/12\/269737153_5067925469892350_1937383365740059035_n.jpg alt=\"\" class=\"attachment-sote-gallery-big size-sote-gallery-big\" srcset=\"https:\/\/semmelweis.hu\/bokayklinika\/files\/2021\/12\/269737153_5067925469892350_1937383365740059035_n-400x267.jpg 400w, https:\/\/semmelweis.hu\/bokayklinika\/files\/2021\/12\/269737153_5067925469892350_1937383365740059035_n-1024x684.jpg 1024w, https:\/\/semmelweis.hu\/bokayklinika\/files\/2021\/12\/269737153_5067925469892350_1937383365740059035_n-768x513.jpg 768w, https:\/\/semmelweis.hu\/bokayklinika\/files\/2021\/12\/269737153_5067925469892350_1937383365740059035_n-1536x1025.jpg 1536w, https:\/\/semmelweis.hu\/bokayklinika\/files\/2021\/12\/269737153_5067925469892350_1937383365740059035_n-753x503.jpg 753w, https:\/\/semmelweis.hu\/bokayklinika\/files\/2021\/12\/269737153_5067925469892350_1937383365740059035_n-203x135.jpg 203w, https:\/\/semmelweis.hu\/bokayklinika\/files\/2021\/12\/269737153_5067925469892350_1937383365740059035_n.jpg 2000w\" >\r\n        <\/a><\/div><\/span><span class=\"gallery-item\"><div class=\"hidden\"><a href=\"https:\/\/semmelweis.hu\/bokayklinika\/files\/2021\/12\/269716662_5067925216559042_5299022018242263872_n.jpg\">\r\n        <img src=https:\/\/semmelweis.hu\/bokayklinika\/files\/2021\/12\/269716662_5067925216559042_5299022018242263872_n.jpg alt=\"\" class=\"attachment-sote-gallery-big size-sote-gallery-big\" srcset=\"https:\/\/semmelweis.hu\/bokayklinika\/files\/2021\/12\/269716662_5067925216559042_5299022018242263872_n-400x267.jpg 400w, https:\/\/semmelweis.hu\/bokayklinika\/files\/2021\/12\/269716662_5067925216559042_5299022018242263872_n-1024x684.jpg 1024w, https:\/\/semmelweis.hu\/bokayklinika\/files\/2021\/12\/269716662_5067925216559042_5299022018242263872_n-768x513.jpg 768w, https:\/\/semmelweis.hu\/bokayklinika\/files\/2021\/12\/269716662_5067925216559042_5299022018242263872_n-1536x1025.jpg 1536w, https:\/\/semmelweis.hu\/bokayklinika\/files\/2021\/12\/269716662_5067925216559042_5299022018242263872_n-753x503.jpg 753w, https:\/\/semmelweis.hu\/bokayklinika\/files\/2021\/12\/269716662_5067925216559042_5299022018242263872_n-203x135.jpg 203w, https:\/\/semmelweis.hu\/bokayklinika\/files\/2021\/12\/269716662_5067925216559042_5299022018242263872_n.jpg 2000w\" >\r\n        <\/a><\/div><\/span><span class=\"gallery-item\"><div class=\"hidden\"><a href=\"https:\/\/semmelweis.hu\/bokayklinika\/files\/2022\/09\/306311002_5873626162655606_6350744705186819851_n.jpg\">\r\n        <img src=https:\/\/semmelweis.hu\/bokayklinika\/files\/2022\/09\/306311002_5873626162655606_6350744705186819851_n.jpg alt=\"\" class=\"attachment-sote-gallery-big size-sote-gallery-big\" srcset=\"https:\/\/semmelweis.hu\/bokayklinika\/files\/2022\/09\/306311002_5873626162655606_6350744705186819851_n-400x227.jpg 400w, https:\/\/semmelweis.hu\/bokayklinika\/files\/2022\/09\/306311002_5873626162655606_6350744705186819851_n-768x436.jpg 768w, https:\/\/semmelweis.hu\/bokayklinika\/files\/2022\/09\/306311002_5873626162655606_6350744705186819851_n-753x427.jpg 753w, https:\/\/semmelweis.hu\/bokayklinika\/files\/2022\/09\/306311002_5873626162655606_6350744705186819851_n.jpg 952w\" >\r\n        <\/a><\/div><\/span><span class=\"gallery-item\"><div class=\"hidden\"><a href=\"https:\/\/semmelweis.hu\/bokayklinika\/files\/2022\/05\/280255428_5509633539054872_6234422705126517828_n.jpg\">\r\n        <img src=https:\/\/semmelweis.hu\/bokayklinika\/files\/2022\/05\/280255428_5509633539054872_6234422705126517828_n.jpg alt=\"\" class=\"attachment-sote-gallery-big size-sote-gallery-big\" srcset=\"https:\/\/semmelweis.hu\/bokayklinika\/files\/2022\/05\/280255428_5509633539054872_6234422705126517828_n-400x300.jpg 400w, https:\/\/semmelweis.hu\/bokayklinika\/files\/2022\/05\/280255428_5509633539054872_6234422705126517828_n-1024x768.jpg 1024w, https:\/\/semmelweis.hu\/bokayklinika\/files\/2022\/05\/280255428_5509633539054872_6234422705126517828_n-768x576.jpg 768w, https:\/\/semmelweis.hu\/bokayklinika\/files\/2022\/05\/280255428_5509633539054872_6234422705126517828_n-1536x1152.jpg 1536w, https:\/\/semmelweis.hu\/bokayklinika\/files\/2022\/05\/280255428_5509633539054872_6234422705126517828_n-753x565.jpg 753w, https:\/\/semmelweis.hu\/bokayklinika\/files\/2022\/05\/280255428_5509633539054872_6234422705126517828_n.jpg 2048w\" >\r\n        <\/a><\/div><\/span><span class=\"gallery-item\"><div class=\"hidden\"><a href=\"https:\/\/semmelweis.hu\/bokayklinika\/files\/2020\/06\/konyvtar-2018-scaled.jpg\">\r\n        <img src=https:\/\/semmelweis.hu\/bokayklinika\/files\/2020\/06\/konyvtar-2018-scaled.jpg alt=\"K\u00f6nyvt\u00e1r\" class=\"attachment-sote-gallery-big size-sote-gallery-big\" srcset=\"https:\/\/semmelweis.hu\/bokayklinika\/files\/2020\/06\/konyvtar-2018-400x300.jpg 400w, https:\/\/semmelweis.hu\/bokayklinika\/files\/2020\/06\/konyvtar-2018-1024x768.jpg 1024w, https:\/\/semmelweis.hu\/bokayklinika\/files\/2020\/06\/konyvtar-2018-768x576.jpg 768w, https:\/\/semmelweis.hu\/bokayklinika\/files\/2020\/06\/konyvtar-2018-1536x1152.jpg 1536w, https:\/\/semmelweis.hu\/bokayklinika\/files\/2020\/06\/konyvtar-2018-2048x1536.jpg 2048w, https:\/\/semmelweis.hu\/bokayklinika\/files\/2020\/06\/konyvtar-2018-753x565.jpg 753w\" >\r\n        <\/a><\/div><\/span><span class=\"gallery-item\"><div class=\"hidden\"><a href=\"https:\/\/semmelweis.hu\/bokayklinika\/files\/2020\/06\/ki\u00e1ll\u00edt\u00e1s-scaled.jpg\">\r\n        <img src=https:\/\/semmelweis.hu\/bokayklinika\/files\/2020\/06\/ki\u00e1ll\u00edt\u00e1s-scaled.jpg alt=\"(Fot\u00f3: Kov\u00e1cs Attila SE Kommunik\u00e1ci\u00f3s \u00e9s Rendezv\u00e9nyszervez\u00e9si Igazgat\u00f3s\u00e1g)\" class=\"attachment-sote-gallery-big size-sote-gallery-big\" srcset=\"https:\/\/semmelweis.hu\/bokayklinika\/files\/2020\/06\/ki\u00e1ll\u00edt\u00e1s-400x267.jpg 400w, https:\/\/semmelweis.hu\/bokayklinika\/files\/2020\/06\/ki\u00e1ll\u00edt\u00e1s-1024x683.jpg 1024w, https:\/\/semmelweis.hu\/bokayklinika\/files\/2020\/06\/ki\u00e1ll\u00edt\u00e1s-768x512.jpg 768w, https:\/\/semmelweis.hu\/bokayklinika\/files\/2020\/06\/ki\u00e1ll\u00edt\u00e1s-1536x1024.jpg 1536w, https:\/\/semmelweis.hu\/bokayklinika\/files\/2020\/06\/ki\u00e1ll\u00edt\u00e1s-2048x1365.jpg 2048w, https:\/\/semmelweis.hu\/bokayklinika\/files\/2020\/06\/ki\u00e1ll\u00edt\u00e1s-753x502.jpg 753w, https:\/\/semmelweis.hu\/bokayklinika\/files\/2020\/06\/ki\u00e1ll\u00edt\u00e1s-203x135.jpg 203w\" >\r\n        <\/a><\/div><\/span>\r\n            <\/div>\r\n\r\n            [\/slb_exclude]\r\n\t\n<h5 style=\"text-align: justify\">Baby-mother room<\/h5>\n<p style=\"text-align: justify\"><a href=\"https:\/\/semmelweis.hu\/bokayklinika\/files\/2020\/06\/babamamaszoba2.jpg\"><img loading=\"lazy\" decoding=\"async\" class=\"size-medium wp-image-250 alignright\" src=\"https:\/\/semmelweis.hu\/bokayklinika\/files\/2020\/06\/babamamaszoba2-400x300.jpg\" alt=\"\" width=\"400\" height=\"300\" srcset=\"https:\/\/semmelweis.hu\/bokayklinika\/files\/2020\/06\/babamamaszoba2-400x300.jpg 400w, https:\/\/semmelweis.hu\/bokayklinika\/files\/2020\/06\/babamamaszoba2-768x576.jpg 768w, https:\/\/semmelweis.hu\/bokayklinika\/files\/2020\/06\/babamamaszoba2-753x565.jpg 753w, https:\/\/semmelweis.hu\/bokayklinika\/files\/2020\/06\/babamamaszoba2.jpg 960w\" sizes=\"auto, (max-width: 400px) 100vw, 400px\" \/><\/a>We give the possibility to the families \u2013 especially to the mothers \u2013 \u00a0to stay with their children during their inpatient care. Moreover, we have been providing eight special rooming-in units for children and their mothers\u00a0for six years. Besides, the Ronald McDonald\u2019s House\u00e2 serves as a \u201ehome away from home\u201d for out of town families with sick children who require frequent or long stay at the Department, which is only150 meters far from the clinic. During the period in which these patients receive their continuous and appropriate therapy, they can stay with their families.<\/p>\n<h5>Diagnostic services<\/h5>\n<p style=\"text-align: justify\">The following <strong>diagnostic services support the patient care<\/strong>: clinical biochemistry and bacteriology laboratory, laboratory of hereditary metabolic disorders (which provides newborn screening as well); radiology and ultrasonography; echocardiography, lung\/pulmonary function tests, electrocardiography and EEG laboratories. Moreover, a research (especially molecular biology) laboratory is also available.<\/p>\n<h2>Education<\/h2>\n<p style=\"text-align: justify\"><a href=\"https:\/\/semmelweis.hu\/bokayklinika\/files\/2020\/06\/RS109018_C19A6230-scr.jpg\"><img loading=\"lazy\" decoding=\"async\" class=\"size-medium wp-image-293 alignleft\" src=\"https:\/\/semmelweis.hu\/bokayklinika\/files\/2020\/06\/RS109018_C19A6230-scr-400x247.jpg\" alt=\"\" width=\"400\" height=\"247\" srcset=\"https:\/\/semmelweis.hu\/bokayklinika\/files\/2020\/06\/RS109018_C19A6230-scr-400x247.jpg 400w, https:\/\/semmelweis.hu\/bokayklinika\/files\/2020\/06\/RS109018_C19A6230-scr-1024x633.jpg 1024w, https:\/\/semmelweis.hu\/bokayklinika\/files\/2020\/06\/RS109018_C19A6230-scr-768x475.jpg 768w, https:\/\/semmelweis.hu\/bokayklinika\/files\/2020\/06\/RS109018_C19A6230-scr-753x466.jpg 753w, https:\/\/semmelweis.hu\/bokayklinika\/files\/2020\/06\/RS109018_C19A6230-scr.jpg 1200w\" sizes=\"auto, (max-width: 400px) 100vw, 400px\" \/><\/a>Our department is responsible for the pediatric education of the fifth- and sixth-year medical students. Half of the Hungarian and English, and all of the German students of the Semmelweis University are educated in our department. Eleven subprograms belong to the doctoral school, which operates with numerous graduate and Ph.D. students. Our colleagues, as teachers\/instructors, participate in the postgraduate and residency training of pediatrics. \u00a0Several other disciplines, the practical training of dietitians and nursing programs support the education of health professionals.<\/p>\n<h2>Research<\/h2>\n<p style=\"text-align: justify\"><img loading=\"lazy\" decoding=\"async\" class=\"wp-image-1377 size-medium alignright\" src=\"https:\/\/semmelweis.hu\/bokayklinika\/files\/2020\/07\/IMG_0263-400x300.jpg\" alt=\"\" width=\"400\" height=\"300\" srcset=\"https:\/\/semmelweis.hu\/bokayklinika\/files\/2020\/07\/IMG_0263-400x300.jpg 400w, https:\/\/semmelweis.hu\/bokayklinika\/files\/2020\/07\/IMG_0263-1024x768.jpg 1024w, https:\/\/semmelweis.hu\/bokayklinika\/files\/2020\/07\/IMG_0263-768x576.jpg 768w, https:\/\/semmelweis.hu\/bokayklinika\/files\/2020\/07\/IMG_0263-1536x1152.jpg 1536w, https:\/\/semmelweis.hu\/bokayklinika\/files\/2020\/07\/IMG_0263-2048x1536.jpg 2048w, https:\/\/semmelweis.hu\/bokayklinika\/files\/2020\/07\/IMG_0263-753x565.jpg 753w\" sizes=\"auto, (max-width: 400px) 100vw, 400px\" \/>In the last three decades, the department is also engaged in clinical and basic research. Currently, three major working groups operate in our research laboratory, supported by the Hungarian Academy of Sciences (MTA): MTA-SE Pediatric and Nephrology Research Group, MTA-SE Momentum Nephrogenetic Research Group, and MTA-SE Momentum Diabetes Research Group. Besides, several minor working groups enrich our research profile. The laboratory has about thirty members, including principal investigators, 10-15 Ph.D. students and medical students performing researches. We established our research projects to understand the pathomechanisms and improve the therapy of acute and chronic kidney injury, peritoneal dialysis, inflammatory bowel diseases, and idiopathic pulmonary fibrosis. Besides the basic-research, our colleagues have diagnostic and innovative activity as well.<\/p>\n<p style=\"text-align: justify\">Thirty of our colleagues completed Ph.D. degree, eight of them achieved D.Sc. degree and our previous director is the member of the Hungarian Academy of Sciences.<\/p>\n<p style=\"text-align: justify\">Our clinic received qualifications of the International Organization or Standardization (ISO) and the Hospital Care Standard in the field of patient care, education and research in 2004.<\/p>\n","protected":false},"excerpt":{"rendered":"<p>The B\u00f3kay Street Department, Pediatric Centre, Semmelweis University looks back on a 181 years old history. It is lead by the department head Dr. Attila Szab\u00f3 since October 2013. Currently, five buildings belong to the department at 53-54. B\u00f3kay J\u00e1nos Street, Budapest. Health Care Our university hospital operates with 160 inpatient beds and provides quality &hellip;<\/p>\n","protected":false},"author":101739,"featured_media":0,"parent":0,"menu_order":3,"comment_status":"closed","ping_status":"closed","template":"","meta":{"_acf_changed":false,"footnotes":""},"categories":[],"tags":[],"class_list":["post-1463","page","type-page","status-publish","hentry"],"acf":[],"_links":{"self":[{"href":"https:\/\/semmelweis.hu\/bokayklinika\/wp-json\/wp\/v2\/pages\/1463","targetHints":{"allow":["GET"]}}],"collection":[{"href":"https:\/\/semmelweis.hu\/bokayklinika\/wp-json\/wp\/v2\/pages"}],"about":[{"href":"https:\/\/semmelweis.hu\/bokayklinika\/wp-json\/wp\/v2\/types\/page"}],"author":[{"embeddable":true,"href":"https:\/\/semmelweis.hu\/bokayklinika\/wp-json\/wp\/v2\/users\/101739"}],"replies":[{"embeddable":true,"href":"https:\/\/semmelweis.hu\/bokayklinika\/wp-json\/wp\/v2\/comments?post=1463"}],"version-history":[{"count":10,"href":"https:\/\/semmelweis.hu\/bokayklinika\/wp-json\/wp\/v2\/pages\/1463\/revisions"}],"predecessor-version":[{"id":4882,"href":"https:\/\/semmelweis.hu\/bokayklinika\/wp-json\/wp\/v2\/pages\/1463\/revisions\/4882"}],"wp:attachment":[{"href":"https:\/\/semmelweis.hu\/bokayklinika\/wp-json\/wp\/v2\/media?parent=1463"}],"wp:term":[{"taxonomy":"category","embeddable":true,"href":"https:\/\/semmelweis.hu\/bokayklinika\/wp-json\/wp\/v2\/categories?post=1463"},{"taxonomy":"post_tag","embeddable":true,"href":"https:\/\/semmelweis.hu\/bokayklinika\/wp-json\/wp\/v2\/tags?post=1463"}],"curies":[{"name":"wp","href":"https:\/\/api.w.org\/{rel}","templated":true}]}}