{"id":1420,"date":"2020-07-21T09:54:44","date_gmt":"2020-07-21T07:54:44","guid":{"rendered":"https:\/\/semmelweis.hu\/gyermekklinika1\/?page_id=1420"},"modified":"2026-02-19T15:50:09","modified_gmt":"2026-02-19T14:50:09","slug":"muvese-osztaly","status":"publish","type":"page","link":"https:\/\/semmelweis.hu\/bokayklinika\/betegellatas\/fekvobeteg-ellatas\/muvese-osztaly\/","title":{"rendered":"M\u0171vese Oszt\u00e1ly"},"content":{"rendered":"<div class=\"keretes\">\n<div><strong>Gyermekgy\u00f3gy\u00e1szati Klinika<\/strong> (B\u00f3kay utcai r\u00e9szleg) <strong>M\u0171vese Oszt\u00e1ly<\/strong><\/div>\n<div style=\"text-align: left\"><strong>Oszt\u00e1lyvezet\u0151:<\/strong> Prof. Tory K\u00e1lm\u00e1n<br \/>\n<strong>Oszt\u00e1lyvezet\u0151 f\u0151n\u0151v\u00e9r:<\/strong> Kov\u00e1cs K\u00e1rolyn\u00e9<br \/>\n<strong>Telefon:<\/strong>+36-1-3343-186\/52759 Vese oszt\u00e1ly<br \/>\n\/52687 M\u0171vese oszt\u00e1ly<br \/>\n\/52667 Vese ambulancia<\/div>\n<div>\u00a0<\/div>\n<div><strong>Betegjogi k\u00e9pvisel\u0151:<\/strong><\/div>\n<div>Erhadtn\u00e9 Dr. Gach\u00e1lyi Anik\u00f3<\/div>\n<div><a href=\"https:\/\/semmelweis.hu\/bokayklinika\/betegellatas\/betegjogi-kepviselo\/\">el\u00e9rhet\u0151s\u00e9g \u00e9s fogad\u00f3 \u00f3ra<\/a><\/div>\n<\/div>\n<p style=\"margin-top: 0cm;text-align: justify;background: white\"><span style=\"font-size: 14pt;color: #1e2326\">A B\u00f3kay Gyermekklinika M\u0171vese Oszt\u00e1lya 1985 \u00f3ta m\u0171k\u00f6dik az orsz\u00e1g egyetlen gyermek hemodial\u00edzist v\u00e9gz\u0151 centrumak\u00e9nt. Az orsz\u00e1g minden t\u00e1j\u00e1r\u00f3l \u00e9rkez\u0151 gyermekek sz\u00e1m\u00e1ra biztos\u00edtjuk a vesep\u00f3tl\u00f3 kezel\u00e9st, \u00e9s ny\u00fajtunk seg\u00edts\u00e9get a transzplant\u00e1ci\u00f3ra val\u00f3 felk\u00e9sz\u00fcl\u00e9s\u00fckben.<\/span><\/p>\n<p style=\"margin-top: 0cm;text-align: justify;background: white\"><span style=\"font-size: 14pt;color: #1e2326\">A hemodial\u00edzis kezel\u00e9sek hetente h\u00e1romszor, h\u00e9tf\u0151n, szerd\u00e1n \u00e9s p\u00e9nteken, rendszerint n\u00e9gy \u00f3r\u00e1n \u00e1t t\u00f6rt\u00e9nnek. Sz\u00fcks\u00e9g eset\u00e9n akut kezel\u00e9st is v\u00e9gz\u00fcnk a h\u00e9t b\u00e1rmely napj\u00e1n. Fontosnak tartjuk, hogy a gyermekek tanul\u00e1sa a lehet\u0151 legkisebb m\u00e9rt\u00e9kben szenvedjen zavart. A kezel\u00e9sek ez\u00e9rt a gyermek \u00e9s a csal\u00e1d k\u00e9r\u00e9s\u00e9nek megfelel\u0151en, d\u00e9lel\u0151tt \u00e9s d\u00e9lut\u00e1n is t\u00f6rt\u00e9nhetnek, illetve a kezel\u00e9sek alatt pedag\u00f3gusok tan\u00edtj\u00e1k a gyermekeket. Di\u00e9t\u00e1s n\u0151v\u00e9rek seg\u00edtik a szigor\u00fa di\u00e9ta betart\u00e1s\u00e1t, illetve sz\u00fcks\u00e9g eset\u00e9n gy\u00f3gytorn\u00e1szok a mozg\u00e1sszervi panaszok gy\u00f3gyul\u00e1s\u00e1t.<\/span><\/p>\n<p style=\"margin-top: 0cm;text-align: justify;background: white\"><span style=\"font-size: 14pt;color: #1e2326\">Oszt\u00e1lyunk emellett vese- \u00e9s m\u00e1s szervi betegs\u00e9gben szenved\u0151 gyermekek sz\u00e1m\u00e1ra plazmaferezis-kezel\u00e9st is v\u00e9gez, mely lehet\u0151v\u00e9 teszi immunol\u00f3giai eredet\u0171 betegs\u00e9gek gy\u00f3gy\u00edt\u00e1s\u00e1t.<\/span><a href=\"https:\/\/semmelweis.hu\/bokayklinika\/files\/2020\/10\/MG_5172-scaled.jpg\"><img loading=\"lazy\" decoding=\"async\" class=\"aligncenter wp-image-1880 \" src=\"https:\/\/semmelweis.hu\/bokayklinika\/files\/2020\/10\/MG_5172-1024x683.jpg\" alt=\"\" width=\"594\" height=\"396\" srcset=\"https:\/\/semmelweis.hu\/bokayklinika\/files\/2020\/10\/MG_5172-1024x683.jpg 1024w, https:\/\/semmelweis.hu\/bokayklinika\/files\/2020\/10\/MG_5172-400x267.jpg 400w, https:\/\/semmelweis.hu\/bokayklinika\/files\/2020\/10\/MG_5172-768x512.jpg 768w, https:\/\/semmelweis.hu\/bokayklinika\/files\/2020\/10\/MG_5172-1536x1024.jpg 1536w, https:\/\/semmelweis.hu\/bokayklinika\/files\/2020\/10\/MG_5172-2048x1365.jpg 2048w, https:\/\/semmelweis.hu\/bokayklinika\/files\/2020\/10\/MG_5172-753x502.jpg 753w, https:\/\/semmelweis.hu\/bokayklinika\/files\/2020\/10\/MG_5172-203x135.jpg 203w\" sizes=\"auto, (max-width: 594px) 100vw, 594px\" \/><\/a><\/p>\n<p style=\"margin-top: 0cm;text-align: justify;background: white\"><span style=\"font-size: 14pt;color: #1e2326\">A kezel\u00e9sek alatt egy sz\u00fcl\u0151 a gyermek\u00e9vel mindv\u00e9gig jelen lehet. A gyermek sz\u00e1m\u00e1ra a kezel\u00e9sek alatt k\u00e9t \u00e9tkez\u00e9st biztos\u00edtunk (reggeli + eb\u00e9d, illetve eb\u00e9d + uzsonna). Az oszt\u00e1lyon l\u00e9v\u0151 remek hangulatot a n\u0151v\u00e9rek vid\u00e1ms\u00e1ga, a kezel\u00e9sek alatti k\u00f6z\u00f6s j\u00e1t\u00e9k lehet\u0151s\u00e9ge, h\u00e9tf\u0151i napokon a Piros Orr Boh\u00f3cdoktorok l\u00e1togat\u00e1sa, a p\u00e9nteki kezel\u00e9sek alatt, a tanul\u00e1s sz\u00fcneteiben, filmek vet\u00edt\u00e9se biztos\u00edtja.<\/span><\/p>\n<p>L\u00e1togat\u00e1si id\u0151<\/p>\n<table style=\"border-collapse: collapse;width: 78.628%;height: 33px\">\n<tbody>\n<tr style=\"height: 33px\">\n<td style=\"width: 50%;text-align: center;height: 33px\"><strong>MINDEN NAP<\/strong><\/td>\n<td style=\"width: 28.628%;height: 33px\"><strong>15:00-19:00<\/strong><\/td>\n<\/tr>\n<\/tbody>\n<\/table>\n<p style=\"margin-top: 0cm;text-align: justify;background: white\"><a href=\"https:\/\/semmelweis.hu\/bokayklinika\/files\/2020\/10\/MG_5197-scaled.jpg\"><br \/>\n<img loading=\"lazy\" decoding=\"async\" class=\"aligncenter wp-image-1879 \" src=\"https:\/\/semmelweis.hu\/bokayklinika\/files\/2020\/10\/MG_5197-1024x683.jpg\" alt=\"\" width=\"583\" height=\"388\" srcset=\"https:\/\/semmelweis.hu\/bokayklinika\/files\/2020\/10\/MG_5197-1024x683.jpg 1024w, https:\/\/semmelweis.hu\/bokayklinika\/files\/2020\/10\/MG_5197-400x267.jpg 400w, https:\/\/semmelweis.hu\/bokayklinika\/files\/2020\/10\/MG_5197-768x512.jpg 768w, https:\/\/semmelweis.hu\/bokayklinika\/files\/2020\/10\/MG_5197-1536x1024.jpg 1536w, https:\/\/semmelweis.hu\/bokayklinika\/files\/2020\/10\/MG_5197-2048x1365.jpg 2048w, https:\/\/semmelweis.hu\/bokayklinika\/files\/2020\/10\/MG_5197-753x502.jpg 753w, https:\/\/semmelweis.hu\/bokayklinika\/files\/2020\/10\/MG_5197-203x135.jpg 203w\" sizes=\"auto, (max-width: 583px) 100vw, 583px\" \/><\/a><\/p>\n<p style=\"margin-top: 0cm;text-align: justify;background: white\"><span style=\"font-size: 14pt\"><span style=\"color: #1e2326\">\u00a0<\/span><strong><span style=\"color: #1e2326\">Az oszt\u00e1ly rendje:<\/span><\/strong><\/span><\/p>\n<table style=\"border-collapse: collapse;width: 100%\">\n<tbody>\n<tr>\n<td style=\"width: 50%;text-align: right\"><span style=\"font-size: 14pt;color: #1e2326\">Dial\u00edzis kezel\u00e9sek ind\u00edt\u00e1sa<\/span><\/td>\n<td style=\"width: 50%;text-align: left\"><span style=\"font-size: 14pt\">07:00\u00a0<\/span><\/td>\n<\/tr>\n<tr>\n<td style=\"width: 50%;text-align: right\"><span style=\"font-size: 14pt;color: #1e2326\">Reggeli<\/span><\/td>\n<td style=\"width: 50%;text-align: left\"><span style=\"font-size: 14pt\">08:00<\/span><\/td>\n<\/tr>\n<tr>\n<td style=\"width: 50%;text-align: right\"><span style=\"font-size: 14pt;color: #1e2326\">Oszt\u00e1lyos vizit<\/span><\/td>\n<td style=\"width: 50%;text-align: left\"><span style=\"font-size: 14pt\">08:00 &#8211; 12:00\u00a0<\/span><\/td>\n<\/tr>\n<tr>\n<td style=\"width: 50%;text-align: right\"><span style=\"font-size: 14pt;color: #1e2326\">Eb\u00e9d<\/span><\/td>\n<td style=\"width: 50%;text-align: left\"><span style=\"font-size: 14pt\">12:00<\/span><\/td>\n<\/tr>\n<tr>\n<td style=\"width: 50%;text-align: right\"><span style=\"font-size: 14pt;color: #1e2326\">D\u00e9lut\u00e1ni dial\u00edzis kezel\u00e9sek ind\u00edt\u00e1sa<\/span><\/td>\n<td style=\"width: 50%;text-align: left\"><span style=\"font-size: 14pt;color: #1e2326\">12:00-13:00\u00a0<\/span><\/td>\n<\/tr>\n<tr>\n<td style=\"width: 50%;text-align: right\"><span style=\"font-size: 14pt;color: #1e2326\">D\u00e9lut\u00e1ni megbesz\u00e9l\u00e9s<\/span><\/td>\n<td style=\"width: 50%;text-align: left\"><span style=\"font-size: 14pt;color: #1e2326\">13:00-14:00\u00a0<\/span><\/td>\n<\/tr>\n<tr>\n<td style=\"width: 50%;text-align: right\"><span style=\"font-size: 14pt;color: #1e2326\">Uzsonna<\/span><\/td>\n<td style=\"width: 50%;text-align: left\"><span style=\"font-size: 14pt;color: #1e2326\">16:00\u00a0<\/span><\/td>\n<\/tr>\n<tr>\n<td style=\"width: 50%;text-align: right\"><span style=\"font-size: 14pt;color: #1e2326\">Dial\u00edzis kezel\u00e9sek befejez\u00e9se<\/span><\/td>\n<td style=\"width: 50%;text-align: left\"><span style=\"font-size: 14pt\">17:00 &#8211; 18:00<\/span><\/td>\n<\/tr>\n<tr>\n<td style=\"width: 50%;text-align: right\"><span style=\"font-size: 14pt;color: #1e2326\">G\u00e9pek fert\u0151tlen\u00edt\u00e9se<\/span><\/td>\n<td style=\"width: 50%;text-align: left\"><span style=\"font-size: 14pt\">18:00\u00a0<\/span><\/td>\n<\/tr>\n<\/tbody>\n<\/table>\n<p>&nbsp;<\/p>\n<p style=\"margin-top: 0cm;background: white\">\u00a0<\/p>\n<p style=\"margin-top: 0cm;background: white\"><a href=\"https:\/\/semmelweis.hu\/bokayklinika\/files\/2020\/10\/gtx1IOkwSbusSegPqg_Vog_thumb_28a.jpg\"><img loading=\"lazy\" decoding=\"async\" class=\"aligncenter wp-image-1878 \" src=\"https:\/\/semmelweis.hu\/bokayklinika\/files\/2020\/10\/gtx1IOkwSbusSegPqg_Vog_thumb_28a-1024x683.jpg\" alt=\"\" width=\"447\" height=\"298\" srcset=\"https:\/\/semmelweis.hu\/bokayklinika\/files\/2020\/10\/gtx1IOkwSbusSegPqg_Vog_thumb_28a-1024x683.jpg 1024w, https:\/\/semmelweis.hu\/bokayklinika\/files\/2020\/10\/gtx1IOkwSbusSegPqg_Vog_thumb_28a-400x267.jpg 400w, https:\/\/semmelweis.hu\/bokayklinika\/files\/2020\/10\/gtx1IOkwSbusSegPqg_Vog_thumb_28a-768x512.jpg 768w, https:\/\/semmelweis.hu\/bokayklinika\/files\/2020\/10\/gtx1IOkwSbusSegPqg_Vog_thumb_28a-753x502.jpg 753w, https:\/\/semmelweis.hu\/bokayklinika\/files\/2020\/10\/gtx1IOkwSbusSegPqg_Vog_thumb_28a-203x135.jpg 203w, https:\/\/semmelweis.hu\/bokayklinika\/files\/2020\/10\/gtx1IOkwSbusSegPqg_Vog_thumb_28a.jpg 1086w\" sizes=\"auto, (max-width: 447px) 100vw, 447px\" \/><\/a><\/p>\n","protected":false},"excerpt":{"rendered":"<p>Gyermekgy\u00f3gy\u00e1szati Klinika (B\u00f3kay utcai r\u00e9szleg) M\u0171vese Oszt\u00e1ly Oszt\u00e1lyvezet\u0151: Prof. Tory K\u00e1lm\u00e1n Oszt\u00e1lyvezet\u0151 f\u0151n\u0151v\u00e9r: Kov\u00e1cs K\u00e1rolyn\u00e9 Telefon:+36-1-3343-186\/52759 Vese oszt\u00e1ly \/52687 M\u0171vese oszt\u00e1ly \/52667 Vese ambulancia \u00a0 Betegjogi k\u00e9pvisel\u0151: Erhadtn\u00e9 Dr. Gach\u00e1lyi Anik\u00f3 <a href=\"https:\/\/semmelweis.hu\/bokayklinika\/betegellatas\/betegjogi-kepviselo\/\">el\u00e9rhet\u0151s\u00e9g \u00e9s fogad\u00f3 \u00f3ra<\/a> A B\u00f3kay Gyermekklinika M\u0171vese Oszt\u00e1lya 1985 \u00f3ta m\u0171k\u00f6dik az orsz\u00e1g egyetlen gyermek hemodial\u00edzist v\u00e9gz\u0151 centrumak\u00e9nt. Az orsz\u00e1g minden t\u00e1j\u00e1r\u00f3l \u00e9rkez\u0151 gyermekek sz\u00e1m\u00e1ra biztos\u00edtjuk a &hellip;<\/p>\n","protected":false},"author":101739,"featured_media":0,"parent":95,"menu_order":0,"comment_status":"closed","ping_status":"closed","template":"","meta":{"_acf_changed":false,"footnotes":""},"categories":[],"tags":[],"class_list":["post-1420","page","type-page","status-publish","hentry"],"acf":[],"_links":{"self":[{"href":"https:\/\/semmelweis.hu\/bokayklinika\/wp-json\/wp\/v2\/pages\/1420","targetHints":{"allow":["GET"]}}],"collection":[{"href":"https:\/\/semmelweis.hu\/bokayklinika\/wp-json\/wp\/v2\/pages"}],"about":[{"href":"https:\/\/semmelweis.hu\/bokayklinika\/wp-json\/wp\/v2\/types\/page"}],"author":[{"embeddable":true,"href":"https:\/\/semmelweis.hu\/bokayklinika\/wp-json\/wp\/v2\/users\/101739"}],"replies":[{"embeddable":true,"href":"https:\/\/semmelweis.hu\/bokayklinika\/wp-json\/wp\/v2\/comments?post=1420"}],"version-history":[{"count":12,"href":"https:\/\/semmelweis.hu\/bokayklinika\/wp-json\/wp\/v2\/pages\/1420\/revisions"}],"predecessor-version":[{"id":8004,"href":"https:\/\/semmelweis.hu\/bokayklinika\/wp-json\/wp\/v2\/pages\/1420\/revisions\/8004"}],"up":[{"embeddable":true,"href":"https:\/\/semmelweis.hu\/bokayklinika\/wp-json\/wp\/v2\/pages\/95"}],"wp:attachment":[{"href":"https:\/\/semmelweis.hu\/bokayklinika\/wp-json\/wp\/v2\/media?parent=1420"}],"wp:term":[{"taxonomy":"category","embeddable":true,"href":"https:\/\/semmelweis.hu\/bokayklinika\/wp-json\/wp\/v2\/categories?post=1420"},{"taxonomy":"post_tag","embeddable":true,"href":"https:\/\/semmelweis.hu\/bokayklinika\/wp-json\/wp\/v2\/tags?post=1420"}],"curies":[{"name":"wp","href":"https:\/\/api.w.org\/{rel}","templated":true}]}}