{"id":1139,"date":"2020-06-30T18:43:42","date_gmt":"2020-06-30T16:43:42","guid":{"rendered":"https:\/\/semmelweis.hu\/gyermekklinika1\/?page_id=1139"},"modified":"2024-11-21T12:01:37","modified_gmt":"2024-11-21T11:01:37","slug":"surgossegi-osztaly","status":"publish","type":"page","link":"https:\/\/semmelweis.hu\/bokayklinika\/betegellatas\/fekvobeteg-ellatas\/surgossegi-osztaly\/","title":{"rendered":"S\u00fcrg\u0151ss\u00e9gi Oszt\u00e1ly"},"content":{"rendered":"<div class=\"keretes\">\n<p><strong>Gyermekgy\u00f3gy\u00e1szati Klinika<\/strong> (B\u00f3kay utcai r\u00e9szleg) <strong>S\u00fcrg\u0151ss\u00e9gi Oszt\u00e1ly<\/strong><br \/>\n<strong>Oszt\u00e1lyvezet\u0151: <\/strong>Dr. Kriv\u00e1csy P\u00e9ter<strong><br \/>\nOszt\u00e1lyvezet\u0151 f\u0151n\u0151v\u00e9r:<\/strong> Sz\u00f6k\u0151n\u00e9 Galambos Anita\u00a0 \u00a0 \u00a0 \u00a0 \u00a0 \u00a0 \u00a0 \u00a0 \u00a0 \u00a0 <strong>Telefon: <\/strong>+36-1-334-31-86\/52627<br \/>\n+36-20-825-8252<\/p>\n<p><strong>Betegjogi k\u00e9pvisel\u0151:<\/strong>\u00a0 \u00a0 \u00a0 \u00a0 \u00a0 \u00a0 \u00a0 \u00a0 \u00a0 \u00a0 Erhardtn\u00e9 Dr. Gach\u00e1lyi Anik\u00f3 \u00a0\u00a0 <a href=\"https:\/\/semmelweis.hu\/bokayklinika\/betegellatas\/betegjogi-kepviselo\/\">el\u00e9rhet\u0151s\u00e9g \u00e9s fogad\u00f3 \u00f3ra<\/a><\/p>\n<\/div>\n<p style=\"text-align: justify\">Kedves Sz\u00fcl\u0151k!<\/p>\n<p style=\"text-align: justify\">K\u00f6sz\u00f6ntj\u00fck \u00d6n\u00f6ket a Gyermekklinika (B\u00f3kay utcai r\u00e9szleg) S\u00fcrg\u0151ss\u00e9gi Oszt\u00e1ly\u00e1n. K\u00e9rj\u00fck, tanulm\u00e1nyozz\u00e1k \u00e1t t\u00e1j\u00e9koztat\u00f3nkat, amiben olvashatnak oszt\u00e1lyunk m\u0171k\u00f6d\u00e9s\u00e9r\u0151l, a legfontosabb c\u00e9lkit\u0171z\u00e9seinkr\u0151l. C\u00e9lunk, hogy megk\u00f6nny\u00edts\u00fck a betegell\u00e1t\u00e1s folyamat\u00e1t a gyerekek \u00e9s a sz\u00fcl\u0151k sz\u00e1m\u00e1ra.<\/p>\n<p>&nbsp;<\/p>\n<p style=\"text-align: justify\"><strong>Milyen panaszokkal \u00e9rdemes s\u00fcrg\u0151ss\u00e9gi oszt\u00e1lyra menni?<\/strong><\/p>\n<p style=\"text-align: justify\">A s\u00fcrg\u0151ss\u00e9gi ell\u00e1t\u00e1s az akut panaszokkal foglalkozik, annak is a nem speci\u00e1lis ell\u00e1t\u00e1st ig\u00e9nyl\u0151 betegeivel, a s\u00falyoss\u00e1gt\u00f3l f\u00fcggetlen\u00fcl. S\u00fcrg\u0151ss\u00e9gi ell\u00e1t\u00e1st ig\u00e9nyel pl. egy l\u00e1zas csecsem\u0151, egy fullad\u00f3 kisgyermek, vagy egy folyamatosan h\u00e1ny\u00f3 kamasz. Nem tartozik a k\u00f3rh\u00e1zi s\u00fcrg\u0151ss\u00e9gi ell\u00e1t\u00e1s kereteibe egy hosszabban fenn\u00e1ll\u00f3 panasz kivizsg\u00e1l\u00e1sa, illetve a ter\u00fcleten, a h\u00e1ziorvosn\u00e1l ell\u00e1that\u00f3 betegek ell\u00e1t\u00e1sa, pl. a h\u00f3napok \u00f3ta fenn\u00e1ll\u00f3 has- vagy fejf\u00e1j\u00e1s vagy a hurutos k\u00f6h\u00f6g\u00e9s.<\/p>\n<p style=\"text-align: justify\">\u00a0<\/p>\n<p style=\"text-align: justify\"><strong>Mi \u00e9s hogyan t\u00f6rt\u00e9nik a gyerekekkel a S\u00fcrg\u0151ss\u00e9gi Oszt\u00e1lyon?<\/strong><\/p>\n<p style=\"text-align: justify\">Ha \u00d6n akut (heveny, r\u00f6vid ideje fenn\u00e1ll\u00f3 panaszokkal hozta a gyermek\u00e9t \u00e9s a \u00a0h\u00e1ziorvosa nem szakvizsg\u00e1latot javasolt, k\u00e9rj\u00fck h\u00fazzon sorsz\u00e1mot a felv\u00e9teli pult bal oldal\u00e1n tal\u00e1lhat\u00f3 sorsz\u00e1mh\u00faz\u00f3 \u00e1llv\u00e1nyb\u00f3l \u2013 narancs sz\u00edn, \u201eS\u00fcrg\u0151ss\u00e9gi ell\u00e1t\u00e1sra j\u00f6ttem\u201d). Ha kez\u00e9ben van a sorsz\u00e1m, akkor k\u00e9rj\u00fck figyelje a kijelz\u0151ket. Hamarosan beh\u00edvjuk a \u201eT\u201d bet\u0171vel jelzett ajt\u00f3n a tri\u00e1zsvizsg\u00e1l\u00f3ba.<\/p>\n<p style=\"text-align: justify\">El\u0151sz\u00f6r a t\u00fcnetek kik\u00e9rdez\u00e9se \u00e9s az \u00e1llapot s\u00falyoss\u00e1g felm\u00e9r\u00e9se t\u00f6rt\u00e9nik, ezt nevezik tri\u00e1zs vizsg\u00e1latnak. A tri\u00e1zst az oszt\u00e1ly n\u0151v\u00e9rei, \u00e1pol\u00f3i v\u00e9gzik, ez alapj\u00e1n h\u00edvjuk be a betegeket nem \u00e9rkez\u00e9s, hanem s\u00falyoss\u00e1g, alapj\u00e1n. Enyh\u00e9bb panaszok eset\u00e9n r\u00f6vid kik\u00e9rdez\u00e9s, \u00e1llapotfelm\u00e9r\u00e9s ut\u00e1n a v\u00e1r\u00f3teremben tudnak v\u00e1rakozni az orvosi vizsg\u00e1lat kezdet\u00e9ig. \u00a0A kijelz\u0151n megjelenik ism\u00e9t a h\u00fazott sorsz\u00e1m \u201eS1\/S2\u201d bet\u0171 jelz\u00e9ssel. Ekkor az \u201eS\u201d bet\u0171vel jelzett ajt\u00f3n tudnak bej\u00f6nni a vizsg\u00e1l\u00f3 helyis\u00e9g\u00fcnkbe. A bejut\u00e1s a kapott sorsz\u00e1m pap\u00edr vonalk\u00f3d seg\u00edts\u00e9g\u00e9vel lehets\u00e9ges.<br \/>\nAz ajt\u00f3 bal oldal\u00e1n tal\u00e1lhat\u00f3 a k\u00f3dleolvas\u00f3. A sorsz\u00e1mot vonalz\u00f3ddal felfel\u00e9 al\u00e1 kell tartani \u00e9s az ajt\u00f3 kiny\u00edlik.<\/p>\n<p style=\"text-align: justify\">Ezt k\u00f6vet\u0151en zajlik az orvosi vizsg\u00e1lat, mely sor\u00e1n m\u00e1s, tov\u00e1bbi vizsg\u00e1latok elv\u00e9gz\u00e9s\u00e9re is felmer\u00fclhet ig\u00e9ny: Pl. labor-, r\u00f6ntgen-, ultrahang-, vizeletvizsg\u00e1lat.<br \/>\nEzek a beavatkoz\u00e1sok plusz itt t\u00f6lt\u00f6tt v\u00e1rakoz\u00e1si id\u0151vel j\u00e1rnak.<br \/>\nAz oszt\u00e1lyunkon van lehet\u0151s\u00e9g helyben n\u00e9h\u00e1ny laborvizsg\u00e1latot elv\u00e9gezni, mely nagy seg\u00edts\u00e9g a betegell\u00e1t\u00e1s folyamat\u00e1ban.<\/p>\n<p style=\"text-align: justify\">\u00a0<\/p>\n<p style=\"text-align: justify\"><strong>A vizsg\u00e1lat(ok), eredm\u00e9nyek ut\u00e1n a k\u00f6vetkez\u0151 lehet\u0151s\u00e9gek vannak:<br \/>\n<\/strong>Amennyiben \u00fagy \u00edt\u00e9lj\u00fck meg, hogy a gyermek biztons\u00e1ggal otthon kezelhet\u0151, akkor ter\u00e1pi\u00e1s javaslat mellett hazabocs\u00e1jtjuk.<br \/>\nHa t\u00f6bb napos k\u00f3rh\u00e1zi ell\u00e1t\u00e1s sz\u00fcks\u00e9ges, Klinik\u00e1nk valamelyik oszt\u00e1ly\u00e1n helyezz\u00fck el a gyermeket (ritka esetben m\u00e1s int\u00e9zm\u00e9nyben).<br \/>\nAmennyiben ez azonnal nem eld\u00f6nthet\u0151 vagy r\u00f6vid, maximum egy napos k\u00f3rh\u00e1zi kezel\u00e9sre van sz\u00fcks\u00e9g, oszt\u00e1lyunk fektet\u0151j\u00e9be ker\u00fcl a gyermek.<\/p>\n<p style=\"text-align: justify\">A s\u00falyos \u00e1llapot\u00fa betegek a tri\u00e1zs vizsg\u00e1l\u00f3b\u00f3l egyb\u0151l valamelyik beteg vizsg\u00e1l\u00f3ba megy vagy (a s\u00falyoss\u00e1g m\u00e9rt\u00e9k\u00e9t\u0151l f\u00fcgg\u0151en) a shocktalan\u00edt\u00f3 helyis\u00e9gben l\u00e1tjuk el. Az \u00e1llapot stabiliz\u00e1l\u00e1sa ut\u00e1n pedig a betegs\u00e9g\u00e9nek megfelel\u0151 oszt\u00e1lyra ker\u00fcl tov\u00e1bbi ell\u00e1t\u00e1sra.<\/p>\n<p style=\"text-align: justify\">Oszt\u00e1lyunkon 5 \u00e1gyas fektet\u0151 m\u0171k\u00f6dtet\u00e9s\u00e9re van lehet\u0151s\u00e9g.<br \/>\nA fektet\u0151ben olyan betegek ker\u00fclnek elhelyez\u00e9sre, akik ell\u00e1t\u00e1sa, megfigyel\u00e9se r\u00f6vidt\u00e1von megoldhat\u00f3 (maximum 24 \u00f3ra) \u00e1llapotukban r\u00f6vid id\u0151n bel\u00fcli javul\u00e1s v\u00e1rhat\u00f3. Pl. inf\u00fazi\u00f3 ad\u00e1sa.<br \/>\nAz itt tart\u00f3zkod\u00f3 kis betegeinkkel term\u00e9szetesen egy sz\u00fcl\u0151 folyamatosan jelen lehet, hiszen a betegell\u00e1t\u00e1s a sz\u00fcl\u0151ket is belevonva t\u00f6rt\u00e9nik, ezzel is seg\u00edtve a gyermekek gy\u00f3gyul\u00e1si folyamat\u00e1t.<br \/>\nEz term\u00e9szetesen a sz\u00fcl\u0151k r\u00e9sz\u00e9r\u0151l is nagy odafigyel\u00e9st, t\u00fcrelmet ig\u00e9nyel mivel a fektet\u0151ben nem csak egy kor\u00fa, nem\u0171, betegs\u00e9g\u0171 gyermekek ell\u00e1t\u00e1sa zajlik ugyanabban az id\u0151ben.<br \/>\nK\u00e9rj\u00fck, a betegell\u00e1t\u00e1ssal kapcsolatosan a m\u0171szakban l\u00e9v\u0151 \u00e1pol\u00f3khoz forduljanak, akik mindenben sz\u00edvesen seg\u00edtenek \u00d6n\u00f6knek.<\/p>\n<p style=\"text-align: justify\">\u00a0<\/p>\n<p style=\"text-align: justify\"><strong>T\u00e1j\u00e9koztat\u00e1s<\/strong><\/p>\n<p style=\"text-align: justify\">Orvosaink \u00e9s n\u0151v\u00e9reink sz\u00e9les k\u00f6r\u0171 \u00e9s r\u00e9szletes t\u00e1j\u00e9koztat\u00e1s adnak a gyermeket \u00e9rint\u0151 vizsg\u00e1latokr\u00f3l, folyamatokr\u00f3l, tervezett beavatkoz\u00e1sokr\u00f3l. A vizsg\u00e1latok az \u00d6n\u00f6k megfelel\u0151 t\u00e1j\u00e9koztat\u00e1sa ut\u00e1n, az \u00d6n\u00f6k beleegyez\u00e9s\u00e9vel t\u00f6rt\u00e9nik. K\u00e9rj\u00fck, legyenek tekintettel a feladatainkra \u00e9s lehet\u0151s\u00e9g szerint a k\u00e9rd\u00e9seiket egy id\u0151ben tegy\u00e9k fel.<\/p>\n<p style=\"text-align: justify\">\u00a0<\/p>\n<p style=\"text-align: justify\"><strong>Gyermek- \u00e9s csal\u00e1dk\u00f6zpont\u00fa ell\u00e1t\u00e1s<\/strong><\/p>\n<p style=\"text-align: justify\">A Gyermekklinika (B\u00f3kay utcai r\u00e9szleg) S\u00fcrg\u0151ss\u00e9gi Oszt\u00e1ly\u00e1nak minden munkat\u00e1rsa elt\u00f6k\u00e9lt a gyermek- \u00e9s csal\u00e1dk\u00f6zpont\u00fa ell\u00e1t\u00e1s fontoss\u00e1g\u00e1t illet\u0151en. Ennek \u00e9rdek\u00e9ben:<br \/>\na sz\u00fcl\u0151k, hozz\u00e1tartoz\u00f3k minden ell\u00e1t\u00e1si folyamat sor\u00e1n egy\u00fctt lehetnek, megadva a gyermekeknek a megfelel\u0151 biztons\u00e1g\u00e9rzetet.<br \/>\nBetegeink biztons\u00e1ga els\u0151dleges sz\u00e1munkra, ez\u00e9rt az els\u0151dleges \u00e1llapotfelm\u00e9r\u00e9s (tri\u00e1zs) ut\u00e1n sz\u00fcks\u00e9g eset\u00e9n intenz\u00edv oszt\u00e1lyos szint\u0171 ell\u00e1t\u00e1st biztos\u00edtunk a shoktalan\u00edt\u00f3 betegell\u00e1t\u00f3 helyis\u00e9g\u00fcnkben.<br \/>\nEmellett elt\u00f6k\u00e9ltek vagyunk abban, hogy a beteg gyermekeket a lehet\u0151 legkisebb megterhel\u00e9s mellett gy\u00f3gy\u00edtsuk, felesleges k\u00f3rh\u00e1zi felv\u00e9tel, vizsg\u00e1lat ne t\u00f6rt\u00e9njen.<br \/>\nC\u00e9lunk, hogy az elker\u00fclhetetlen, f\u00e1jdalommal j\u00e1r\u00f3 beavatkoz\u00e1sok a lehet\u0151 legkisebb megterhel\u00e9st okozz\u00e1k, ennek \u00e9rdek\u00e9ben k\u00fcl\u00f6nb\u00f6z\u0151 f\u00e1jdalomcsillap\u00edt\u00f3, terhel\u00e9scs\u00f6kkent\u0151 technik\u00e1kat, ritk\u00e1n gy\u00f3gyszereket alkalmazunk.<br \/>\nHisz\u00fcnk abban, hogy minden gyermek egy\u00e9ni ig\u00e9nyeit is figyelembe kell vegy\u00fck, az ell\u00e1t\u00e1st racion\u00e1lis m\u00e9rt\u00e9kben szem\u00e9lyre, csal\u00e1dra kell adapt\u00e1ljuk.<br \/>\nAz ideol\u00f3giai, vall\u00e1si, sz\u00e1rmaz\u00e1si k\u00fcl\u00f6nb\u00f6z\u0151s\u00e9geket term\u00e9szetesnek tartjuk \u00e9s amennyiben sz\u00fcks\u00e9ges \u00e9s lehets\u00e9ges, a betegell\u00e1t\u00e1s sor\u00e1n figyelembe vessz\u00fck.<br \/>\nA k\u00f6rnyezet kialak\u00edt\u00e1s\u00e1n\u00e1l egyszerre szeretn\u00e9nk j\u00e1t\u00e9kosabb, term\u00e9szetes sz\u00edneket, form\u00e1kat haszn\u00e1lni, ugyanakkor a gyermekek fesz\u00fclts\u00e9g\u00e9t old\u00f3 nyugalmat sug\u00e1rozni.<\/p>\n<p style=\"text-align: justify\">\u00a0<\/p>\n<p style=\"text-align: justify\"><strong>H\u00e1zirend a fektet\u0151ben<\/strong><\/p>\n<p style=\"text-align: justify\">Az orvosi vizsg\u00e1lat ut\u00e1n ker\u00fclnek a betegek ell\u00e1t\u00e1sra, illetve megfigyel\u00e9sre a fektet\u0151 helyis\u00e9gben (maximum 24 \u00f3ra).<br \/>\nMinden gyermekn\u00e9l egy sz\u00fcl\u0151 jelenl\u00e9te indokolt (v\u00e1lthatj\u00e1k egym\u00e1st), aki r\u00e9szt tud venni az ell\u00e1t\u00e1sban, ezzel is el\u0151seg\u00edtve a gyermek gy\u00f3gyul\u00e1s\u00e1t.<br \/>\nA sz\u00fcl\u0151knek figyelembe kell venni, hogy a fektet\u0151ben t\u00f6bb gyermek ell\u00e1t\u00e1sa zajlik egy id\u0151ben, \u00edgy ez ig\u00e9nyelhet a sz\u00fcl\u0151k r\u00e9sz\u00e9r\u0151l t\u00fcrelmet \u00e9s odafigyel\u00e9st.<br \/>\nMinden sz\u00fcl\u0151 a saj\u00e1t gyermek\u00e9t l\u00e1tja el, saj\u00e1t gyermek\u00e9vel foglalkozik.<br \/>\nLegy\u00fcnk tekintettel a t\u00f6bbi betegre!<br \/>\nAz ell\u00e1t\u00e1s sor\u00e1n az \u00f6sszes vizsg\u00e1latr\u00f3l, beavatkoz\u00e1sr\u00f3l felvil\u00e1gos\u00edt\u00e1st kapnak a betegek\/sz\u00fcl\u0151k az ell\u00e1t\u00f3 orvost\u00f3l \u00e9s \u00e1pol\u00f3t\u00f3l.<br \/>\nHa k\u00e9rd\u00e9s\u00fck van, forduljanak bizalommal hozz\u00e1juk!<br \/>\nA folyamatos betegell\u00e1t\u00e1si rendszer miatt el\u0151fordulhat (t\u00f6bb \u00f3r\u00e1s bent tart\u00f3zkod\u00e1s eset\u00e9n), hogy nem egy kezel\u0151 orvos, hanem az oszt\u00e1lyon dolgoz\u00f3 orvosi csapat l\u00e1tja el gyermek\u00fcket.<br \/>\nAz \u00e1pol\u00f3k 12 \u00f3r\u00e1s m\u0171szakban dolgoznak, \u00edgy szint\u00e9n el\u0151fordulhat, hogy a kezel\u00e9si folyamat sor\u00e1n nappalos\/ \u00e9jszak\u00e1s \u00e1pol\u00f3 is r\u00e9szt vesz az ell\u00e1t\u00e1sban.<br \/>\nEnni- innival\u00f3 korl\u00e1tozott mennyis\u00e9gben hozhat\u00f3 be a t\u00e1rol\u00e1si neh\u00e9zs\u00e9gek miatt.<br \/>\nH\u0171t\u0151ben t\u00e1roland\u00f3 \u00e9lelmiszer korl\u00e1tozott mennyis\u00e9gben n\u00e9vvel ell\u00e1tva az \u00e1pol\u00f3k el tudj\u00e1k helyezni\/ kiadni a betegnek fenntartott h\u0171t\u0151ben.<br \/>\nAz \u00e9tkez\u00e9s a fektet\u0151 ter\u00fclet\u00e9n t\u00f6rt\u00e9nik.<br \/>\nFigyelj\u00fcnk a tisztas\u00e1gra!<br \/>\nA saj\u00e1t \u00e9rt\u00e9keik\u00e9rt (mobil telefon, tablet, stb.) felel\u0151ss\u00e9get nem tudunk v\u00e1llalni.<br \/>\nA t\u00f6bbi hozz\u00e1tartoz\u00f3t (t\u00f6bb \u00f3r\u00e1s itt tart\u00f3zkod\u00e1s eset\u00e9n) a sz\u00fcl\u0151k tudj\u00e1k felvil\u00e1gos\u00edtani.<\/p>\n<p style=\"text-align: justify\">Az oszt\u00e1ly dolgoz\u00f3inak meggy\u0151z\u0151d\u00e9se hogy egy\u00fctt (sz\u00fcl\u0151k, gyermekek, orvosok, \u00e1pol\u00f3k) k\u00f6z\u00f6sen, j\u00f3 hangulatban, hat\u00e9konyabb\u00e1 tudjuk tenni a betegell\u00e1t\u00e1s folyamat\u00e1t!<\/p>\n","protected":false},"excerpt":{"rendered":"<p>Gyermekgy\u00f3gy\u00e1szati Klinika (B\u00f3kay utcai r\u00e9szleg) S\u00fcrg\u0151ss\u00e9gi Oszt\u00e1ly Oszt\u00e1lyvezet\u0151: Dr. Kriv\u00e1csy P\u00e9ter Oszt\u00e1lyvezet\u0151 f\u0151n\u0151v\u00e9r: Sz\u00f6k\u0151n\u00e9 Galambos Anita\u00a0 \u00a0 \u00a0 \u00a0 \u00a0 \u00a0 \u00a0 \u00a0 \u00a0 \u00a0 Telefon: +36-1-334-31-86\/52627 +36-20-825-8252 Betegjogi k\u00e9pvisel\u0151:\u00a0 \u00a0 \u00a0 \u00a0 \u00a0 \u00a0 \u00a0 \u00a0 \u00a0 \u00a0 Erhardtn\u00e9 Dr. Gach\u00e1lyi Anik\u00f3 \u00a0\u00a0 <a href=\"https:\/\/semmelweis.hu\/bokayklinika\/betegellatas\/betegjogi-kepviselo\/\">el\u00e9rhet\u0151s\u00e9g \u00e9s fogad\u00f3 \u00f3ra<\/a> Kedves Sz\u00fcl\u0151k! K\u00f6sz\u00f6ntj\u00fck \u00d6n\u00f6ket a Gyermekklinika (B\u00f3kay utcai r\u00e9szleg) S\u00fcrg\u0151ss\u00e9gi Oszt\u00e1ly\u00e1n. &hellip;<\/p>\n","protected":false},"author":101739,"featured_media":0,"parent":95,"menu_order":12,"comment_status":"closed","ping_status":"closed","template":"","meta":{"_acf_changed":false,"footnotes":""},"categories":[],"tags":[],"class_list":["post-1139","page","type-page","status-publish","hentry"],"acf":[],"_links":{"self":[{"href":"https:\/\/semmelweis.hu\/bokayklinika\/wp-json\/wp\/v2\/pages\/1139","targetHints":{"allow":["GET"]}}],"collection":[{"href":"https:\/\/semmelweis.hu\/bokayklinika\/wp-json\/wp\/v2\/pages"}],"about":[{"href":"https:\/\/semmelweis.hu\/bokayklinika\/wp-json\/wp\/v2\/types\/page"}],"author":[{"embeddable":true,"href":"https:\/\/semmelweis.hu\/bokayklinika\/wp-json\/wp\/v2\/users\/101739"}],"replies":[{"embeddable":true,"href":"https:\/\/semmelweis.hu\/bokayklinika\/wp-json\/wp\/v2\/comments?post=1139"}],"version-history":[{"count":10,"href":"https:\/\/semmelweis.hu\/bokayklinika\/wp-json\/wp\/v2\/pages\/1139\/revisions"}],"predecessor-version":[{"id":6206,"href":"https:\/\/semmelweis.hu\/bokayklinika\/wp-json\/wp\/v2\/pages\/1139\/revisions\/6206"}],"up":[{"embeddable":true,"href":"https:\/\/semmelweis.hu\/bokayklinika\/wp-json\/wp\/v2\/pages\/95"}],"wp:attachment":[{"href":"https:\/\/semmelweis.hu\/bokayklinika\/wp-json\/wp\/v2\/media?parent=1139"}],"wp:term":[{"taxonomy":"category","embeddable":true,"href":"https:\/\/semmelweis.hu\/bokayklinika\/wp-json\/wp\/v2\/categories?post=1139"},{"taxonomy":"post_tag","embeddable":true,"href":"https:\/\/semmelweis.hu\/bokayklinika\/wp-json\/wp\/v2\/tags?post=1139"}],"curies":[{"name":"wp","href":"https:\/\/api.w.org\/{rel}","templated":true}]}}