{"id":1113,"date":"2020-06-30T16:22:13","date_gmt":"2020-06-30T14:22:13","guid":{"rendered":"https:\/\/semmelweis.hu\/gyermekklinika1\/?page_id=1113"},"modified":"2025-03-14T14:35:58","modified_gmt":"2025-03-14T13:35:58","slug":"neurologia-osztaly","status":"publish","type":"page","link":"https:\/\/semmelweis.hu\/bokayklinika\/betegellatas\/fekvobeteg-ellatas\/neurologia-osztaly\/","title":{"rendered":"Neurol\u00f3gia Oszt\u00e1ly"},"content":{"rendered":"<div class=\"keretes\">\n<p><strong>Gyermekgy\u00f3gy\u00e1szati Klinika<\/strong> (B\u00f3kay utcai r\u00e9szleg) <strong>Neurol\u00f3giai Oszt\u00e1ly<\/strong><br \/>\n<strong>Oszt\u00e1lyvezet\u0151:<\/strong> Dr. Farkas Viktor<br \/>\n<strong>Oszt\u00e1lyvezet\u0151 f\u0151n\u0151v\u00e9r:<\/strong> N\u00e9meth S\u00e1ndorn\u00e9<br \/>\n<strong>Telefon: <\/strong>+36-1-334-3186\/52695<br \/>\n\/52659 Orvosi szoba<br \/>\n\/52604 N\u0151v\u00e9rpult<\/p>\n<p><strong>Betegjogi k\u00e9pvisel\u0151:<\/strong>\u00a0 \u00a0 \u00a0 \u00a0 \u00a0 \u00a0 \u00a0 \u00a0 \u00a0 \u00a0 \u00a0 \u00a0 \u00a0 Erhardtn\u00e9 Dr. Gach\u00e1lyi Anik\u00f3 \u00a0\u00a0 \u00a0\u00a0 \u00a0\u00a0 <a href=\"https:\/\/semmelweis.hu\/bokayklinika\/betegellatas\/betegjogi-kepviselo\/\">el\u00e9rhet\u0151s\u00e9g \u00e9s fogad\u00f3 \u00f3ra<\/a><\/p>\n<\/div>\n<p style=\"text-align: justify\">Kedves Sz\u00fcl\u0151k!<\/p>\n<p>K\u00f6sz\u00f6ntj\u00fck \u00d6n\u00f6ket a Gyermekklinika (B\u00f3kay utcai r\u00e9szleg) Gyermekneurol\u00f3gia oszt\u00e1ly\u00e1n! K\u00e9rj\u00fck \u00d6n\u00f6ket, hogy olvass\u00e1k el az al\u00e1bbi t\u00e1j\u00e9koztat\u00f3t, amelyben a h\u00e1zirend \u00e1ltalunk legfontosabbnak tartott r\u00e9szleteit emelt\u00fck ki. K\u00e9rj\u00fck, hogy tarts\u00e1k be a felsoroltakat annak \u00e9rdek\u00e9ben, hogy min\u00e9l z\u00f6kken\u0151mentesebb lehessen az egy\u00fcttm\u0171k\u00f6d\u00e9s\u00fcnk az elk\u00f6vetkez\u0151 napokban.<\/p>\n<p>&nbsp;<\/p>\n<p>&nbsp;<\/p>\n<p><strong>Gyermekideggy\u00f3gy\u00e1szati fekv\u0151beteg ell\u00e1t\u00e1s a <a href=\"https:\/\/semmelweis.hu\/tuzoltoklinika\/\" target=\"_blank\" rel=\"noopener\">Gyermekgy\u00f3gy\u00e1szati Klinika T\u0171zolt\u00f3 utcai R\u00e9szleg\u00e9n<\/a> t\u00f6rt\u00e9nik <\/strong>(1094 Budapest, T\u0171zolt\u00f3 u. 7-9.)<\/p>\n<p><strong>Neurol\u00f3giai oszt\u00e1ly <\/strong>(oszt\u00e1lyvezet\u0151: Dr. Farkas M. Krist\u00f3f)\u00a0<\/p>\n<p><strong>Neurol\u00f3giai Ritka Betegs\u00e9gek oszt\u00e1lya <\/strong>(oszt\u00e1lyvezet\u0151: Dr. Szab\u00f3 L\u00e9na)<\/p>\n<p style=\"text-align: justify\"><strong>S\u00fcrg\u0151ss\u00e9gi Gyermekideggy\u00f3gy\u00e1szati ell\u00e1t\u00e1s: <\/strong>A klinik\u00e1nkon napi 24 \u00f3r\u00e1ban m\u0171k\u00f6d\u0151 S\u00fcrg\u0151ss\u00e9gi Betegell\u00e1t\u00f3 R\u00e9szleg felkeres\u00e9s\u00e9vel lehets\u00e9ges, melynek helye: 1083 Budapest, B\u00f3kay J. u. 53., f\u00f6ldszint<\/p>\n<p><strong>Oszt\u00e1lyunkr\u00f3l<\/strong><\/p>\n<p style=\"text-align: justify\">Oszt\u00e1lyunk 12 \u00e1ggyal m\u0171k\u00f6dik a B\u00f3kay J. u. 53. sz\u00e1m alatti telephely, II. emelet\u00e9n. Az oszt\u00e1lyvezet\u0151 mellett, 2 f\u0151 szakorvos, valamint 2 f\u0151 rezidens orvos, 5 f\u0151 szakk\u00e9pzett n\u0151v\u00e9r, 2\u00a0 f\u0151 EEG-s asszisztens v\u00e9gzi az oszt\u00e1lyos munk\u00e1t. Ehhez t\u00e1rsul m\u00e9g a Neurol\u00f3giai szakambulancia \u00e9s az EEG labor. A sz\u00fcl\u0151k k\u00f6z\u00fcl egyik\u00fck, eg\u00e9sz nap a gyermek mellett tart\u00f3zkodhat.<\/p>\n<p><strong><u>Gyermekideggy\u00f3gy\u00e1szati j\u00e1r\u00f3beteg ell\u00e1t\u00e1s<\/u><\/strong><br \/>\nEl\u0151zetes id\u0151pont foglal\u00e1st k\u00f6vet\u0151en illetve el\u0151re egyeztetett id\u0151pontban \u00a0a 1083 Budapest, B\u00f3kay J. u 54. sz\u00e1m alatti \u00e9p\u00fclet f\u00f6ldszinti betegir\u00e1ny\u00edt\u00f3 pultj\u00e1n\u00e1l t\u00f6rt\u00e9nt bejelentkez\u00e9st k\u00f6vet\u0151en lehets\u00e9ges. A gyermekideggy\u00f3gy\u00e1szati j\u00e1r\u00f3beteg vizsg\u00e1latok helye: 1083 Budapest, B\u00f3kay J. u 54., Gyermekneurol\u00f3giai Ambulancia.\u00a0<\/p>\n<p style=\"text-align: justify\"><strong>Id\u0151pontk\u00e9r\u00e9s \u00e9s foglal\u00e1s<\/strong><br \/>\nGyermekideggy\u00f3gy\u00e1szati j\u00e1r\u00f3beteg ell\u00e1t\u00e1sra, illetve szakorvosi\u00a0 vizsg\u00e1latra\u00a0 <strong>az online m\u00f3don m\u0171k\u00f6d\u0151 \u00a0id\u0151pont foglal\u00e1si rendszer\u00fcnk\u00f6n kereszt\u00fcl lehets\u00e9ges foglal\u00e1s lead\u00e1sa: (<a href=\"https:\/\/elojegyzes.meditime.hu\/14\">https:\/\/elojegyzes.meditime.hu\/14<\/a>)\u00a0<\/strong><\/p>\n<p><strong>Rendel\u00e9si id\u0151k<\/strong><\/p>\n<table style=\"border-collapse: collapse;width: 100%\">\n<tbody>\n<tr>\n<td style=\"width: 19.4424%;text-align: center\"><strong>H\u00c9TF\u0150<\/strong><\/td>\n<td style=\"width: 31.3697%;text-align: center\"><strong>10:00 &#8211; 12:00<\/strong><\/td>\n<td style=\"width: 49.1878%\" rowspan=\"2\"><strong>Dr. Farkas M. Krist\u00f3f<\/strong><\/td>\n<\/tr>\n<tr>\n<td style=\"width: 19.4424%;text-align: center\"><strong>KEDD<\/strong><\/td>\n<td style=\"width: 31.3697%;text-align: center\"><strong>09:00 &#8211; 12:00\u00a0<\/strong><\/td>\n<\/tr>\n<tr>\n<td style=\"width: 19.4424%;text-align: center\"><strong>SZERDA<\/strong><\/td>\n<td style=\"width: 31.3697%;text-align: center\"><strong>10:00 &#8211; 12:00<\/strong><\/td>\n<td style=\"width: 49.1878%\"><strong>Dr. Farkas Viktor<\/strong><\/td>\n<\/tr>\n<tr>\n<td style=\"width: 19.4424%;text-align: center\"><strong>CS\u00dcT\u00d6RT\u00d6K<\/strong><\/td>\n<td style=\"width: 31.3697%;text-align: center\"><strong>09:00 &#8211; 12:00<\/strong><\/td>\n<td style=\"width: 49.1878%\"><strong>Dr. Szeifert Lilla<\/strong><\/td>\n<\/tr>\n<tr>\n<td style=\"width: 19.4424%;text-align: center\"><strong>P\u00c9NTEK<\/strong><\/td>\n<td style=\"width: 31.3697%;text-align: center\"><strong>09:00 &#8211; 12:00<\/strong><\/td>\n<td style=\"width: 49.1878%\"><strong>Dr. Szeifert Lilla, \u00a0Dr. Farkas Viktor<\/strong><\/td>\n<\/tr>\n<\/tbody>\n<\/table>\n<p>&nbsp;<\/p>\n<p style=\"text-align: justify\"><strong><u>EEG vizsg\u00e1lat j\u00e1r\u00f3beteg ell\u00e1t\u00e1s form\u00e1j\u00e1ban<\/u><\/strong><br \/>\nA vizsg\u00e1latok helysz\u00edne: 1083 Budapest, B\u00f3kay J. u. 53., II. emelet. Kiz\u00e1r\u00f3lag orvosi beutal\u00f3val tudunk beteget fogadni, el\u0151zetes id\u0151pont foglal\u00e1s nyom\u00e1n.<br \/>\nEEG j\u00e1r\u00f3beteg rendel\u00e9s id\u0151pontja: cs\u00fct\u00f6rt\u00f6k 09:00-11:00<br \/>\nId\u0151pontfoglal\u00e1s: az online id\u0151pont foglal\u00e1si rendszer\u00fcnk\u00f6n (<strong><a href=\"https:\/\/elojegyzes.meditime.hu\/14\">https:\/\/elojegyzes.meditime.hu\/14<\/a><\/strong>)<\/p>\n<p>&nbsp;<\/p>\n<p style=\"text-align: justify\"><strong><u>S\u00fcrg\u0151ss\u00e9gi gyermekideggy\u00f3gy\u00e1szati ell\u00e1t\u00e1s<\/u><\/strong><\/p>\n<p style=\"text-align: justify\">A klinik\u00e1nkon non-stop rendszerben m\u0171k\u00f6d\u0151 s\u00fcrg\u0151ss\u00e9gi betegell\u00e1t\u00f3 r\u00e9szleg felkeres\u00e9s\u00e9vel lehets\u00e9ges, melynek helye: 1083 Budapest, B\u00f3kay J. u 53., f\u00f6ldszint.<br \/>\nK\u00e9rj\u00fck, hogy mind a j\u00e1r\u00f3, mind a fekv\u0151beteg ell\u00e1t\u00e1shoz a gyermek TAJ k\u00e1rty\u00e1j\u00e1t, kor\u00e1bbi z\u00e1r\u00f3jelent\u00e9seket, valamint valamennyi orvosi dokument\u00e1ci\u00f3j\u00e1t hozz\u00e1k magukkal.<\/p>\n<p><strong><u>Orvosi beutal\u00f3<\/u><\/strong> az \u00faj betegek \u00e9s a 6 h\u00f3napn\u00e1l r\u00e9gebben itt j\u00e1rt p\u00e1ciensek sz\u00e1m\u00e1ra k\u00f6telez\u0151.<\/p>\n<p><strong>Kiv\u00e9teles esetekben<\/strong> id\u0151pontk\u00e9r\u00e9sre, illetve telefonos konzult\u00e1ci\u00f3ra \u00a0munkanapokon a 06-1-334-3186\/52695 telefonsz\u00e1mon 12:00-14:00 \u00f3ra k\u00f6z\u00f6tt van lehet\u0151s\u00e9g.<\/p>\n<p>Laborleletek \u00e9s egy\u00e9b eg\u00e9szs\u00e9g\u00fcgyi dokumentumok, p\u00e9ld\u00e1ul: receptek, igazol\u00e1sok, javaslatok, stb. kiad\u00e1sa j\u00e1r\u00f3beteg rendel\u00e9si id\u0151ben t\u00f6rt\u00e9nik.<\/p>\n<p>Z\u00e1r\u00f3jelent\u00e9sek kiad\u00e1sa munkanapokon 13:00-14:00 \u00f3ra k\u00f6z\u00f6tt t\u00f6rt\u00e9nik a 1083 Budapest, B\u00f3kay J. u 53., II. emeleti Gyermekneurol\u00f3giai Oszt\u00e1lyon.<\/p>\n<p>A j\u00e1r\u00f3betegrendel\u00e9sen, \u00fajsz\u00fcl\u00f6ttkort\u00f3l, 18 \u00e9ves korig biztos\u00edtunk gyermekideggy\u00f3gy\u00e1szati ell\u00e1t\u00e1st. EEG laborunkban \u00fajsz\u00fcl\u00f6tt, csecsem\u0151 \u00e9s gyermek video-EEG vizsg\u00e1latokra, alv\u00e1smegvon\u00e1sos EEG vizsg\u00e1latokra \u00e9s tart\u00f3s video-EEG monitoriz\u00e1l\u00e1sra van lehet\u0151s\u00e9g.<\/p>\n<p>A legk\u00fcl\u00f6nb\u00f6z\u0151bb csecsem\u0151 \u00e9s gyermekneurol\u00f3giai betegeket fogadjuk. \u00cdgy p\u00e9ld\u00e1ul visszat\u00e9r\u0151 fejf\u00e1j\u00e1sbetegs\u00e9gek, gyermekkori migr\u00e9n, gyermekkori pszichomotoros fejl\u0151d\u00e9sben val\u00f3 elmarad\u00e1s, neurofibromatosis, sclerosis tuberosa, idegrendszeri anyagcserebetegs\u00e9gek, tanul\u00e1si zavarok, idegrendszeri fert\u0151z\u00e9sek, l\u00e1zg\u00f6rcs, epilepszi\u00e1s \u00e9s nem epilepszi\u00e1s g\u00f6rcs\u00f6s \u00e1llapotok, neuro-immunol\u00f3giai betegs\u00e9gek, f\u00e1jdalomszindr\u00f3m\u00e1k, ritka betegs\u00e9gek, stb. Munk\u00e1nkat a Semmelweis Egyetem t\u00e1rsint\u00e9zm\u00e9nyeiben m\u0171k\u00f6d\u0151 speci\u00e1lis szakambulanci\u00e1k \u00e9s laborat\u00f3riumok (EMG-ENG, szem\u00e9szet, gy\u00f3gyszerszint m\u00e9r\u00e9s, neuro-genetikai vizsg\u00e1latok, v\u00e9r-likvor, toxicol\u00f3gia) seg\u00edtik.<\/p>\n<p>&nbsp;<\/p>\n<p><strong>S\u00falyponti betegs\u00e9gek az al\u00e1bbiak<\/strong><br \/>\nFejf\u00e1j\u00e1s ambulancia: visszat\u00e9r\u0151 gyermek- \u00e9s serd\u00fcl\u0151kori fejf\u00e1j\u00e1sbetegs\u00e9gek, k\u00fcl\u00f6n\u00f6s tekintettel a gyermekkori migr\u00e9n, tenzi\u00f3s fejf\u00e1j\u00e1sform\u00e1k diagnosztik\u00e1j\u00e1ra, ter\u00e1pi\u00e1j\u00e1ra, gondoz\u00e1s\u00e1ra.<\/p>\n<p style=\"text-align: justify\">G\u00f6rcs\u00f6s \u00e1llapotok-epileptol\u00f3gai ambulancia: csecsem\u0151kori-, gyermek \u00e9s serd\u00fcl\u0151kori g\u00f6rcs\u00f6s \u00e1llapotok, epilepszi\u00e1k kivizsg\u00e1l\u00e1sa, diagnosztik\u00e1ja, ter\u00e1pi\u00e1ja, gondoz\u00e1sa. Antiepilepszi\u00e1s gy\u00f3gyszeres ter\u00e1pia \u00e9s nem gy\u00f3gyszeres ter\u00e1pia p\u00e9ld\u00e1ul ketog\u00e9n di\u00e9ta, vagusideg ingerl\u00e9s, k\u00fcl\u00f6n\u00f6s tekintettel a ter\u00e1pi\u00e1san nehezen befoly\u00e1solhat\u00f3 csecsem\u0151 \u00e9s gyermekkori epilepszia szindrom\u00e1kra, l\u00e1zg\u00f6rcsre.<\/p>\n<p>Csecsem\u0151 \u00e9s gyermekkori idegrendszeri anyagcsere betegs\u00e9gek: diagnosztikai vizsg\u00e1latok, gy\u00f3gyszeres \u00e9s \u2013gy\u00f3gyszeres ter\u00e1pia, gondoz\u00e1s.<\/p>\n<p>Fejl\u0151d\u00e9sneurol\u00f3gia rendel\u00e9s: \u00fajsz\u00fcl\u00f6tt \u00e9s csecsem\u0151 fejl\u0151d\u00e9sneurol\u00f3gai vizsg\u00e1latok.<\/p>\n<p>&nbsp;<\/p>\n<p style=\"text-align: justify\"><strong>T\u00e1j\u00e9koztat\u00e1s<\/strong><br \/>\nElk\u00f6telezettek vagyunk abban, hogy gyermek\u00fck \u00e1llapot\u00e1r\u00f3l, \u00e9s a vizsg\u00e1lati eredm\u00e9nyekr\u0151l a legteljesebb t\u00e1j\u00e9koztat\u00e1st ny\u00fajtsunk. A beteg kezel\u00e9s\u00e9t szakorvosaink az oszt\u00e1lyvezet\u0151 f\u0151orvos ellen\u0151rz\u00e9s\u00e9vel v\u00e9gzik. \u00a0Az oszt\u00e1lyos rezidens orvosok h\u00e1rom havonta forg\u00f3 rendszerben v\u00e1ltj\u00e1k egym\u00e1st. \u00dcgyeleti id\u0151ben csak akut \u00e1llapot v\u00e1ltoz\u00e1sr\u00f3l tud az \u00fcgyeletes orvos t\u00e1j\u00e9koztat\u00e1st adni.<\/p>\n<p style=\"text-align: justify\">A betegs\u00e9ggel, gy\u00f3gy\u00edt\u00e1ssal kapcsolatos inform\u00e1ci\u00f3kat az oszt\u00e1lyon dolgoz\u00f3 orvosok adhatnak munkaid\u0151ben, 09:00-15:00 \u00f3ra k\u00f6z\u00f6tt. A n\u0151v\u00e9rek kiz\u00e1r\u00f3lag csak az \u00e1pol\u00e1ssal kapcsolatban adhatnak t\u00e1j\u00e9koztat\u00e1st. A t\u00f6rv\u00e9nyi el\u0151\u00edr\u00e1soknak megfelel\u0151en csak az \u00e9desany\u00e1nak, \u00e9desap\u00e1nak, t\u00f6rv\u00e9nyes gondvisel\u0151nek, illetve a gyermek h\u00e1ziorvos\u00e1nak \u00e9s a v\u00e9d\u0151n\u0151nek adunk t\u00e1j\u00e9koztat\u00e1st a beteg \u00e1llapot\u00e1r\u00f3l. K\u00e9rj\u00fck, hogy a t\u00f6bbi csal\u00e1dtagot \u00d6n\u00f6k inform\u00e1lj\u00e1k a kapott t\u00e1j\u00e9koztat\u00e1s alapj\u00e1n.<\/p>\n<p><strong>\u00c9tkeztet\u00e9s rendje<\/strong><\/p>\n<table style=\"border-collapse: collapse;width: 100%\">\n<tbody>\n<tr>\n<td style=\"width: 50%;text-align: right\">Reggeli<\/td>\n<td style=\"width: 50%;text-align: center\">08:00-09:00<\/td>\n<\/tr>\n<tr>\n<td style=\"width: 50%;text-align: right\">Eb\u00e9d<\/td>\n<td style=\"width: 50%;text-align: center\">12:00-13:00<\/td>\n<\/tr>\n<tr>\n<td style=\"width: 50%;text-align: right\">Vacsora<\/td>\n<td style=\"width: 50%;text-align: center\">17:00-18:00<\/td>\n<\/tr>\n<\/tbody>\n<\/table>\n<p>&nbsp;<\/p>\n<p style=\"text-align: justify\">Oszt\u00e1lyunkon lehet\u0151s\u00e9g van h\u0171t\u0151szekr\u00e9ny \u00e9s mikrohull\u00e1m\u00fa s\u00fct\u0151 haszn\u00e1lat\u00e1ra. K\u00e9rj\u00fck, hogy a h\u0171t\u0151be csak n\u00e9vvel ell\u00e1tott \u00e9lelmiszereket tegyenek be. Ennek hi\u00e1nya miatt az \u00e9lelmiszer elt\u00e1vol\u00edt\u00e1sra ker\u00fcl.<\/p>\n<p style=\"text-align: justify\">Az oszt\u00e1lyunkon zajl\u00f3 egyetemi \u00e9s oktat\u00e1si munka kapcs\u00e1n, alkalmank\u00e9nt \u00e1tmeneti zs\u00fafolts\u00e1g alakulhat ki, emiatt k\u00e9rj\u00fck sz\u00edves meg\u00e9rt\u00e9s\u00fcket, t\u00fcrelm\u00fcket, egy\u00fcttm\u0171k\u00f6d\u00e9s\u00fcket!<\/p>\n<p>&nbsp;<\/p>\n<p><strong>L\u00e1togat\u00e1s<\/strong><br \/>\nEgy feln\u0151tt k\u00f6zvetlen hozz\u00e1tartoz\u00f3, folyamatosan a beteg mellett tart\u00f3zkodhat.<\/p>\n<p>&nbsp;<\/p>\n<p><strong>L\u00e1togat\u00e1si id\u0151<\/strong><\/p>\n<table style=\"border-collapse: collapse;width: 84.4364%\">\n<tbody>\n<tr>\n<td style=\"width: 40.0364%;text-align: center\"><strong>MINDEN NAP<\/strong><\/td>\n<td style=\"width: 44.4%;text-align: center\"><strong>15:00 &#8211; 19:00<\/strong><\/td>\n<\/tr>\n<\/tbody>\n<\/table>\n<p>&nbsp;<\/p>\n<p style=\"text-align: justify\">Hisz\u00fcnk abban, hogy az \u00e9desany\u00e1k \u00e9s \u00e9desap\u00e1k jelenl\u00e9te gyermek\u00fck mellett, nagym\u00e9rt\u00e9kben n\u00f6veli a gy\u00f3gyul\u00e1s es\u00e9lyeit, cs\u00f6kkenti az \u00e1pol\u00e1si napok sz\u00e1m\u00e1t. Ez\u00e9rt t\u00f6reksz\u00fcnk arra, hogy gyermek\u00fck betegs\u00e9g\u00e9nek s\u00falyoss\u00e1g\u00e1t\u00f3l f\u00fcggetlen\u00fcl is, min\u00e9l t\u00f6bb id\u0151t t\u00f6lthessenek egy\u00fctt a gyermekkel. Az oszt\u00e1lyon rendelkez\u00e9sre \u00e1ll\u00f3 sz\u0171k\u00f6s helyek \u00e9s a betegek \u00f6sszet\u00e9tele (esetleg k\u00fcl\u00f6nbox) azonban bizonyos korl\u00e1tokat jelentenek.<\/p>\n<p style=\"text-align: justify\">K\u00e9rj\u00fck ez\u00e9rt az al\u00e1bbi szab\u00e1lyok betart\u00e1s\u00e1t:<\/p>\n<ul>\n<li>Napk\u00f6zben egyszerre csak egy sz\u00fcl\u0151 tart\u00f3zkodjon a gyermek mellett.<\/li>\n<li>A beteg gyermeket 14 \u00e9ven aluli hozz\u00e1tartoz\u00f3 nem l\u00e1togathatja.<\/li>\n<li>K\u00e9rj\u00fck a sz\u00fcl\u0151ket, hogy a gyermek\u00fck k\u00f3rh\u00e1zi \u00e1gy\u00e1ba illetve \u00fcres \u00e1gyakba ne \u00fcljenek, ne fek\u00fcdjenek bele.<\/li>\n<li>Az orvosi m\u0171szerek be\u00e1ll\u00edt\u00e1sa vagy kikapcsol\u00e1sa nem a sz\u00fcl\u0151 feladata, ezekhez csak \u00e1pol\u00f3 vagy orvos ny\u00falhat!<\/li>\n<li>A k\u00f3rh\u00e1zban tart\u00f3zkod\u00f3 sz\u00fcl\u0151 ell\u00e1t\u00e1sa, \u00e9lelmez\u00e9se nem oszt\u00e1lyos feladat.<\/li>\n<li>A Klinika eg\u00e9sz ter\u00fclet\u00e9n tilos a doh\u00e1nyz\u00e1s!<\/li>\n<li>A bennfekv\u0151 gyermek a k\u00f3rh\u00e1z \u00e9p\u00fclet\u00e9t nem hagyhatja el, csak vizsg\u00e1lat c\u00e9lj\u00e1b\u00f3l!<\/li>\n<li>A gyermek hozz\u00e1tartoz\u00f3inak, bar\u00e1tainak a l\u00e1togat\u00e1si id\u0151ben van lehet\u0151s\u00e9g\u00fck, hogy a beteget megl\u00e1togass\u00e1k.<\/li>\n<\/ul>\n<p>&nbsp;<\/p>\n<p style=\"text-align: justify\"><strong>Sz\u00fcl\u0151k tart\u00f3zkod\u00e1sa a klinik\u00e1n<\/strong><br \/>\nFontosnak tartjuk, hogy \u00d6n a gyermeke k\u00f6zel\u00e9ben lehessen a gyermek ell\u00e1t\u00e1sa sor\u00e1n. Ennek \u00e9rdek\u00e9ben els\u0151sorban szoptat\u00f3s \u00e9desany\u00e1k, s\u00falyos \u00e1llapotban l\u00e9v\u0151 gyermekek sz\u00fclei vagy m\u00e9g haza nem adhat\u00f3, de az oszt\u00e1lyon m\u00e1r 24 \u00f3r\u00e1ban nem sz\u00fcks\u00e9gszer\u0171en tart\u00f3zkod\u00f3, els\u0151sorban kr\u00f3nikus betegek \u00e9s sz\u00fcleik sz\u00e1m\u00e1ra korl\u00e1tozott sz\u00e1mban rendelkez\u00e9sre \u00e1llnak a klinika 2. emelet\u00e9n tal\u00e1lhat\u00f3 \u201ebaba-mama szob\u00e1k\u201d. \u00a0Ezek ig\u00e9nybe v\u00e9tel\u00e9re a fentieket figyelembe v\u00e9ve \u00e9s a szob\u00e1k foglalts\u00e1g\u00e1t\u00f3l f\u00fcgg\u0151en ker\u00fclhet sor. A nem budapesti, \u00e9s v\u00e1rhat\u00f3an a klinik\u00e1n hosszabb ideig tart\u00f3zkod\u00f3 csal\u00e1dok\/sz\u00fcl\u0151k sz\u00e1m\u00e1ra a klinik\u00e1val szomsz\u00e9dos utc\u00e1ban tal\u00e1lhat\u00f3, Ronald McDonald\u2019s Alap\u00edtv\u00e1ny \u00e1ltal m\u0171k\u00f6dtetett h\u00e1zban ingyenes sz\u00e1ll\u00e1sra van lehet\u0151s\u00e9g. Mindk\u00e9t sz\u00e1ll\u00e1slehet\u0151s\u00e9g ig\u00e9nybev\u00e9tele el\u0151zetes egyeztet\u00e9st k\u00edv\u00e1n az adott oszt\u00e1ly f\u0151n\u0151v\u00e9r\u00e9vel, illetve a kezel\u0151orvossal.<\/p>\n<p style=\"text-align: justify\">Klinik\u00e1nk oszt\u00e1lyainak t\u00f6bbs\u00e9g\u00e9n a fentiek mellett kinyithat\u00f3 \u00e1gyakon, fotel\u00e1gyakon tudunk \u00e9jszak\u00e1ra pihen\u00e9si lehet\u0151s\u00e9get biztos\u00edtani az egyik sz\u00fcl\u0151 sz\u00e1m\u00e1ra. A kisebb betegszob\u00e1kn\u00e1l, ahol a beteg\u00e1gyak mellett tov\u00e1bbi fekv\u0151hely elhelyez\u00e9s\u00e9re nincs lehet\u0151s\u00e9g, a klinika ter\u00fclet\u00e9n igyeksz\u00fcnk megoldani ig\u00e9ny eset\u00e9n az egyik sz\u00fcl\u0151 elhelyez\u00e9s\u00e9t.<\/p>\n<p style=\"text-align: justify\">Tisztelettel k\u00e9rj\u00fck \u00e9s felh\u00edvjuk figyelm\u00fcket, hogy klinik\u00e1nkon kezelt egyik gyermek sem szenvedhet h\u00e1tr\u00e1nyt, \u00edgy els\u0151dleges a gyermekek biztons\u00e1gos ell\u00e1t\u00e1sa. Ennek \u00e9rdek\u00e9ben \u00e9s ennek seg\u00edt\u00e9s\u00e9re k\u00e9rj\u00fck a \u201eSz\u00fcl\u0151i t\u00e1j\u00e9koztat\u00f3ban\u201d le\u00edrtak \u00e9s a klinika h\u00e1zirendj\u00e9nek, id\u0151beoszt\u00e1s\u00e1nak betart\u00e1s\u00e1t!<\/p>\n<p style=\"text-align: justify\">K\u00f6sz\u00f6nj\u00fck egy\u00fcttm\u0171k\u00f6d\u00e9s\u00fcket, amelynek c\u00e9lja gyermek\u00fck min\u00e9l biztons\u00e1gosabb \u00e9s gyorsabb ell\u00e1t\u00e1sa \u00e9s otthon\u00e1ba bocs\u00e1t\u00e1sa.<\/p>\n<p style=\"text-align: justify\">\u00a0<\/p>\n","protected":false},"excerpt":{"rendered":"<p>Gyermekgy\u00f3gy\u00e1szati Klinika (B\u00f3kay utcai r\u00e9szleg) Neurol\u00f3giai Oszt\u00e1ly Oszt\u00e1lyvezet\u0151: Dr. Farkas Viktor Oszt\u00e1lyvezet\u0151 f\u0151n\u0151v\u00e9r: N\u00e9meth S\u00e1ndorn\u00e9 Telefon: +36-1-334-3186\/52695 \/52659 Orvosi szoba \/52604 N\u0151v\u00e9rpult Betegjogi k\u00e9pvisel\u0151:\u00a0 \u00a0 \u00a0 \u00a0 \u00a0 \u00a0 \u00a0 \u00a0 \u00a0 \u00a0 \u00a0 \u00a0 \u00a0 Erhardtn\u00e9 Dr. Gach\u00e1lyi Anik\u00f3 \u00a0\u00a0 \u00a0\u00a0 \u00a0\u00a0 <a href=\"https:\/\/semmelweis.hu\/bokayklinika\/betegellatas\/betegjogi-kepviselo\/\">el\u00e9rhet\u0151s\u00e9g \u00e9s fogad\u00f3 \u00f3ra<\/a> Kedves Sz\u00fcl\u0151k! K\u00f6sz\u00f6ntj\u00fck \u00d6n\u00f6ket a Gyermekklinika (B\u00f3kay utcai r\u00e9szleg) Gyermekneurol\u00f3gia oszt\u00e1ly\u00e1n! K\u00e9rj\u00fck &hellip;<\/p>\n","protected":false},"author":101739,"featured_media":0,"parent":95,"menu_order":0,"comment_status":"closed","ping_status":"closed","template":"","meta":{"_acf_changed":false,"footnotes":""},"categories":[],"tags":[],"class_list":["post-1113","page","type-page","status-publish","hentry"],"acf":[],"_links":{"self":[{"href":"https:\/\/semmelweis.hu\/bokayklinika\/wp-json\/wp\/v2\/pages\/1113","targetHints":{"allow":["GET"]}}],"collection":[{"href":"https:\/\/semmelweis.hu\/bokayklinika\/wp-json\/wp\/v2\/pages"}],"about":[{"href":"https:\/\/semmelweis.hu\/bokayklinika\/wp-json\/wp\/v2\/types\/page"}],"author":[{"embeddable":true,"href":"https:\/\/semmelweis.hu\/bokayklinika\/wp-json\/wp\/v2\/users\/101739"}],"replies":[{"embeddable":true,"href":"https:\/\/semmelweis.hu\/bokayklinika\/wp-json\/wp\/v2\/comments?post=1113"}],"version-history":[{"count":12,"href":"https:\/\/semmelweis.hu\/bokayklinika\/wp-json\/wp\/v2\/pages\/1113\/revisions"}],"predecessor-version":[{"id":6962,"href":"https:\/\/semmelweis.hu\/bokayklinika\/wp-json\/wp\/v2\/pages\/1113\/revisions\/6962"}],"up":[{"embeddable":true,"href":"https:\/\/semmelweis.hu\/bokayklinika\/wp-json\/wp\/v2\/pages\/95"}],"wp:attachment":[{"href":"https:\/\/semmelweis.hu\/bokayklinika\/wp-json\/wp\/v2\/media?parent=1113"}],"wp:term":[{"taxonomy":"category","embeddable":true,"href":"https:\/\/semmelweis.hu\/bokayklinika\/wp-json\/wp\/v2\/categories?post=1113"},{"taxonomy":"post_tag","embeddable":true,"href":"https:\/\/semmelweis.hu\/bokayklinika\/wp-json\/wp\/v2\/tags?post=1113"}],"curies":[{"name":"wp","href":"https:\/\/api.w.org\/{rel}","templated":true}]}}