{"id":1043,"date":"2020-06-29T15:42:42","date_gmt":"2020-06-29T13:42:42","guid":{"rendered":"https:\/\/semmelweis.hu\/gyermekklinika1\/?page_id=1043"},"modified":"2025-08-04T14:09:28","modified_gmt":"2025-08-04T12:09:28","slug":"bokay-alapitvany","status":"publish","type":"page","link":"https:\/\/semmelweis.hu\/bokayklinika\/a-gyermekgyogyaszati-klinika-bokay-utcai-reszleg-bemutatasa\/bokay-alapitvany\/","title":{"rendered":"B\u00f3kay Gyermekklinik\u00e1\u00e9rt K\u00f6zhaszn\u00fa Alap\u00edtv\u00e1ny"},"content":{"rendered":"<div class=\"lead keretes\"><strong>Banksz\u00e1mla sz\u00e1m:<br \/>\n<\/strong>K&amp;H Bank <strong>10403387-00031000-00000008<br \/>\n<\/strong><br \/>\n<strong>Ad\u00f3 1% felaj\u00e1nl\u00e1sa eset\u00e9n ad\u00f3sz\u00e1m:<\/strong> 18222432-1-42<\/div>\n<p style=\"text-align: justify\">\nKedves T\u00e1mogat\u00f3k!<\/p>\n<p style=\"text-align: justify\"><img loading=\"lazy\" decoding=\"async\" class=\"alignright wp-image-2014 size-medium\" src=\"https:\/\/semmelweis.hu\/bokayklinika\/files\/2020\/11\/Bokay_klinika-alapitvany-logo-400x281.jpg\" alt=\"\" width=\"400\" height=\"281\" srcset=\"https:\/\/semmelweis.hu\/bokayklinika\/files\/2020\/11\/Bokay_klinika-alapitvany-logo-400x281.jpg 400w, https:\/\/semmelweis.hu\/bokayklinika\/files\/2020\/11\/Bokay_klinika-alapitvany-logo-768x539.jpg 768w, https:\/\/semmelweis.hu\/bokayklinika\/files\/2020\/11\/Bokay_klinika-alapitvany-logo-753x529.jpg 753w, https:\/\/semmelweis.hu\/bokayklinika\/files\/2020\/11\/Bokay_klinika-alapitvany-logo.jpg 1000w\" sizes=\"auto, (max-width: 400px) 100vw, 400px\" \/>Nagy sikert \u00e9rt\u00fcnk el, hiszen az \u00d6n\u00f6k felaj\u00e1nl\u00e1sai alapj\u00e1n tov\u00e1bb n\u0151tt az SZJA 1%-b\u00f3l kapott t\u00e1mogat\u00e1sunk. Az \u00d6n\u00f6k j\u00f3volt\u00e1b\u00f3l be\u00e9rkezett 30,3 milli\u00f3 Ft t\u00e1mogat\u00e1s lehet\u0151v\u00e9 teszi, hogy a Semmelweis Egyetem B\u00f3kay Gyermekklinika m\u0171k\u00f6d\u00e9s\u00e9t t\u00e1mogatva, b\u0151v\u00fclj\u00f6n a gyermekek gy\u00f3gy\u00edt\u00e1s\u00e1t seg\u00edt\u0151 eszk\u00f6zt\u00e1r.<\/p>\n<p style=\"text-align: justify\"><strong>K\u00f6sz\u00f6nj\u00fck minden Felaj\u00e1nl\u00f3nak a t\u00e1mogat\u00e1st!<\/strong><\/p>\n<p style=\"text-align: justify\"><strong><a class=\"link\" href=\"https:\/\/bokaygyermekklinika.hu\/\" target=\"_blank\" rel=\"noopener noreferrer\">Tov\u00e1bbi r\u00e9szletek az Alap\u00edtv\u00e1nyr\u00f3l \u2192<\/a><\/strong><\/p>\n<p>&nbsp;<\/p>\n<div align=\"center\">\u00a0<\/div>\n<div align=\"center\">\u00a0<\/div>\n","protected":false},"excerpt":{"rendered":"<p>Banksz\u00e1mla sz\u00e1m: K&amp;H Bank 10403387-00031000-00000008 Ad\u00f3 1% felaj\u00e1nl\u00e1sa eset\u00e9n ad\u00f3sz\u00e1m: 18222432-1-42 Kedves T\u00e1mogat\u00f3k! Nagy sikert \u00e9rt\u00fcnk el, hiszen az \u00d6n\u00f6k felaj\u00e1nl\u00e1sai alapj\u00e1n tov\u00e1bb n\u0151tt az SZJA 1%-b\u00f3l kapott t\u00e1mogat\u00e1sunk. Az \u00d6n\u00f6k j\u00f3volt\u00e1b\u00f3l be\u00e9rkezett 30,3 milli\u00f3 Ft t\u00e1mogat\u00e1s lehet\u0151v\u00e9 teszi, hogy a Semmelweis Egyetem B\u00f3kay Gyermekklinika m\u0171k\u00f6d\u00e9s\u00e9t t\u00e1mogatva, b\u0151v\u00fclj\u00f6n a gyermekek gy\u00f3gy\u00edt\u00e1s\u00e1t seg\u00edt\u0151 eszk\u00f6zt\u00e1r. K\u00f6sz\u00f6nj\u00fck minden &hellip;<\/p>\n","protected":false},"author":101739,"featured_media":0,"parent":8,"menu_order":4,"comment_status":"closed","ping_status":"closed","template":"","meta":{"_acf_changed":false,"footnotes":""},"categories":[],"tags":[],"class_list":["post-1043","page","type-page","status-publish","hentry"],"acf":[],"_links":{"self":[{"href":"https:\/\/semmelweis.hu\/bokayklinika\/wp-json\/wp\/v2\/pages\/1043","targetHints":{"allow":["GET"]}}],"collection":[{"href":"https:\/\/semmelweis.hu\/bokayklinika\/wp-json\/wp\/v2\/pages"}],"about":[{"href":"https:\/\/semmelweis.hu\/bokayklinika\/wp-json\/wp\/v2\/types\/page"}],"author":[{"embeddable":true,"href":"https:\/\/semmelweis.hu\/bokayklinika\/wp-json\/wp\/v2\/users\/101739"}],"replies":[{"embeddable":true,"href":"https:\/\/semmelweis.hu\/bokayklinika\/wp-json\/wp\/v2\/comments?post=1043"}],"version-history":[{"count":11,"href":"https:\/\/semmelweis.hu\/bokayklinika\/wp-json\/wp\/v2\/pages\/1043\/revisions"}],"predecessor-version":[{"id":7321,"href":"https:\/\/semmelweis.hu\/bokayklinika\/wp-json\/wp\/v2\/pages\/1043\/revisions\/7321"}],"up":[{"embeddable":true,"href":"https:\/\/semmelweis.hu\/bokayklinika\/wp-json\/wp\/v2\/pages\/8"}],"wp:attachment":[{"href":"https:\/\/semmelweis.hu\/bokayklinika\/wp-json\/wp\/v2\/media?parent=1043"}],"wp:term":[{"taxonomy":"category","embeddable":true,"href":"https:\/\/semmelweis.hu\/bokayklinika\/wp-json\/wp\/v2\/categories?post=1043"},{"taxonomy":"post_tag","embeddable":true,"href":"https:\/\/semmelweis.hu\/bokayklinika\/wp-json\/wp\/v2\/tags?post=1043"}],"curies":[{"name":"wp","href":"https:\/\/api.w.org\/{rel}","templated":true}]}}

Bókay Gyermekklinikáért Közhasznú Alapítvány

<div class="lead keretes"><strong>Bankszámla szám:<br />
</strong>K&amp;H Bank <strong>10403387-00031000-00000008<br />
</strong><br />
<strong>Adó 1% felajánlása esetén adószám:</strong> 18222432-1-42</div>
<p style="text-align: justify">
Kedves Támogatók!</p>
<p style="text-align: justify"><img loading="lazy" decoding="async" class="alignright wp-image-2014 size-medium" src="https://semmelweis.hu/bokayklinika/files/2020/11/Bokay_klinika-alapitvany-logo-400x281.jpg" alt="" width="400" height="281" srcset="https://semmelweis.hu/bokayklinika/files/2020/11/Bokay_klinika-alapitvany-logo-400x281.jpg 400w, https://semmelweis.hu/bokayklinika/files/2020/11/Bokay_klinika-alapitvany-logo-768x539.jpg 768w, https://semmelweis.hu/bokayklinika/files/2020/11/Bokay_klinika-alapitvany-logo-753x529.jpg 753w, https://semmelweis.hu/bokayklinika/files/2020/11/Bokay_klinika-alapitvany-logo.jpg 1000w" sizes="auto, (max-width: 400px) 100vw, 400px" />Nagy sikert értünk el, hiszen az Önök felajánlásai alapján tovább nőtt az SZJA 1%-ból kapott támogatásunk. Az Önök jóvoltából beérkezett 30,3 millió Ft támogatás lehetővé teszi, hogy a Semmelweis Egyetem Bókay Gyermekklinika működését támogatva, bővüljön a gyermekek gyógyítását segítő eszköztár.</p>
<p style="text-align: justify"><strong>Köszönjük minden Felajánlónak a támogatást!</strong></p>
<p style="text-align: justify"><strong><a class="link" href="https://bokaygyermekklinika.hu/" target="_blank" rel="noopener noreferrer">További részletek az Alapítványról →</a></strong></p>
<p>&nbsp;</p>
<div align="center"> </div>
<div align="center"> </div>

<p>Bankszámla szám: K&amp;H Bank 10403387-00031000-00000008 Adó 1% felajánlása esetén adószám: 18222432-1-42 Kedves Támogatók! Nagy sikert értünk el, hiszen az Önök felajánlásai alapján tovább nőtt az SZJA 1%-ból kapott támogatásunk. Az Önök jóvoltából beérkezett 30,3 millió Ft támogatás lehetővé teszi, hogy a Semmelweis Egyetem Bókay Gyermekklinika működését támogatva, bővüljön a gyermekek gyógyítását segítő eszköztár. Köszönjük minden &hellip;</p>
