{"id":46,"date":"2019-06-26T19:36:33","date_gmt":"2019-06-26T19:36:33","guid":{"rendered":"http:\/\/www.bokaysuli.hu\/?page_id=46"},"modified":"2025-11-02T17:15:02","modified_gmt":"2025-11-02T16:15:02","slug":"kapcsolat","status":"publish","type":"page","link":"https:\/\/semmelweis.hu\/bokay\/kapcsolat\/","title":{"rendered":"KAPCSOLAT"},"content":{"rendered":"<p class=\"has-text-color\" style=\"color: #0d380b\">Fenntart\u00f3 k\u00f6zponti levelez\u00e9si c\u00edme: <strong>Semmelweis Egyetem 1085 Budapest, \u00dcll\u0151i \u00fat 26.<\/strong><\/p>\n<p class=\"has-text-color has-medium-font-size has-blue-color\">Iskola c\u00edme: <strong>1086 Budapest Csob\u00e1nc utca 1.<\/strong><\/p>\n<p class=\"has-text-color has-blue-color\">Tel:<strong> 06-1-313-10-67<br \/>\n<\/strong>Fax:<strong> 06-1-313-16-74<\/strong><\/p>\n<p class=\"\">Iskol\u00e1nk titk\u00e1rs\u00e1gi e-mail-c\u00edme: <strong><a href=\"mailto:titkarsag.bokay@semmelweis-univ.hu\" target=\"_blank\" rel=\"noreferrer noopener\">titkarsag.bokay@semmelweis.hu<\/a><\/strong><\/p>\n<p class=\"\">Igazgat\u00f3: <a href=\"mailto:igazgato.bokay@gmail.com\"><strong>szabo.beata@semmelweis.hu<\/strong><\/a><\/p>\n<p>Szakmai oktat\u00e1s\u00e9rt felel\u0151s igazgat\u00f3helyettes: <a href=\"mailto:racz.erika@semmelweis.hu\">racz.erika@semmelweis.hu<\/a>\u00a0<\/p>\n<div>\n<div>Gyakorlati oktat\u00e1svezet\u0151:\u00a0 <strong><a href=\"mailto:gyakoktvez.bokay@gmail.com\">devenyi.csilla@semmelweis.hu<\/a><\/strong><\/div>\n<div>\u00a0<\/div>\n<\/div>\n<p>Hogyan juthat el hozz\u00e1nk? Kattintson: <strong><a href=\"https:\/\/goo.gl\/maps\/TNCCB2pZBu9gTYPDA\">https:\/\/goo.gl\/maps\/TNCCB2pZBu9gTYPA<\/a><\/strong><\/p>\n<p><a href=\"https:\/\/semmelweis.hu\/bokay\/files\/2020\/11\/t\u00e9rk\u00e9p.jpg\"><img loading=\"lazy\" decoding=\"async\" class=\"aligncenter wp-image-3013 size-full\" src=\"https:\/\/semmelweis.hu\/bokay\/files\/2020\/11\/t\u00e9rk\u00e9p.jpg\" alt=\"T\u00e9rk\u00e9p\" width=\"960\" height=\"720\" srcset=\"https:\/\/semmelweis.hu\/bokay\/files\/2020\/11\/t\u00e9rk\u00e9p.jpg 960w, https:\/\/semmelweis.hu\/bokay\/files\/2020\/11\/t\u00e9rk\u00e9p-400x300.jpg 400w, https:\/\/semmelweis.hu\/bokay\/files\/2020\/11\/t\u00e9rk\u00e9p-768x576.jpg 768w, https:\/\/semmelweis.hu\/bokay\/files\/2020\/11\/t\u00e9rk\u00e9p-753x565.jpg 753w\" sizes=\"auto, (max-width: 960px) 100vw, 960px\" \/><\/a><\/p>\n<p>&nbsp;<\/p>\n","protected":false},"excerpt":{"rendered":"<p>Fenntart\u00f3 k\u00f6zponti levelez\u00e9si c\u00edme: Semmelweis Egyetem 1085 Budapest, \u00dcll\u0151i \u00fat 26.<br \/>\nIskola c\u00edme: 1086 Budapest Csob\u00e1nc utca 1.<br \/>\nTel: 06-1-313-10-67<br \/>\nFax: 06-1-313-16-74<br \/>\nIskol\u00e1nk titk\u00e1rs\u00e1gi e-mail-c\u00edme: <a href=\"mailto:titkarsag.bokay@semmelweis-univ.hu\" target=\"_blank\" rel=\"noreferrer noopener\">titkarsag.bokay@semmelweis.hu<\/a><br \/>\nIgazgat\u00f3: <a href=\"mailto:igazgato.bokay@gmail.com\">szabo.beata@semmelweis.hu<\/a><br \/>\nSzakmai oktat\u00e1s\u00e9rt felel\u0151s igazgat\u00f3helyettes: <a href=\"mailto:racz.erika@semmelweis.hu\">racz.erika@semmelweis.hu<\/a>\u00a0<\/p>\n<p>Gyakorlati oktat\u00e1svezet\u0151:\u00a0 <a href=\"mailto:gyakoktvez.bokay@gmail.com\">devenyi.csilla@semmelweis.hu<\/a><br \/>\n\u00a0<\/p>\n<p>Hogyan juthat el hozz\u00e1nk? Kattintson: <a href=\"https:\/\/goo.gl\/maps\/TNCCB2pZBu9gTYPDA\">https:\/\/goo.gl\/maps\/TNCCB2pZBu9gTYPA<\/a><br \/>\n<a href=\"https:\/\/semmelweis.hu\/bokay\/files\/2020\/11\/t\u00e9rk\u00e9p.jpg\"><\/a><br \/>\n&nbsp;<\/p>\n","protected":false},"author":101845,"featured_media":0,"parent":0,"menu_order":8,"comment_status":"closed","ping_status":"closed","template":"","meta":{"_acf_changed":false,"footnotes":""},"categories":[],"tags":[],"class_list":["post-46","page","type-page","status-publish","hentry"],"acf":[],"_links":{"self":[{"href":"https:\/\/semmelweis.hu\/bokay\/wp-json\/wp\/v2\/pages\/46","targetHints":{"allow":["GET"]}}],"collection":[{"href":"https:\/\/semmelweis.hu\/bokay\/wp-json\/wp\/v2\/pages"}],"about":[{"href":"https:\/\/semmelweis.hu\/bokay\/wp-json\/wp\/v2\/types\/page"}],"author":[{"embeddable":true,"href":"https:\/\/semmelweis.hu\/bokay\/wp-json\/wp\/v2\/users\/101845"}],"replies":[{"embeddable":true,"href":"https:\/\/semmelweis.hu\/bokay\/wp-json\/wp\/v2\/comments?post=46"}],"version-history":[{"count":12,"href":"https:\/\/semmelweis.hu\/bokay\/wp-json\/wp\/v2\/pages\/46\/revisions"}],"predecessor-version":[{"id":7560,"href":"https:\/\/semmelweis.hu\/bokay\/wp-json\/wp\/v2\/pages\/46\/revisions\/7560"}],"wp:attachment":[{"href":"https:\/\/semmelweis.hu\/bokay\/wp-json\/wp\/v2\/media?parent=46"}],"wp:term":[{"taxonomy":"category","embeddable":true,"href":"https:\/\/semmelweis.hu\/bokay\/wp-json\/wp\/v2\/categories?post=46"},{"taxonomy":"post_tag","embeddable":true,"href":"https:\/\/semmelweis.hu\/bokay\/wp-json\/wp\/v2\/tags?post=46"}],"curies":[{"name":"wp","href":"https:\/\/api.w.org\/{rel}","templated":true}]}}