{"id":2597,"date":"2020-10-26T08:03:25","date_gmt":"2020-10-26T08:03:25","guid":{"rendered":"http:\/\/www.bokaysuli.hu\/?page_id=2597"},"modified":"2023-06-29T10:48:03","modified_gmt":"2023-06-29T08:48:03","slug":"altalanos-tajekoztato-a-szakmai-gyakorlatokrol","status":"publish","type":"page","link":"https:\/\/semmelweis.hu\/bokay\/szakmai-gyakorlat\/altalanos-tajekoztato-a-szakmai-gyakorlatokrol\/","title":{"rendered":"T\u00e1j\u00e9koztat\u00f3 a szakmai gyakorlatokr\u00f3l"},"content":{"rendered":"<p>A szakk\u00e9pz\u00e9sben folytatott tanulm\u00e1nyokat szakmai elm\u00e9leti \u00e9s szakmai gyakorlati oktat\u00e1s \u00e9p\u00edti fel. A gyakorlaton val\u00f3 r\u00e9szv\u00e9tel k\u00f6telez\u0151. A k\u00f6vetkez\u0151 \u00e9vfolyamba val\u00f3 l\u00e9p\u00e9s felt\u00e9tele a szakmai gyakorlat teljes\u00edt\u00e9se. A tanul\u00f3 k\u00fcl\u00f6n \u00e9rt\u00e9kel\u00e9st kap az \u00e9vk\u00f6zi \u00e9s ny\u00e1ri egybef\u00fcgg\u0151 gyakorlat\u00e1ra. A szakmai gyakorlat a Sport \u00e1gazatban tanul\u00f3k eset\u00e9ben speci\u00e1lis felt\u00e9telek szerint ker\u00fcl megszervez\u00e9sre.<\/p>\n<p>Az adott tan\u00e9vben v\u00e1rhat\u00f3 gyakorlatokr\u00f3l a gyakorlati oktat\u00e1svezet\u0151 tan\u00e9v elej\u00e9n minden oszt\u00e1lynak t\u00e1j\u00e9koztat\u00e1st ad.<\/p>\n<p><strong>\u00c9vk\u00f6zi gyakorlat<br \/>\n<\/strong>A tan\u00e9v folyam\u00e1n t\u00f6rt\u00e9nik.<\/p>\n<p><strong>Ny\u00e1ri egybef\u00fcgg\u0151 gyakorlat<\/strong><\/p>\n<p>A ny\u00e1ri sz\u00fcnet ideje alatt, \u00e1ltal\u00e1ban j\u00fanius 15 \u00e9s augusztus 31 k\u00f6z\u00f6tt, a programtantervben meghat\u00e1rozott id\u0151tartamban, a k\u00e9pz\u0151hely \u00e1ltal megadott beoszt\u00e1s szerint\u00a0 egybef\u00fcgg\u0151en t\u00f6ltend\u0151. \u00c1ltal\u00e1ban 140 \u00f3ra, azaz 4 h\u00e9t. Az el\u0151\u00edrt gyakorlat let\u00f6lt\u00e9s\u00e9nek hi\u00e1ny\u00e1ban a tanul\u00f3 az \u00e9vfolyamot megism\u00e9telni k\u00f6teles.<\/p>\n<p><strong>Szakk\u00e9pz\u00e9si munkaszerz\u0151d\u00e9s<\/strong><\/p>\n<p>A szakmai gyakorlatot szakk\u00e9pz\u00e9si munkaszerz\u0151d\u00e9ssel kell teljes\u00edteni, melyet a tanul\u00f3 (feln\u0151ttk\u00e9pz\u00e9si oszt\u00e1ly eset\u00e9n a k\u00e9pz\u00e9sben r\u00e9szt vev\u0151 szem\u00e9ly) k\u00f6t a du\u00e1lis k\u00e9pz\u0151hellyel. Iskol\u00e1nk Eg\u00e9szs\u00e9g\u00fcgy \u00e1gazatban tanul\u00f3 di\u00e1kjai a Semmelweis Egyetemmel k\u00f6tnek szakk\u00e9pz\u00e9si munkaszerz\u0151d\u00e9st, melynek el\u0151k\u00e9sz\u00edt\u00e9s\u00e9ben, lebonyol\u00edt\u00e1s\u00e1ban az iskola seg\u00edts\u00e9get ny\u00fajt.<\/p>\n<p>A szakk\u00e9pz\u00e9si munkaszerz\u0151d\u00e9s ut\u00e1n munkab\u00e9rt kapnak, melynek \u00f6sszege a gyakorlat \u00f3rasz\u00e1m\u00e1t\u00f3l \u00e9s \u00fctemez\u00e9s\u00e9t\u0151l f\u00fcgg.<\/p>\n<p>A szerz\u0151d\u00e9sk\u00f6t\u00e9s el\u0151felt\u00e9tele a foglalkoz\u00e1s-eg\u00e9szs\u00e9g\u00fcgyi vizsg\u00e1laton val\u00f3 r\u00e9szv\u00e9tel SE \u00e1ltal\u00a0 felk\u00e9rt orvosn\u00e1l.<\/p>\n<p>A gyakorlat helysz\u00ednei a SE k\u00fcl\u00f6nb\u00f6z\u0151 szervezeti egys\u00e9gei, pl. Klinik\u00e1k, Fogklinika, Rehabilit\u00e1ci\u00f3s oszt\u00e1lyok, stb. szakmair\u00e1nyt\u00f3l f\u00fcgg\u0151en. A beoszt\u00e1st az egyetem munkat\u00e1rsai k\u00e9sz\u00edtik, de igyekeznek figyelembe venni a tanul\u00f3k ig\u00e9nyeit is.<\/p>\n<p>A szakmai gyakorlat megkezd\u00e9se el\u0151tt minden oszt\u00e1ly r\u00e9szletes t\u00e1j\u00e9koztat\u00e1st kap az aktu\u00e1lis tudnival\u00f3kr\u00f3l.<\/p>\n<p><strong>A gyakorlat elv\u00e9gz\u00e9s\u00e9t igazol\u00f3 dokumentum:<\/strong><\/p>\n<p>A gyakorlat dokument\u00e1l\u00e1sa a gyakorlati napl\u00f3ban t\u00f6rt\u00e9nik. Ennek vezet\u00e9se a tanul\u00f3 k\u00f6teless\u00e9ge. A gyakorlati napl\u00f3t az iskola k\u00e9sz\u00edti el a tanul\u00f3 sz\u00e1m\u00e1ra. Minden napon feljegyz\u00e9st kell k\u00e9sz\u00edteni a gyakorlaton v\u00e9gzett munk\u00e1r\u00f3l. A gyakorlat v\u00e9gezt\u00e9vel a napl\u00f3ban a gyakorlat \u00e9rt\u00e9kel\u00e9s\u00e9t \u00e9s a helysz\u00ednek pecs\u00e9tjeit a tanul\u00f3 a gyakorl\u00f3helyen k\u00f6teles beszerezni. A gyakorlati napl\u00f3 kiz\u00e1r\u00f3lag pontosan kit\u00f6ltve \u00e9s \u00e9rt\u00e9kel\u00e9ssel ell\u00e1tva \u00e9rv\u00e9nyes.<\/p>\n<p>\n<strong>Kapcsolattart\u00e1s<br \/>\n<\/strong>A szakmai gyakorlatok megkezd\u00e9s\u00e9t megel\u0151z\u0151en a gyakorlati oktat\u00e1svezet\u0151 sz\u00f3ban \u00e9s \u00edr\u00e1sban t\u00e1j\u00e9koztat\u00e1st ny\u00fajt a tanul\u00f3k r\u00e9sz\u00e9re. Amennyiben a tanul\u00f3 nincs jelen a t\u00e1j\u00e9koztat\u00f3n, a sz\u00fcks\u00e9ges inform\u00e1ci\u00f3kr\u00f3l val\u00f3 t\u00e1j\u00e9koz\u00f3d\u00e1s a saj\u00e1t felel\u0151ss\u00e9ge.<\/p>\n<p>\n<b><i>D\u00e9v\u00e9nyi Csilla<br \/>\n<\/i><\/b>gyakorlati oktat\u00e1svezet\u0151<\/p>\n","protected":false},"excerpt":{"rendered":"<p>A szakk\u00e9pz\u00e9sben folytatott tanulm\u00e1nyokat szakmai elm\u00e9leti \u00e9s szakmai gyakorlati oktat\u00e1s \u00e9p\u00edti fel. A gyakorlaton val\u00f3 r\u00e9szv\u00e9tel k\u00f6telez\u0151. A k\u00f6vetkez\u0151 \u00e9vfolyamba val\u00f3 l\u00e9p\u00e9s felt\u00e9tele a szakmai gyakorlat teljes\u00edt\u00e9se. A tanul\u00f3 k\u00fcl\u00f6n \u00e9rt\u00e9kel\u00e9st kap az \u00e9vk\u00f6zi \u00e9s ny\u00e1ri egybef\u00fcgg\u0151 gyakorlat\u00e1ra. A szakmai gyakorlat a Sport \u00e1gazatban tanul\u00f3k eset\u00e9ben speci\u00e1lis felt\u00e9telek szerint ker\u00fcl megszervez\u00e9sre. Az adott tan\u00e9vben v\u00e1rhat\u00f3 &hellip;<\/p>\n","protected":false},"author":101845,"featured_media":0,"parent":371,"menu_order":0,"comment_status":"closed","ping_status":"closed","template":"","meta":{"_acf_changed":false,"footnotes":""},"categories":[],"tags":[],"class_list":["post-2597","page","type-page","status-publish","hentry"],"acf":[],"_links":{"self":[{"href":"https:\/\/semmelweis.hu\/bokay\/wp-json\/wp\/v2\/pages\/2597","targetHints":{"allow":["GET"]}}],"collection":[{"href":"https:\/\/semmelweis.hu\/bokay\/wp-json\/wp\/v2\/pages"}],"about":[{"href":"https:\/\/semmelweis.hu\/bokay\/wp-json\/wp\/v2\/types\/page"}],"author":[{"embeddable":true,"href":"https:\/\/semmelweis.hu\/bokay\/wp-json\/wp\/v2\/users\/101845"}],"replies":[{"embeddable":true,"href":"https:\/\/semmelweis.hu\/bokay\/wp-json\/wp\/v2\/comments?post=2597"}],"version-history":[{"count":10,"href":"https:\/\/semmelweis.hu\/bokay\/wp-json\/wp\/v2\/pages\/2597\/revisions"}],"predecessor-version":[{"id":5377,"href":"https:\/\/semmelweis.hu\/bokay\/wp-json\/wp\/v2\/pages\/2597\/revisions\/5377"}],"up":[{"embeddable":true,"href":"https:\/\/semmelweis.hu\/bokay\/wp-json\/wp\/v2\/pages\/371"}],"wp:attachment":[{"href":"https:\/\/semmelweis.hu\/bokay\/wp-json\/wp\/v2\/media?parent=2597"}],"wp:term":[{"taxonomy":"category","embeddable":true,"href":"https:\/\/semmelweis.hu\/bokay\/wp-json\/wp\/v2\/categories?post=2597"},{"taxonomy":"post_tag","embeddable":true,"href":"https:\/\/semmelweis.hu\/bokay\/wp-json\/wp\/v2\/tags?post=2597"}],"curies":[{"name":"wp","href":"https:\/\/api.w.org\/{rel}","templated":true}]}}