{"id":238,"date":"2019-07-05T07:27:04","date_gmt":"2019-07-05T07:27:04","guid":{"rendered":"http:\/\/www.bokaysuli.hu\/?page_id=238"},"modified":"2020-11-26T14:56:17","modified_gmt":"2020-11-26T13:56:17","slug":"hetvegi-hazi-feladatok-es-az-iskolai-dolgozatok-szabalyai","status":"publish","type":"page","link":"https:\/\/semmelweis.hu\/bokay\/kozzetetel\/hetvegi-hazi-feladatok-es-az-iskolai-dolgozatok-szabalyai\/","title":{"rendered":"H\u00e9tv\u00e9gi h\u00e1zi feladatok \u00e9s az iskolai dolgozatok szab\u00e1lyai"},"content":{"rendered":"<p><a href=\"https:\/\/semmelweis.hu\/bokay\/files\/2020\/07\/bokay_pedagogiai_program_2020.docx\">Pedag\u00f3giai Program, 48. old.<\/a><\/p>\n<p><a href=\"https:\/\/semmelweis.hu\/bokay\/files\/2019\/07\/image-20.png\"><img loading=\"lazy\" decoding=\"async\" class=\"wp-image-797 size-full\" src=\"https:\/\/semmelweis.hu\/bokay\/files\/2019\/07\/image-20.png\" alt=\"\" width=\"615\" height=\"187\" \/><\/a><\/p>\n<p class=\"\"><em>A\u00a0229\/2012. (VIII. 28.) Korm. rendelet a nemzeti k\u00f6znevel\u00e9sr\u0151l sz\u00f3l\u00f3 t\u00f6rv\u00e9ny v\u00e9grehajt\u00e1s\u00e1r\u00f3l 23. \u00a7\u00a0\u00a0(3)\u00a0g): az int\u00e9zm\u00e9nyi k\u00f6zz\u00e9t\u00e9teli lista tartalmazza a h\u00e9tv\u00e9gi h\u00e1zi feladatok \u00e9s az iskolai dolgozatok szab\u00e1lyait.<\/em><\/p>\n<p><a href=\"https:\/\/semmelweis.hu\/bokay\/files\/2020\/07\/H%C3%A1zirend-2016.2020.doc\">H\u00e1zirend 4. pont<\/a><\/p>\n","protected":false},"excerpt":{"rendered":"<p><a href=\"https:\/\/semmelweis.hu\/bokay\/files\/2020\/07\/bokay_pedagogiai_program_2020.docx\">Pedag\u00f3giai Program, 48. old.<\/a><br \/>\n<a href=\"https:\/\/semmelweis.hu\/bokay\/files\/2019\/07\/image-20.png\"><\/a><br \/>\nA\u00a0229\/2012. (VIII. 28.) Korm. rendelet a nemzeti k\u00f6znevel\u00e9sr\u0151l sz\u00f3l\u00f3 t\u00f6rv\u00e9ny v\u00e9grehajt\u00e1s\u00e1r\u00f3l 23. \u00a7\u00a0\u00a0(3)\u00a0g): az int\u00e9zm\u00e9nyi k\u00f6zz\u00e9t\u00e9teli lista tartalmazza a h\u00e9tv\u00e9gi h\u00e1zi feladatok \u00e9s az iskolai dolgozatok szab\u00e1lyait.<br \/>\n<a href=\"https:\/\/semmelweis.hu\/bokay\/files\/2020\/07\/H%C3%A1zirend-2016.2020.doc\">H\u00e1zirend 4. pont<\/a><\/p>\n","protected":false},"author":101845,"featured_media":0,"parent":40,"menu_order":9,"comment_status":"closed","ping_status":"closed","template":"","meta":{"_acf_changed":false,"footnotes":""},"categories":[],"tags":[],"class_list":["post-238","page","type-page","status-publish","hentry"],"acf":[],"_links":{"self":[{"href":"https:\/\/semmelweis.hu\/bokay\/wp-json\/wp\/v2\/pages\/238","targetHints":{"allow":["GET"]}}],"collection":[{"href":"https:\/\/semmelweis.hu\/bokay\/wp-json\/wp\/v2\/pages"}],"about":[{"href":"https:\/\/semmelweis.hu\/bokay\/wp-json\/wp\/v2\/types\/page"}],"author":[{"embeddable":true,"href":"https:\/\/semmelweis.hu\/bokay\/wp-json\/wp\/v2\/users\/101845"}],"replies":[{"embeddable":true,"href":"https:\/\/semmelweis.hu\/bokay\/wp-json\/wp\/v2\/comments?post=238"}],"version-history":[{"count":5,"href":"https:\/\/semmelweis.hu\/bokay\/wp-json\/wp\/v2\/pages\/238\/revisions"}],"predecessor-version":[{"id":3468,"href":"https:\/\/semmelweis.hu\/bokay\/wp-json\/wp\/v2\/pages\/238\/revisions\/3468"}],"up":[{"embeddable":true,"href":"https:\/\/semmelweis.hu\/bokay\/wp-json\/wp\/v2\/pages\/40"}],"wp:attachment":[{"href":"https:\/\/semmelweis.hu\/bokay\/wp-json\/wp\/v2\/media?parent=238"}],"wp:term":[{"taxonomy":"category","embeddable":true,"href":"https:\/\/semmelweis.hu\/bokay\/wp-json\/wp\/v2\/categories?post=238"},{"taxonomy":"post_tag","embeddable":true,"href":"https:\/\/semmelweis.hu\/bokay\/wp-json\/wp\/v2\/tags?post=238"}],"curies":[{"name":"wp","href":"https:\/\/api.w.org\/{rel}","templated":true}]}}