{"id":220,"date":"2019-07-05T07:23:06","date_gmt":"2019-07-05T07:23:06","guid":{"rendered":"http:\/\/www.bokaysuli.hu\/?page_id=220"},"modified":"2025-01-30T14:39:59","modified_gmt":"2025-01-30T13:39:59","slug":"felveteli-beiratkozas","status":"publish","type":"page","link":"https:\/\/semmelweis.hu\/bokay\/kozzetetel\/felveteli-beiratkozas\/","title":{"rendered":"Felv\u00e9teli, beiratkoz\u00e1s"},"content":{"rendered":"<p><strong>K\u00f3dok a jelentkez\u00e9si lap kit\u00f6lt\u00e9s\u00e9hez:<\/strong><\/p>\n<ul style=\"list-style-type: square\">\n<li>OM-azonos\u00edt\u00f3: 203419<\/li>\n<li>Telephely: 001<\/li>\n<\/ul>\n<p><strong>Tagozatk\u00f3dok:<\/strong><\/p>\n<p><a href=\"https:\/\/semmelweis.hu\/bokay\/felveteli\/felveteli-informaciok\/\">Felv\u00e9teli inform\u00e1ci\u00f3k \u2013 B\u00f3kay J\u00e1nos T\u00f6bbc\u00e9l\u00fa Szakk\u00e9pz\u0151 Int\u00e9zm\u00e9ny<\/a><\/p>\n<p><strong><a href=\"https:\/\/semmelweis.hu\/bokay\/2023\/02\/06\/felveteli-pontszamitas\/\">Felv\u00e9teli pontsz\u00e1m\u00edt\u00e1s \u2013 B\u00f3kay J\u00e1nos T\u00f6bbc\u00e9l\u00fa Szakk\u00e9pz\u0151 Int\u00e9zm\u00e9ny <\/a><\/strong><\/p>\n<p><strong>Beiratkoz\u00e1s:<\/strong> Felt\u00f6lt\u00e9s alatt&#8230;<\/p>\n<p>&nbsp;<\/p>\n","protected":false},"excerpt":{"rendered":"<p>K\u00f3dok a jelentkez\u00e9si lap kit\u00f6lt\u00e9s\u00e9hez:<\/p>\n<p>OM-azonos\u00edt\u00f3: 203419<br \/>\nTelephely: 001<\/p>\n<p>Tagozatk\u00f3dok:<br \/>\n<a href=\"https:\/\/semmelweis.hu\/bokay\/felveteli\/felveteli-informaciok\/\">Felv\u00e9teli inform\u00e1ci\u00f3k \u2013 B\u00f3kay J\u00e1nos T\u00f6bbc\u00e9l\u00fa Szakk\u00e9pz\u0151 Int\u00e9zm\u00e9ny<\/a><br \/>\n<a href=\"https:\/\/semmelweis.hu\/bokay\/2023\/02\/06\/felveteli-pontszamitas\/\">Felv\u00e9teli pontsz\u00e1m\u00edt\u00e1s \u2013 B\u00f3kay J\u00e1nos T\u00f6bbc\u00e9l\u00fa Szakk\u00e9pz\u0151 Int\u00e9zm\u00e9ny <\/a><br \/>\nBeiratkoz\u00e1s: Felt\u00f6lt\u00e9s alatt&#8230;<br \/>\n&nbsp;<\/p>\n","protected":false},"author":101845,"featured_media":0,"parent":40,"menu_order":2,"comment_status":"closed","ping_status":"closed","template":"","meta":{"_acf_changed":false,"footnotes":""},"categories":[],"tags":[],"class_list":["post-220","page","type-page","status-publish","hentry"],"acf":[],"_links":{"self":[{"href":"https:\/\/semmelweis.hu\/bokay\/wp-json\/wp\/v2\/pages\/220","targetHints":{"allow":["GET"]}}],"collection":[{"href":"https:\/\/semmelweis.hu\/bokay\/wp-json\/wp\/v2\/pages"}],"about":[{"href":"https:\/\/semmelweis.hu\/bokay\/wp-json\/wp\/v2\/types\/page"}],"author":[{"embeddable":true,"href":"https:\/\/semmelweis.hu\/bokay\/wp-json\/wp\/v2\/users\/101845"}],"replies":[{"embeddable":true,"href":"https:\/\/semmelweis.hu\/bokay\/wp-json\/wp\/v2\/comments?post=220"}],"version-history":[{"count":10,"href":"https:\/\/semmelweis.hu\/bokay\/wp-json\/wp\/v2\/pages\/220\/revisions"}],"predecessor-version":[{"id":6949,"href":"https:\/\/semmelweis.hu\/bokay\/wp-json\/wp\/v2\/pages\/220\/revisions\/6949"}],"up":[{"embeddable":true,"href":"https:\/\/semmelweis.hu\/bokay\/wp-json\/wp\/v2\/pages\/40"}],"wp:attachment":[{"href":"https:\/\/semmelweis.hu\/bokay\/wp-json\/wp\/v2\/media?parent=220"}],"wp:term":[{"taxonomy":"category","embeddable":true,"href":"https:\/\/semmelweis.hu\/bokay\/wp-json\/wp\/v2\/categories?post=220"},{"taxonomy":"post_tag","embeddable":true,"href":"https:\/\/semmelweis.hu\/bokay\/wp-json\/wp\/v2\/tags?post=220"}],"curies":[{"name":"wp","href":"https:\/\/api.w.org\/{rel}","templated":true}]}}