{"id":183,"date":"2019-07-04T20:31:44","date_gmt":"2019-07-04T20:31:44","guid":{"rendered":"http:\/\/www.bokaysuli.hu\/?page_id=183"},"modified":"2024-03-11T07:43:22","modified_gmt":"2024-03-11T06:43:22","slug":"panaszkezeles","status":"publish","type":"page","link":"https:\/\/semmelweis.hu\/bokay\/ugyintezes\/panaszkezeles\/","title":{"rendered":"Panaszkezel\u00e9s"},"content":{"rendered":"<p>Amennyiben panasszal k\u00edv\u00e1n az iskola vezet\u0151s\u00e9g\u00e9hez fordulni, azt megteheti szem\u00e9lyesen, telefonon vagy \u00edr\u00e1sban.<\/p>\n<p>A legt\u00f6bb, tipikusan el\u0151fordul\u00f3 panasz \u00e1ltal\u00e1ban r\u00f6vid \u00faton, az \u00e9rintettek k\u00f6zti megbesz\u00e9l\u00e9ssel \u00e9s megegyez\u00e9ssel megold\u00e1st nyer. Amennyiben a sz\u00f3beli vagy telefonos megbesz\u00e9l\u00e9s nem vezet eredm\u00e9nyre az oszt\u00e1lyf\u0151n\u00f6kkel, szaktan\u00e1rral stb., akkor javasolt az igazgat\u00f3hoz fordulni \u00edr\u00e1sban.<\/p>\n<p>Az \u00edr\u00e1sban beny\u00fajtott panasz kapcs\u00e1n az igazgat\u00f3 r\u00e9szletesen t\u00e1j\u00e9koz\u00f3dik a helyzetr\u0151l. A panasz kivizsg\u00e1l\u00e1sa &#8211; annak jelleg\u00e9t\u0151l f\u00fcgg\u0151en &#8211; hosszabb ideig is eltarthat, de a panaszosnak, \u00edr\u00e1sbeli megkeres\u00e9s\u00e9t k\u00f6vet\u0151en maximum 30 napon bel\u00fcl \u00edr\u00e1sbeli v\u00e1laszt kell kapnia.<\/p>\n<p>Panasz beny\u00fajt\u00e1sa eset\u00e9n k\u00e9rj\u00fck az al\u00e1bbiakat megadni:<\/p>\n<ul>\n<li>az \u00e9rintettek (panasztev\u0151, \u00e9rintett tanul\u00f3, \u00e9rintett alkalmazott) neve<\/li>\n<li>a t\u00e9ny\u00e1ll\u00e1s r\u00f6vid le\u00edr\u00e1sa<\/li>\n<li>esetleges bizony\u00edt\u00e9kok, az \u00fcgyh\u00f6z kapcsol\u00f3d\u00f3 dokumentumok<\/li>\n<\/ul>\n<p>A panasz elektronikusan a titkarsag.bokay@semmelweis.hu-ra is k\u00fcldhet\u0151.\u00a0<\/p>\n<p>&nbsp;<\/p>\n<p>&nbsp;<\/p>\n","protected":false},"excerpt":{"rendered":"<p>Amennyiben panasszal k\u00edv\u00e1n az iskola vezet\u0151s\u00e9g\u00e9hez fordulni, azt megteheti szem\u00e9lyesen, telefonon vagy \u00edr\u00e1sban. A legt\u00f6bb, tipikusan el\u0151fordul\u00f3 panasz \u00e1ltal\u00e1ban r\u00f6vid \u00faton, az \u00e9rintettek k\u00f6zti megbesz\u00e9l\u00e9ssel \u00e9s megegyez\u00e9ssel megold\u00e1st nyer. Amennyiben a sz\u00f3beli vagy telefonos megbesz\u00e9l\u00e9s nem vezet eredm\u00e9nyre az oszt\u00e1lyf\u0151n\u00f6kkel, szaktan\u00e1rral stb., akkor javasolt az igazgat\u00f3hoz fordulni \u00edr\u00e1sban. Az \u00edr\u00e1sban beny\u00fajtott panasz kapcs\u00e1n az igazgat\u00f3 &hellip;<\/p>\n","protected":false},"author":101845,"featured_media":0,"parent":43,"menu_order":5,"comment_status":"closed","ping_status":"closed","template":"","meta":{"_acf_changed":false,"footnotes":""},"categories":[],"tags":[],"class_list":["post-183","page","type-page","status-publish","hentry"],"acf":[],"_links":{"self":[{"href":"https:\/\/semmelweis.hu\/bokay\/wp-json\/wp\/v2\/pages\/183","targetHints":{"allow":["GET"]}}],"collection":[{"href":"https:\/\/semmelweis.hu\/bokay\/wp-json\/wp\/v2\/pages"}],"about":[{"href":"https:\/\/semmelweis.hu\/bokay\/wp-json\/wp\/v2\/types\/page"}],"author":[{"embeddable":true,"href":"https:\/\/semmelweis.hu\/bokay\/wp-json\/wp\/v2\/users\/101845"}],"replies":[{"embeddable":true,"href":"https:\/\/semmelweis.hu\/bokay\/wp-json\/wp\/v2\/comments?post=183"}],"version-history":[{"count":3,"href":"https:\/\/semmelweis.hu\/bokay\/wp-json\/wp\/v2\/pages\/183\/revisions"}],"predecessor-version":[{"id":5994,"href":"https:\/\/semmelweis.hu\/bokay\/wp-json\/wp\/v2\/pages\/183\/revisions\/5994"}],"up":[{"embeddable":true,"href":"https:\/\/semmelweis.hu\/bokay\/wp-json\/wp\/v2\/pages\/43"}],"wp:attachment":[{"href":"https:\/\/semmelweis.hu\/bokay\/wp-json\/wp\/v2\/media?parent=183"}],"wp:term":[{"taxonomy":"category","embeddable":true,"href":"https:\/\/semmelweis.hu\/bokay\/wp-json\/wp\/v2\/categories?post=183"},{"taxonomy":"post_tag","embeddable":true,"href":"https:\/\/semmelweis.hu\/bokay\/wp-json\/wp\/v2\/tags?post=183"}],"curies":[{"name":"wp","href":"https:\/\/api.w.org\/{rel}","templated":true}]}}