{"id":1506,"date":"2019-09-05T20:03:58","date_gmt":"2019-09-05T20:03:58","guid":{"rendered":"http:\/\/www.bokaysuli.hu\/?page_id=1506"},"modified":"2020-11-26T14:53:46","modified_gmt":"2020-11-26T13:53:46","slug":"bokay-50","status":"publish","type":"page","link":"https:\/\/semmelweis.hu\/bokay\/iskolank\/bokay-50\/","title":{"rendered":"B\u00d3KAY 50"},"content":{"rendered":"<p><strong>2018-ban \u00fcnnepelt\u00fck iskol\u00e1nk alap\u00edt\u00e1s\u00e1nak 50. \u00e9vfordul\u00f3j\u00e1t.<\/strong><\/p>\n<p><iframe loading=\"lazy\" title=\"B\u00f3kay 50\" width=\"753\" height=\"424\" src=\"https:\/\/www.youtube.com\/embed\/YqviTdRebYE?start=338&#038;feature=oembed\" frameborder=\"0\" allow=\"accelerometer; autoplay; clipboard-write; encrypted-media; gyroscope; picture-in-picture\" allowfullscreen><\/iframe><\/p>\n<p><a href=\"https:\/\/semmelweis.hu\/bokay\/files\/2019\/09\/image.png\"><img loading=\"lazy\" decoding=\"async\" class=\"aligncenter wp-image-1511 size-full\" src=\"https:\/\/semmelweis.hu\/bokay\/files\/2019\/09\/image.png\" alt=\"\" width=\"511\" height=\"368\" srcset=\"https:\/\/semmelweis.hu\/bokay\/files\/2019\/09\/image.png 511w, https:\/\/semmelweis.hu\/bokay\/files\/2019\/09\/image-400x288.png 400w\" sizes=\"auto, (max-width: 511px) 100vw, 511px\" \/><\/a><\/p>\n<p><strong>A 2018. december 1-jei \u00fcnnepi esem\u00e9nyr\u0151l a vide\u00f3t Ga\u00e1l Krisztina Ibolya k\u00e9sz\u00edtette. <\/strong><\/p>\n<p class=\"\"><strong>Di\u00e1k-programok a jubileumi h\u00e9ten<\/strong><\/p>\n<table width=\"100%\">\n<tbody>\n<tr>\n<td>Ki tud t\u00f6bbet a B\u00f3kayr\u00f3l \u2013 csapatvet\u00e9lked\u0151<\/td>\n<\/tr>\n<tr>\n<td>B\u00f3kay \u00e9let\u00e9nek bemutat\u00e1sa vet\u00edt\u00e9ssel (minden oszt\u00e1lyban oszt\u00e1lyf\u0151n\u00f6ki \u00f3r\u00e1n)<\/td>\n<\/tr>\n<tr>\n<td>Fot\u00f3p\u00e1ly\u00e1zat (az \u00e9p\u00fclet \u2013 ahogy m\u00e9g nem l\u00e1ttuk)<\/td>\n<\/tr>\n<tr>\n<td>B\u00f3kay s\u00edrj\u00e1nak l\u00e1togat\u00e1sa, koszor\u00faz\u00e1sa (di\u00e1k\u00f6nkorm\u00e1nyzat) <br \/>B\u00f3kay mellszobr\u00e1n\u00e1l megeml\u00e9kez\u00e9s az iskol\u00e1ban, koszor\u00faz\u00e1s<\/td>\n<\/tr>\n<tr>\n<td>Mit hallgattak a B\u00f3kay di\u00e1kjai? \u00d6tven \u00e9v sl\u00e1gerei az iskolar\u00e1di\u00f3ban<\/td>\n<\/tr>\n<tr>\n<td>B\u00f3kay-banz\u00e1j: a nagysz\u00fcnetekben k\u00f6z\u00f6s t\u00e1nc 50 \u00e9v sl\u00e1gereire<\/td>\n<\/tr>\n<tr>\n<td>Iskolat\u00f6rt\u00e9neti ki\u00e1ll\u00edt\u00e1s a 2. emeleten<\/td>\n<\/tr>\n<tr>\n<td>Udvari aszfaltrajzok az eg\u00e9szs\u00e9g\u00fcgyi oktat\u00e1sr\u00f3l (oszt\u00e1lyonk\u00e9nt)<\/td>\n<\/tr>\n<\/tbody>\n<\/table>\n<p>&nbsp;<\/p>\n<p class=\"\"><strong>\u00cdGY V\u00c1LTOZOTT&#8230;<\/strong><\/p>\n<p><iframe loading=\"lazy\" title=\"\u00cdgy v\u00e1ltozott a B\u00f3kay \u00f6tven \u00e9v alatt\" width=\"753\" height=\"565\" src=\"https:\/\/www.youtube.com\/embed\/tOgKQTa6wko?feature=oembed\" frameborder=\"0\" allow=\"accelerometer; autoplay; clipboard-write; encrypted-media; gyroscope; picture-in-picture\" allowfullscreen><\/iframe><\/p>\n<p class=\"\"><strong>K\u00f6sz\u00f6nt\u0151<\/strong><\/p>\n<p>Tisztelt H\u00f6lgyeim \u00e9s Uraim, kedves Vend\u00e9geink!<\/p>\n<p>\u00d6tven \u00e9v a vil\u00e1g t\u00f6rt\u00e9net\u00e9ben egy szempillant\u00e1snak t\u0171nik. Egy nemzet \u00e9let\u00e9ben m\u00e1r m\u00e9rhet\u0151 id\u0151szakasz. Egy iskola \u00e9let\u00e9ben a megfelel\u0151 \u00e9retts\u00e9g, a tekint\u00e9lyt parancsol\u00f3 tapasztalat \u00e9letkora.<\/p>\n<p>Amikor \u00f6tven \u00e9vr\u0151l besz\u00e9l\u00fcnk, a B\u00f3kay eg\u00e9szs\u00e9g\u00fcgyi szakk\u00e9pz\u00e9s <strong>\u00e9<\/strong>nek m\u00faltj\u00e1t \u00e9rtj\u00fck alatta. De nem feledkezhet\u00fcnk meg az \u00e9p\u00fclet \u00e9vsz\u00e1zados m\u00faltj\u00e1r\u00f3l sem. A modern kori oktat\u00e1s mintegy 150 \u00e9vre tekint vissza. Ebb\u0151l a 150 \u00e9vb\u0151l iskol\u00e1nk falai 120 \u00e9ve \u00e1llnak az oktat\u00e1s-nevel\u00e9s szolg\u00e1lat\u00e1ban.<\/p>\n<p>Amikor teh\u00e1t m\u00faltunkr\u00f3l, t\u00f6rt\u00e9net\u00fcnkr\u0151l besz\u00e9l\u00fcnk, gondolatainkba mindig belej\u00e1tszik \u2013 az 50 \u00e9ves \u00e9vfordul\u00f3 mellett &#8211; a 120 \u00e9ves hist\u00f3ria is.<\/p>\n<p>Az elm\u00falt hetekben t\u00f6bbsz\u00f6r elj\u00e1tszottam a gondolattal \u2013 amit tal\u00e1n csak sz\u00ednes k\u00e9pzeletem illeszt hozz\u00e1 a hom\u00e1lyos m\u00falthoz \u2013 hogy vajon iskol\u00e1nk n\u00e9vad\u00f3ja, ifjabb B\u00f3kay J\u00e1nos doktor els\u00e9t\u00e1lt-e n\u00e9ha az iskola\u00e9p\u00fclet el\u0151tt, minthogy munkahelye csak n\u00e9h\u00e1ny utc\u00e1nyira esett innen.<\/p>\n<p>Ez a szimb\u00f3lumok term\u00e9szete: sz\u00edvesen t\u00f6ltj\u00fck fel \u0151ket k\u00e9pzelt val\u00f3s\u00e1ggal, hogy magunkhoz k\u00f6zelebbinek \u00e9rezz\u00fck.<\/p>\n<p>\u00d6n\u00f6k, akik itt \u00fclnek, valamennyien hozz\u00e1tettek valamit a B\u00f3kay sz\u00ednes t\u00f6rt\u00e9net\u00e9hez. Azok is, akik m\u00e1r elk\u00f6lt\u00f6ztek ebb\u0151l a vil\u00e1gb\u00f3l. Ma eml\u00e9kezz\u00fcnk azokra is, akiknek itt volna a hely\u00fck, de m\u00e1r nem lehetnek k\u00f6zt\u00fcnk.<\/p>\n<p>Magam m\u00e9g meg sem sz\u00fclettem, amikor az eg\u00e9szs\u00e9g\u00fcgyi szakk\u00f6z\u00e9piskola megnyitotta kapuit. De abban rem\u00e9nykedem, hogy a 70 vagy 80 \u00e9ves \u00e9vfordul\u00f3n itt \u00fclhetek majd a megh\u00edvottak k\u00f6z\u00f6tt, \u00e9s hogy az iskol\u00e1ban akkor is eg\u00e9szs\u00e9g\u00fcgyi k\u00e9pz\u00e9s folyik majd. \u00c9s abban, hogy iskol\u00e1nkat akkor is B\u00f3kay J\u00e1nosnak fogj\u00e1k h\u00edvni.<\/p>\n<p>Egy \u00e9vfordul\u00f3n sz\u00e1mot vet\u00fcnk m\u00faltunkkal, feltett\u00fck h\u00e1t magunknak a k\u00e9rd\u00e9st mi is: Mire vagyunk b\u00fcszk\u00e9k?<\/p>\n<ul style=\"list-style-type: square;\">\n<li>Arra, hogy az eg\u00e9szs\u00e9g\u00fcgyi szakk\u00e9pz\u00e9st megszak\u00edt\u00e1s n\u00e9lk\u00fcl tudtuk m\u0171k\u00f6dtetni, hogy sikerrel vett\u00fck fel a versenyt a jobb anyagi lehet\u0151s\u00e9geket \u00edg\u00e9r\u0151 szakm\u00e1kkal.<\/li>\n<li>B\u00fcszk\u00e9k vagyunk arra, hogy a k\u00e9t tan\u00edt\u00e1si nyelv\u0171 k\u00e9pz\u00e9st \u2013 eg\u00e9szs\u00e9g\u00fcgyben \u2013 h\u00fasz \u00e9ve eredm\u00e9nyesen m\u0171k\u00f6dtetj\u00fck.<\/li>\n<li>Hogy \u00e9retts\u00e9gizett tanul\u00f3ink sz\u00edvesen maradnak n\u00e1lunk, hogy m\u00e1ra h\u00e9t OKJ-s szakm\u00e1t tudunk k\u00edn\u00e1lni a tov\u00e1bbtanul\u00e1sra.<\/li>\n<li>Arra is, hogy iskol\u00e1nk sz\u00e1zsz\u00e1zal\u00e9kos felt\u00f6lt\u00f6tts\u00e9ggel m\u0171k\u00f6dik.<\/li>\n<li>B\u00fcszk\u00e9k vagyunk volt tan\u00edtv\u00e1nyainkra, akik az orsz\u00e1g k\u00fcl\u00f6nb\u00f6z\u0151 k\u00f3rh\u00e1zaiban \u00e9s egy\u00e9b eg\u00e9szs\u00e9g\u00fcgyi int\u00e9zm\u00e9nyeiben \u00e1ldozatos munk\u00e1t v\u00e9geznek, s nem kis sz\u00edvf\u00e1jdalommal, de azokra is, akik k\u00fclf\u00f6ld\u00f6n \u00e1llj\u00e1k meg a hely\u00fcket.<\/li>\n<li>\u00c9n rendk\u00edv\u00fcl b\u00fcszke vagyok pedag\u00f3gust\u00e1rsaimra, akik a semmib\u0151l \u00e9p\u00edtenek vil\u00e1gokat, nap mint nap megk\u00eds\u00e9rtik a lehetetlent. Akik nem mondanak le egyetlen tanul\u00f3r\u00f3l sem. Akik megtanult\u00e1k, hogy \u00e1lmodozni nem szabad, \u00e1lmodni viszont lehet, \u00e9s \u00e9rdemes.<\/li>\n<\/ul>\n<p>Ha megpr\u00f3b\u00e1ljuk megfogalmazni az itteni atmoszf\u00e9ra l\u00e9nyeg\u00e9t, azt, hogy milyen megfontol\u00e1s alapj\u00e1n szervezz\u00fck az \u00e9let\u00fcnket, Hamvas B\u00e9la szavait tal\u00e1ljuk a legink\u00e1bb megfelel\u0151nek:<\/p>\n<p><em>A hagyom\u00e1ny nem rendszer, hanem rend. A rend arr\u00f3l ismerhet\u0151 fel, hogy \u00f6nmag\u00e1t \u00e1lland\u00f3an jav\u00edtja. A rendszer organiz\u00e1ci\u00f3, a rend organizmus. A rendszer, ha valahol nem j\u00f3 &#8211; m\u00e1rpedig mindig kider\u00fcl, hogy valahol nem j\u00f3 &#8211; \u00f6sszeomlik. Ha a rend valahol nem j\u00f3, \u00f6nmag\u00e1t kijav\u00edtja. A hagyom\u00e1ny nem rendszer, hanem rend, minden sz\u00e1munkra ismert alakj\u00e1ban (\u2026) A rend nem z\u00e1rt \u00e9s statikus \u00e9p\u00fclet, hanem ny\u00edlt ir\u00e1ny \u00e9s \u00fat.<\/em><\/p>\n<p><strong>Kedves Vend\u00e9geink!<\/strong><\/p>\n<p>K\u00f6sz\u00f6nj\u00fck, hogy elfogadt\u00e1k a megh\u00edv\u00e1sunkat, \u00e9s vel\u00fcnk \u00fcnnepelnek, ezen a sz\u00e1munkra olyan fontos napon. Fogadj\u00e1k szeretettel a k\u00f6z\u00f6s eml\u00e9keinkb\u0151l \u00f6ssze\u00e1ll\u00edtott m\u0171sort, \u00e9rezz\u00e9k otthon magukat n\u00e1lunk. K\u00f6sz\u00f6n\u00f6m megtisztel\u0151 figyelm\u00fcket.<\/p>\n<p><a href=\"https:\/\/jozsefvaros.hu\/hir\/6433\/Kettos_jubileum_a_Bokay_szakgimnaziumban\/\">M\u00e9dia<\/a><\/p>\n","protected":false},"excerpt":{"rendered":"<p>2018-ban \u00fcnnepelt\u00fck iskol\u00e1nk alap\u00edt\u00e1s\u00e1nak 50. \u00e9vfordul\u00f3j\u00e1t. <a href=\"https:\/\/semmelweis.hu\/bokay\/files\/2019\/09\/image.png\"><\/a> A 2018. december 1-jei \u00fcnnepi esem\u00e9nyr\u0151l a vide\u00f3t Ga\u00e1l Krisztina Ibolya k\u00e9sz\u00edtette. Di\u00e1k-programok a jubileumi h\u00e9ten Ki tud t\u00f6bbet a B\u00f3kayr\u00f3l \u2013 csapatvet\u00e9lked\u0151 B\u00f3kay \u00e9let\u00e9nek bemutat\u00e1sa vet\u00edt\u00e9ssel (minden oszt\u00e1lyban oszt\u00e1lyf\u0151n\u00f6ki \u00f3r\u00e1n) Fot\u00f3p\u00e1ly\u00e1zat (az \u00e9p\u00fclet \u2013 ahogy m\u00e9g nem l\u00e1ttuk) B\u00f3kay s\u00edrj\u00e1nak l\u00e1togat\u00e1sa, koszor\u00faz\u00e1sa (di\u00e1k\u00f6nkorm\u00e1nyzat) B\u00f3kay mellszobr\u00e1n\u00e1l megeml\u00e9kez\u00e9s az iskol\u00e1ban, &hellip;<\/p>\n","protected":false},"author":101845,"featured_media":0,"parent":31,"menu_order":7,"comment_status":"closed","ping_status":"closed","template":"","meta":{"_acf_changed":false,"footnotes":""},"categories":[],"tags":[],"class_list":["post-1506","page","type-page","status-publish","hentry"],"acf":[],"_links":{"self":[{"href":"https:\/\/semmelweis.hu\/bokay\/wp-json\/wp\/v2\/pages\/1506","targetHints":{"allow":["GET"]}}],"collection":[{"href":"https:\/\/semmelweis.hu\/bokay\/wp-json\/wp\/v2\/pages"}],"about":[{"href":"https:\/\/semmelweis.hu\/bokay\/wp-json\/wp\/v2\/types\/page"}],"author":[{"embeddable":true,"href":"https:\/\/semmelweis.hu\/bokay\/wp-json\/wp\/v2\/users\/101845"}],"replies":[{"embeddable":true,"href":"https:\/\/semmelweis.hu\/bokay\/wp-json\/wp\/v2\/comments?post=1506"}],"version-history":[{"count":8,"href":"https:\/\/semmelweis.hu\/bokay\/wp-json\/wp\/v2\/pages\/1506\/revisions"}],"predecessor-version":[{"id":3464,"href":"https:\/\/semmelweis.hu\/bokay\/wp-json\/wp\/v2\/pages\/1506\/revisions\/3464"}],"up":[{"embeddable":true,"href":"https:\/\/semmelweis.hu\/bokay\/wp-json\/wp\/v2\/pages\/31"}],"wp:attachment":[{"href":"https:\/\/semmelweis.hu\/bokay\/wp-json\/wp\/v2\/media?parent=1506"}],"wp:term":[{"taxonomy":"category","embeddable":true,"href":"https:\/\/semmelweis.hu\/bokay\/wp-json\/wp\/v2\/categories?post=1506"},{"taxonomy":"post_tag","embeddable":true,"href":"https:\/\/semmelweis.hu\/bokay\/wp-json\/wp\/v2\/tags?post=1506"}],"curies":[{"name":"wp","href":"https:\/\/api.w.org\/{rel}","templated":true}]}}