{"id":1393,"date":"2019-08-28T17:48:39","date_gmt":"2019-08-28T17:48:39","guid":{"rendered":"http:\/\/www.bokaysuli.hu\/?page_id=1393"},"modified":"2020-11-26T14:46:29","modified_gmt":"2020-11-26T13:46:29","slug":"apoloi-osztondij-program","status":"publish","type":"page","link":"https:\/\/semmelweis.hu\/bokay\/tanuloi-oldal\/apoloi-osztondij-program\/","title":{"rendered":"\u00c1pol\u00f3i \u00f6szt\u00f6nd\u00edj-program"},"content":{"rendered":"<p><a href=\"https:\/\/semmelweis.hu\/bokay\/files\/2019\/08\/\u00e1pol\u00f3i.jpg\"><img loading=\"lazy\" decoding=\"async\" class=\"aligncenter wp-image-1394\" src=\"\/bokay\/files\/2019\/08\/\u00e1pol\u00f3i.jpg\" alt=\"\" width=\"960\" height=\"640\" \/><\/a><\/p>\n<p><strong>Jelentkezz az \u00e1pol\u00f3i \u00f6szt\u00f6nd\u00edj-programra, ha<\/strong><\/p>\n<ul style=\"list-style-type: square;\">\n<li>a tanulm\u00e1nyi \u00e1tlagod 3,1 feletti<\/li>\n<li>nincs igazolatlan hi\u00e1nyz\u00e1sod<\/li>\n<li>v\u00e1llalod, hogy a vizsga ut\u00e1n f\u00e9l \u00e9ven bel\u00fcl elhelyezkedsz \u00e1llami int\u00e9zetben!<\/li>\n<\/ul>\n<div class=\"fontos_div\">\n<p>Tanulm\u00e1nyaid alatt \u00edgy havi 40\u00a0000 Ft szabad felhaszn\u00e1l\u00e1s\u00fa \u00f6szt\u00f6nd\u00edjban r\u00e9szes\u00fclhetsz.<\/p>\n<\/div>\n<p><strong>Teljes program le\u00edr\u00e1sa: <a href=\"https:\/\/apololeszek.aeek.hu\/osztondijprogram\">https:\/\/apololeszek.aeek.hu\/osztondijprogram<\/a><\/strong><\/p>\n<p class=\"has-text-color has-blue-color\"><strong>\u00c9rdekl\u0151dj Horv\u00e1th M\u00e1ria Magdolna tan\u00e1rn\u0151n\u00e9l!<\/strong><\/p>\n","protected":false},"excerpt":{"rendered":"<p><a href=\"https:\/\/semmelweis.hu\/bokay\/files\/2019\/08\/\u00e1pol\u00f3i.jpg\"><\/a><br \/>\nJelentkezz az \u00e1pol\u00f3i \u00f6szt\u00f6nd\u00edj-programra, ha<\/p>\n<p>a tanulm\u00e1nyi \u00e1tlagod 3,1 feletti<br \/>\nnincs igazolatlan hi\u00e1nyz\u00e1sod<br \/>\nv\u00e1llalod, hogy a vizsga ut\u00e1n f\u00e9l \u00e9ven bel\u00fcl elhelyezkedsz \u00e1llami int\u00e9zetben!<\/p>\n<p>Tanulm\u00e1nyaid alatt \u00edgy havi 40\u00a0000 Ft szabad felhaszn\u00e1l\u00e1s\u00fa \u00f6szt\u00f6nd\u00edjban r\u00e9szes\u00fclhetsz.<\/p>\n<p>Teljes program le\u00edr\u00e1sa: <a href=\"https:\/\/apololeszek.aeek.hu\/osztondijprogram\">https:\/\/apololeszek.aeek.hu\/osztondijprogram<\/a><br \/>\n\u00c9rdekl\u0151dj Horv\u00e1th M\u00e1ria Magdolna tan\u00e1rn\u0151n\u00e9l!<\/p>\n","protected":false},"author":101845,"featured_media":0,"parent":196,"menu_order":4,"comment_status":"closed","ping_status":"closed","template":"","meta":{"_acf_changed":false,"footnotes":""},"categories":[],"tags":[],"class_list":["post-1393","page","type-page","status-publish","hentry"],"acf":[],"_links":{"self":[{"href":"https:\/\/semmelweis.hu\/bokay\/wp-json\/wp\/v2\/pages\/1393","targetHints":{"allow":["GET"]}}],"collection":[{"href":"https:\/\/semmelweis.hu\/bokay\/wp-json\/wp\/v2\/pages"}],"about":[{"href":"https:\/\/semmelweis.hu\/bokay\/wp-json\/wp\/v2\/types\/page"}],"author":[{"embeddable":true,"href":"https:\/\/semmelweis.hu\/bokay\/wp-json\/wp\/v2\/users\/101845"}],"replies":[{"embeddable":true,"href":"https:\/\/semmelweis.hu\/bokay\/wp-json\/wp\/v2\/comments?post=1393"}],"version-history":[{"count":4,"href":"https:\/\/semmelweis.hu\/bokay\/wp-json\/wp\/v2\/pages\/1393\/revisions"}],"predecessor-version":[{"id":3453,"href":"https:\/\/semmelweis.hu\/bokay\/wp-json\/wp\/v2\/pages\/1393\/revisions\/3453"}],"up":[{"embeddable":true,"href":"https:\/\/semmelweis.hu\/bokay\/wp-json\/wp\/v2\/pages\/196"}],"wp:attachment":[{"href":"https:\/\/semmelweis.hu\/bokay\/wp-json\/wp\/v2\/media?parent=1393"}],"wp:term":[{"taxonomy":"category","embeddable":true,"href":"https:\/\/semmelweis.hu\/bokay\/wp-json\/wp\/v2\/categories?post=1393"},{"taxonomy":"post_tag","embeddable":true,"href":"https:\/\/semmelweis.hu\/bokay\/wp-json\/wp\/v2\/tags?post=1393"}],"curies":[{"name":"wp","href":"https:\/\/api.w.org\/{rel}","templated":true}]}}