{"id":1210,"date":"2019-07-30T19:46:42","date_gmt":"2019-07-30T19:46:42","guid":{"rendered":"http:\/\/www.bokaysuli.hu\/?page_id=1210"},"modified":"2024-03-11T07:40:42","modified_gmt":"2024-03-11T06:40:42","slug":"aktiv-sportolok-tanulmanyainak-tamogatasa","status":"publish","type":"page","link":"https:\/\/semmelweis.hu\/bokay\/ugyintezes\/aktiv-sportolok-tanulmanyainak-tamogatasa\/","title":{"rendered":"Akt\u00edv sportol\u00f3k tanulm\u00e1nyainak t\u00e1mogat\u00e1sa"},"content":{"rendered":"<p>Iskol\u00e1nkban a magas szinten sportol\u00f3 tanul\u00f3k seg\u00edts\u00e9get kapnak ahhoz, hogy sportp\u00e1lyafut\u00e1sukat tanulm\u00e1nyaikkal \u00f6ssze tudj\u00e1k egyeztetni.<\/p>\n<p><strong>MIRE VONATKOZHAT A SPORTOL\u00d3 TANUL\u00d3K K\u00c9RELME?<\/strong><\/p>\n<ul>\n<li>tart\u00f3s hi\u00e1nyz\u00e1s igazol\u00e1s\u00e1nak elfogad\u00e1s\u00e1ra, amennyiben a tan\u00e9v k\u00f6zbeni hi\u00e1nyz\u00e1st versenyfelk\u00e9sz\u00fcl\u00e9s vagy magas szint\u0171 versenyen val\u00f3 r\u00e9szv\u00e9tel igazolja (megyei, orsz\u00e1gos vagy vil\u00e1gbajnoks\u00e1g, sportegyes\u00fclet \u00e1ltal igazolt rangos sportesem\u00e9ny).<\/li>\n<li>besz\u00e1mol\u00e1si lehet\u0151s\u00e9gre a mulasztott \u00f3r\u00e1k anyag\u00e1b\u00f3l, dolgozatok elhalaszt\u00e1s\u00e1ra, kisvizsg\u00e1k, kis\u00e9retts\u00e9gik el\u0151re hoz\u00e1s\u00e1ra.<\/li>\n<\/ul>\n<p>NY\u00c1RI SZAKMAI GYAKORLAT \u00c9S AZ \u00c9VK\u00d6ZI SZAKMAI GYAKORLAT TELJES\u00cdT\u00c9SE AL\u00d3L FELMENT\u00c9S NEM ADHAT\u00d3.<\/p>\n<p><strong>KIK NY\u00daJTHATNAK BE ILYEN T\u00cdPUS\u00da K\u00c9RELMET?<\/strong><\/p>\n<ul>\n<li>azok az akt\u00edv sporttev\u00e9kenys\u00e9get v\u00e9gz\u0151 tanul\u00f3k, akik sportegyes\u00fclet\u00fckt\u0151l t\u00e1mogat\u00f3 nyilatkozatot, indokl\u00e1st szereznek be<\/li>\n<li>vagy bemutatj\u00e1k eddigi eredm\u00e9nyes sportteljes\u00edtm\u00e9ny\u00fck dokumentumait<\/li>\n<li>nem indult ellen\u00fck fegyelmi int\u00e9zked\u00e9s<\/li>\n<li>nem \u00e1llnak buk\u00e1sra egyetlen tant\u00e1rgyb\u00f3l sem<\/li>\n<li>nincs (vagy maximum 1-2 \u00f3ra) igazolatlan hi\u00e1nyz\u00e1suk<\/li>\n<\/ul>\n<p>A K\u00c9RELMET AZ ISKOLA IGAZGAT\u00d3J\u00c1HOZ KELL BENY\u00daJTANI AZ EL\u0150RE L\u00c1THAT\u00d3 HI\u00c1NYZ\u00c1SOKAT FELSOROLVA, LEGAL\u00c1BB EGY H\u00c9TTEL KOR\u00c1BBAN.<\/p>\n<p>Kiskor\u00fa tanul\u00f3 eset\u00e9n a k\u00e9relmet a sz\u00fcl\u0151nek kell beny\u00fajtania.<\/p>\n<p><a href=\"https:\/\/semmelweis.hu\/bokay\/files\/2024\/03\/Sportoloi-kerelem.docx\">Sportol\u00f3i k\u00e9relem<\/a><\/p>\n","protected":false},"excerpt":{"rendered":"<p>Iskol\u00e1nkban a magas szinten sportol\u00f3 tanul\u00f3k seg\u00edts\u00e9get kapnak ahhoz, hogy sportp\u00e1lyafut\u00e1sukat tanulm\u00e1nyaikkal \u00f6ssze tudj\u00e1k egyeztetni. MIRE VONATKOZHAT A SPORTOL\u00d3 TANUL\u00d3K K\u00c9RELME? tart\u00f3s hi\u00e1nyz\u00e1s igazol\u00e1s\u00e1nak elfogad\u00e1s\u00e1ra, amennyiben a tan\u00e9v k\u00f6zbeni hi\u00e1nyz\u00e1st versenyfelk\u00e9sz\u00fcl\u00e9s vagy magas szint\u0171 versenyen val\u00f3 r\u00e9szv\u00e9tel igazolja (megyei, orsz\u00e1gos vagy vil\u00e1gbajnoks\u00e1g, sportegyes\u00fclet \u00e1ltal igazolt rangos sportesem\u00e9ny). besz\u00e1mol\u00e1si lehet\u0151s\u00e9gre a mulasztott \u00f3r\u00e1k anyag\u00e1b\u00f3l, dolgozatok elhalaszt\u00e1s\u00e1ra, &hellip;<\/p>\n","protected":false},"author":101845,"featured_media":0,"parent":43,"menu_order":4,"comment_status":"closed","ping_status":"closed","template":"","meta":{"_acf_changed":false,"footnotes":""},"categories":[],"tags":[],"class_list":["post-1210","page","type-page","status-publish","hentry"],"acf":[],"_links":{"self":[{"href":"https:\/\/semmelweis.hu\/bokay\/wp-json\/wp\/v2\/pages\/1210","targetHints":{"allow":["GET"]}}],"collection":[{"href":"https:\/\/semmelweis.hu\/bokay\/wp-json\/wp\/v2\/pages"}],"about":[{"href":"https:\/\/semmelweis.hu\/bokay\/wp-json\/wp\/v2\/types\/page"}],"author":[{"embeddable":true,"href":"https:\/\/semmelweis.hu\/bokay\/wp-json\/wp\/v2\/users\/101845"}],"replies":[{"embeddable":true,"href":"https:\/\/semmelweis.hu\/bokay\/wp-json\/wp\/v2\/comments?post=1210"}],"version-history":[{"count":7,"href":"https:\/\/semmelweis.hu\/bokay\/wp-json\/wp\/v2\/pages\/1210\/revisions"}],"predecessor-version":[{"id":5992,"href":"https:\/\/semmelweis.hu\/bokay\/wp-json\/wp\/v2\/pages\/1210\/revisions\/5992"}],"up":[{"embeddable":true,"href":"https:\/\/semmelweis.hu\/bokay\/wp-json\/wp\/v2\/pages\/43"}],"wp:attachment":[{"href":"https:\/\/semmelweis.hu\/bokay\/wp-json\/wp\/v2\/media?parent=1210"}],"wp:term":[{"taxonomy":"category","embeddable":true,"href":"https:\/\/semmelweis.hu\/bokay\/wp-json\/wp\/v2\/categories?post=1210"},{"taxonomy":"post_tag","embeddable":true,"href":"https:\/\/semmelweis.hu\/bokay\/wp-json\/wp\/v2\/tags?post=1210"}],"curies":[{"name":"wp","href":"https:\/\/api.w.org\/{rel}","templated":true}]}}