{"id":7537,"date":"2022-11-12T09:48:30","date_gmt":"2022-11-12T08:48:30","guid":{"rendered":"https:\/\/semmelweis.hu\/boe\/?page_id=7537"},"modified":"2025-07-01T11:06:11","modified_gmt":"2025-07-01T09:06:11","slug":"tamogatoink-voltak-2","status":"publish","type":"page","link":"https:\/\/semmelweis.hu\/boe\/egeszsegverseny\/tamogatoink-voltak-2\/","title":{"rendered":"T\u00e1mogat\u00f3ink"},"content":{"rendered":"<h4 style=\"text-align: center;padding-left: 80px\"><span style=\"color: #ff7464\"><strong>A X. Semmelweis Eg\u00e9szs\u00e9gverseny t\u00e1mogat\u00f3i<\/strong><\/span><\/h4>\n<p><img loading=\"lazy\" decoding=\"async\" class=\"alignnone size-medium wp-image-8320\" src=\"https:\/\/semmelweis.hu\/boe\/files\/2024\/04\/MD-dance-school-logo-png-1-300x225.png\" alt=\"\" width=\"300\" height=\"225\" srcset=\"https:\/\/semmelweis.hu\/boe\/files\/2024\/04\/MD-dance-school-logo-png-1-300x225.png 300w, https:\/\/semmelweis.hu\/boe\/files\/2024\/04\/MD-dance-school-logo-png-1-1024x768.png 1024w, https:\/\/semmelweis.hu\/boe\/files\/2024\/04\/MD-dance-school-logo-png-1-768x576.png 768w, https:\/\/semmelweis.hu\/boe\/files\/2024\/04\/MD-dance-school-logo-png-1-753x565.png 753w, https:\/\/semmelweis.hu\/boe\/files\/2024\/04\/MD-dance-school-logo-png-1.png 1200w\" sizes=\"auto, (max-width: 300px) 100vw, 300px\" \/><\/p>\n<p style=\"text-align: justify\">\u00a0<\/p>\n<p style=\"text-align: justify\"><a href=\"https:\/\/semmelweis.hu\/boe\/files\/2025\/07\/biotech_logo_120x30_1.pdf\">biotech_logo_120x30_1<\/a> <img loading=\"lazy\" decoding=\"async\" class=\"alignnone size-medium wp-image-8685\" src=\"https:\/\/semmelweis.hu\/boe\/files\/2025\/07\/Sziklakorhaz-Atombunker-Muzeum-logo-300x80.png\" alt=\"\" width=\"300\" height=\"80\" srcset=\"https:\/\/semmelweis.hu\/boe\/files\/2025\/07\/Sziklakorhaz-Atombunker-Muzeum-logo-300x80.png 300w, https:\/\/semmelweis.hu\/boe\/files\/2025\/07\/Sziklakorhaz-Atombunker-Muzeum-logo-1024x272.png 1024w, https:\/\/semmelweis.hu\/boe\/files\/2025\/07\/Sziklakorhaz-Atombunker-Muzeum-logo-768x204.png 768w, https:\/\/semmelweis.hu\/boe\/files\/2025\/07\/Sziklakorhaz-Atombunker-Muzeum-logo-753x200.png 753w, https:\/\/semmelweis.hu\/boe\/files\/2025\/07\/Sziklakorhaz-Atombunker-Muzeum-logo.png 1125w\" sizes=\"auto, (max-width: 300px) 100vw, 300px\" \/> <a href=\"https:\/\/semmelweis.hu\/boe\/files\/2025\/07\/ESTERHAZY_KASTELY_LOGO_HUN-1.pdf\">ESTERHAZY_KASTELY_LOGO_HUN<\/a> <img loading=\"lazy\" decoding=\"async\" class=\"alignnone size-medium wp-image-8684\" src=\"https:\/\/semmelweis.hu\/boe\/files\/2025\/07\/Novartis-Logo-RGB-300x107.jpg\" alt=\"\" width=\"300\" height=\"107\" srcset=\"https:\/\/semmelweis.hu\/boe\/files\/2025\/07\/Novartis-Logo-RGB-300x107.jpg 300w, https:\/\/semmelweis.hu\/boe\/files\/2025\/07\/Novartis-Logo-RGB-1024x365.jpg 1024w, https:\/\/semmelweis.hu\/boe\/files\/2025\/07\/Novartis-Logo-RGB-768x274.jpg 768w, https:\/\/semmelweis.hu\/boe\/files\/2025\/07\/Novartis-Logo-RGB-753x269.jpg 753w, https:\/\/semmelweis.hu\/boe\/files\/2025\/07\/Novartis-Logo-RGB.jpg 1200w\" sizes=\"auto, (max-width: 300px) 100vw, 300px\" \/> <img loading=\"lazy\" decoding=\"async\" class=\"alignnone size-medium wp-image-8678\" src=\"https:\/\/semmelweis.hu\/boe\/files\/2025\/07\/adventor_logo-1-300x300.jpg\" alt=\"\" width=\"300\" height=\"300\" srcset=\"https:\/\/semmelweis.hu\/boe\/files\/2025\/07\/adventor_logo-1-300x300.jpg 300w, https:\/\/semmelweis.hu\/boe\/files\/2025\/07\/adventor_logo-1-1024x1024.jpg 1024w, https:\/\/semmelweis.hu\/boe\/files\/2025\/07\/adventor_logo-1-150x150.jpg 150w, https:\/\/semmelweis.hu\/boe\/files\/2025\/07\/adventor_logo-1-768x768.jpg 768w, https:\/\/semmelweis.hu\/boe\/files\/2025\/07\/adventor_logo-1-753x753.jpg 753w, https:\/\/semmelweis.hu\/boe\/files\/2025\/07\/adventor_logo-1.jpg 1200w\" sizes=\"auto, (max-width: 300px) 100vw, 300px\" \/> <a href=\"https:\/\/semmelweis.hu\/boe\/files\/2025\/07\/gyorgytea-logo-zold-1.pdf\">gyorgytea-logo-zold<\/a> <img loading=\"lazy\" decoding=\"async\" class=\"alignnone size-medium wp-image-8683\" src=\"https:\/\/semmelweis.hu\/boe\/files\/2025\/07\/TMS_Pilates_logo_fekete-1-300x50.png\" alt=\"\" width=\"300\" height=\"50\" srcset=\"https:\/\/semmelweis.hu\/boe\/files\/2025\/07\/TMS_Pilates_logo_fekete-1-300x50.png 300w, https:\/\/semmelweis.hu\/boe\/files\/2025\/07\/TMS_Pilates_logo_fekete-1-1024x172.png 1024w, https:\/\/semmelweis.hu\/boe\/files\/2025\/07\/TMS_Pilates_logo_fekete-1-768x129.png 768w, https:\/\/semmelweis.hu\/boe\/files\/2025\/07\/TMS_Pilates_logo_fekete-1-753x126.png 753w, https:\/\/semmelweis.hu\/boe\/files\/2025\/07\/TMS_Pilates_logo_fekete-1.png 1200w\" sizes=\"auto, (max-width: 300px) 100vw, 300px\" \/> <img loading=\"lazy\" decoding=\"async\" class=\"alignnone size-medium wp-image-8672\" src=\"https:\/\/semmelweis.hu\/boe\/files\/2025\/07\/Hotel-Wellamarin-1-300x49.png\" alt=\"\" width=\"300\" height=\"49\" srcset=\"https:\/\/semmelweis.hu\/boe\/files\/2025\/07\/Hotel-Wellamarin-1-300x49.png 300w, https:\/\/semmelweis.hu\/boe\/files\/2025\/07\/Hotel-Wellamarin-1-768x125.png 768w, https:\/\/semmelweis.hu\/boe\/files\/2025\/07\/Hotel-Wellamarin-1-753x123.png 753w, https:\/\/semmelweis.hu\/boe\/files\/2025\/07\/Hotel-Wellamarin-1.png 784w\" sizes=\"auto, (max-width: 300px) 100vw, 300px\" \/> <img loading=\"lazy\" decoding=\"async\" class=\"alignnone size-medium wp-image-8671\" src=\"https:\/\/semmelweis.hu\/boe\/files\/2025\/07\/karolyi_logo-300x247.jpg\" alt=\"\" width=\"300\" height=\"247\" srcset=\"https:\/\/semmelweis.hu\/boe\/files\/2025\/07\/karolyi_logo-300x247.jpg 300w, https:\/\/semmelweis.hu\/boe\/files\/2025\/07\/karolyi_logo.jpg 638w\" sizes=\"auto, (max-width: 300px) 100vw, 300px\" \/> <img loading=\"lazy\" decoding=\"async\" class=\"alignnone size-medium wp-image-8670\" src=\"https:\/\/semmelweis.hu\/boe\/files\/2025\/07\/New-logo-1-300x300.png\" alt=\"\" width=\"300\" height=\"300\" srcset=\"https:\/\/semmelweis.hu\/boe\/files\/2025\/07\/New-logo-1-300x300.png 300w, https:\/\/semmelweis.hu\/boe\/files\/2025\/07\/New-logo-1-1024x1024.png 1024w, https:\/\/semmelweis.hu\/boe\/files\/2025\/07\/New-logo-1-150x150.png 150w, https:\/\/semmelweis.hu\/boe\/files\/2025\/07\/New-logo-1-768x768.png 768w, https:\/\/semmelweis.hu\/boe\/files\/2025\/07\/New-logo-1-753x753.png 753w, https:\/\/semmelweis.hu\/boe\/files\/2025\/07\/New-logo-1.png 1080w\" sizes=\"auto, (max-width: 300px) 100vw, 300px\" \/> <img loading=\"lazy\" decoding=\"async\" class=\"alignnone size-medium wp-image-8682\" src=\"https:\/\/semmelweis.hu\/boe\/files\/2025\/07\/tokshop_logo_A01-300x300.jpg\" alt=\"\" width=\"300\" height=\"300\" srcset=\"https:\/\/semmelweis.hu\/boe\/files\/2025\/07\/tokshop_logo_A01-300x300.jpg 300w, https:\/\/semmelweis.hu\/boe\/files\/2025\/07\/tokshop_logo_A01-1024x1024.jpg 1024w, https:\/\/semmelweis.hu\/boe\/files\/2025\/07\/tokshop_logo_A01-150x150.jpg 150w, https:\/\/semmelweis.hu\/boe\/files\/2025\/07\/tokshop_logo_A01-768x768.jpg 768w, https:\/\/semmelweis.hu\/boe\/files\/2025\/07\/tokshop_logo_A01-753x753.jpg 753w, https:\/\/semmelweis.hu\/boe\/files\/2025\/07\/tokshop_logo_A01.jpg 1200w\" sizes=\"auto, (max-width: 300px) 100vw, 300px\" \/> <img loading=\"lazy\" decoding=\"async\" class=\"alignnone size-medium wp-image-8681\" src=\"https:\/\/semmelweis.hu\/boe\/files\/2025\/07\/pkkoncertre-300x169.jpg\" alt=\"\" width=\"300\" height=\"169\" srcset=\"https:\/\/semmelweis.hu\/boe\/files\/2025\/07\/pkkoncertre-300x169.jpg 300w, https:\/\/semmelweis.hu\/boe\/files\/2025\/07\/pkkoncertre-1024x576.jpg 1024w, https:\/\/semmelweis.hu\/boe\/files\/2025\/07\/pkkoncertre-768x432.jpg 768w, https:\/\/semmelweis.hu\/boe\/files\/2025\/07\/pkkoncertre-753x424.jpg 753w, https:\/\/semmelweis.hu\/boe\/files\/2025\/07\/pkkoncertre.jpg 1200w\" sizes=\"auto, (max-width: 300px) 100vw, 300px\" \/> <a href=\"https:\/\/semmelweis.hu\/boe\/files\/2025\/07\/H.LOGO2025.pdf\">H.LOGO2025<\/a> <a href=\"https:\/\/semmelweis.hu\/boe\/files\/2025\/07\/SPORTFIVE-vektor-zold-1.pdf\">SPORTFIVE vektor z\u00f6ld<\/a> <img loading=\"lazy\" decoding=\"async\" class=\"alignnone size-medium wp-image-8669\" src=\"https:\/\/semmelweis.hu\/boe\/files\/2025\/07\/KK-logo-1-300x171.png\" alt=\"\" width=\"300\" height=\"171\" srcset=\"https:\/\/semmelweis.hu\/boe\/files\/2025\/07\/KK-logo-1-300x171.png 300w, https:\/\/semmelweis.hu\/boe\/files\/2025\/07\/KK-logo-1.png 474w\" sizes=\"auto, (max-width: 300px) 100vw, 300px\" \/> <img loading=\"lazy\" decoding=\"async\" class=\"alignnone size-medium wp-image-8668\" src=\"https:\/\/semmelweis.hu\/boe\/files\/2025\/07\/logo_nagy_szines-1-300x300.jpg\" alt=\"\" width=\"300\" height=\"300\" srcset=\"https:\/\/semmelweis.hu\/boe\/files\/2025\/07\/logo_nagy_szines-1-300x300.jpg 300w, https:\/\/semmelweis.hu\/boe\/files\/2025\/07\/logo_nagy_szines-1-150x150.jpg 150w, https:\/\/semmelweis.hu\/boe\/files\/2025\/07\/logo_nagy_szines-1.jpg 400w\" sizes=\"auto, (max-width: 300px) 100vw, 300px\" \/> <img loading=\"lazy\" decoding=\"async\" class=\"alignnone size-medium wp-image-8674\" src=\"https:\/\/semmelweis.hu\/boe\/files\/2025\/07\/HA_PNG-1-259x300.png\" alt=\"\" width=\"259\" height=\"300\" srcset=\"https:\/\/semmelweis.hu\/boe\/files\/2025\/07\/HA_PNG-1-259x300.png 259w, https:\/\/semmelweis.hu\/boe\/files\/2025\/07\/HA_PNG-1.png 500w\" sizes=\"auto, (max-width: 259px) 100vw, 259px\" \/> <img loading=\"lazy\" decoding=\"async\" class=\"alignnone size-full wp-image-8680\" src=\"https:\/\/semmelweis.hu\/boe\/files\/2025\/07\/image001-2.png\" alt=\"\" width=\"295\" height=\"295\" srcset=\"https:\/\/semmelweis.hu\/boe\/files\/2025\/07\/image001-2.png 295w, https:\/\/semmelweis.hu\/boe\/files\/2025\/07\/image001-2-150x150.png 150w\" sizes=\"auto, (max-width: 295px) 100vw, 295px\" \/><img loading=\"lazy\" decoding=\"async\" class=\"alignnone size-medium wp-image-8667\" src=\"https:\/\/semmelweis.hu\/boe\/files\/2025\/07\/Bp-1-1-300x300.png\" alt=\"\" width=\"300\" height=\"300\" srcset=\"https:\/\/semmelweis.hu\/boe\/files\/2025\/07\/Bp-1-1-300x300.png 300w, https:\/\/semmelweis.hu\/boe\/files\/2025\/07\/Bp-1-1-150x150.png 150w, https:\/\/semmelweis.hu\/boe\/files\/2025\/07\/Bp-1-1-768x768.png 768w, https:\/\/semmelweis.hu\/boe\/files\/2025\/07\/Bp-1-1-753x753.png 753w, https:\/\/semmelweis.hu\/boe\/files\/2025\/07\/Bp-1-1.png 1000w\" sizes=\"auto, (max-width: 300px) 100vw, 300px\" \/> <img loading=\"lazy\" decoding=\"async\" class=\"alignnone size-medium wp-image-8661\" src=\"https:\/\/semmelweis.hu\/boe\/files\/2025\/07\/Kurtoskalacs_logo_color_HIGHRES-277x300.jpg\" alt=\"\" width=\"277\" height=\"300\" srcset=\"https:\/\/semmelweis.hu\/boe\/files\/2025\/07\/Kurtoskalacs_logo_color_HIGHRES-277x300.jpg 277w, https:\/\/semmelweis.hu\/boe\/files\/2025\/07\/Kurtoskalacs_logo_color_HIGHRES-945x1024.jpg 945w, https:\/\/semmelweis.hu\/boe\/files\/2025\/07\/Kurtoskalacs_logo_color_HIGHRES-768x832.jpg 768w, https:\/\/semmelweis.hu\/boe\/files\/2025\/07\/Kurtoskalacs_logo_color_HIGHRES-753x816.jpg 753w, https:\/\/semmelweis.hu\/boe\/files\/2025\/07\/Kurtoskalacs_logo_color_HIGHRES.jpg 1108w\" sizes=\"auto, (max-width: 277px) 100vw, 277px\" \/> <img loading=\"lazy\" decoding=\"async\" class=\"alignnone size-medium wp-image-8660\" src=\"https:\/\/semmelweis.hu\/boe\/files\/2025\/07\/Szafi-logo-zold-1-300x166.jpg\" alt=\"\" width=\"300\" height=\"166\" srcset=\"https:\/\/semmelweis.hu\/boe\/files\/2025\/07\/Szafi-logo-zold-1-300x166.jpg 300w, https:\/\/semmelweis.hu\/boe\/files\/2025\/07\/Szafi-logo-zold-1-1024x565.jpg 1024w, https:\/\/semmelweis.hu\/boe\/files\/2025\/07\/Szafi-logo-zold-1-768x424.jpg 768w, https:\/\/semmelweis.hu\/boe\/files\/2025\/07\/Szafi-logo-zold-1-753x415.jpg 753w, https:\/\/semmelweis.hu\/boe\/files\/2025\/07\/Szafi-logo-zold-1.jpg 1200w\" sizes=\"auto, (max-width: 300px) 100vw, 300px\" \/> <img loading=\"lazy\" decoding=\"async\" class=\"alignnone size-medium wp-image-8655\" src=\"https:\/\/semmelweis.hu\/boe\/files\/2025\/07\/budapesti-fesztivalzenekar-474-279-167168-1-300x177.jpg\" alt=\"\" width=\"300\" height=\"177\" srcset=\"https:\/\/semmelweis.hu\/boe\/files\/2025\/07\/budapesti-fesztivalzenekar-474-279-167168-1-300x177.jpg 300w, https:\/\/semmelweis.hu\/boe\/files\/2025\/07\/budapesti-fesztivalzenekar-474-279-167168-1.jpg 474w\" sizes=\"auto, (max-width: 300px) 100vw, 300px\" \/> <a href=\"https:\/\/semmelweis.hu\/boe\/files\/2025\/07\/LOGO_ANGOL.pdf\">LOGO_ANGOL<\/a> <img loading=\"lazy\" decoding=\"async\" class=\"alignnone size-medium wp-image-8659\" src=\"https:\/\/semmelweis.hu\/boe\/files\/2025\/07\/header_logo-3-300x192.png\" alt=\"\" width=\"300\" height=\"192\" srcset=\"https:\/\/semmelweis.hu\/boe\/files\/2025\/07\/header_logo-3-300x192.png 300w, https:\/\/semmelweis.hu\/boe\/files\/2025\/07\/header_logo-3.png 648w\" sizes=\"auto, (max-width: 300px) 100vw, 300px\" \/> <img loading=\"lazy\" decoding=\"async\" class=\"alignnone size-medium wp-image-8653\" src=\"https:\/\/semmelweis.hu\/boe\/files\/2025\/07\/danza_logo-1-300x300.jpg\" alt=\"\" width=\"300\" height=\"300\" srcset=\"https:\/\/semmelweis.hu\/boe\/files\/2025\/07\/danza_logo-1-300x300.jpg 300w, https:\/\/semmelweis.hu\/boe\/files\/2025\/07\/danza_logo-1-1024x1024.jpg 1024w, https:\/\/semmelweis.hu\/boe\/files\/2025\/07\/danza_logo-1-150x150.jpg 150w, https:\/\/semmelweis.hu\/boe\/files\/2025\/07\/danza_logo-1-768x768.jpg 768w, https:\/\/semmelweis.hu\/boe\/files\/2025\/07\/danza_logo-1-753x753.jpg 753w, https:\/\/semmelweis.hu\/boe\/files\/2025\/07\/danza_logo-1.jpg 1200w\" sizes=\"auto, (max-width: 300px) 100vw, 300px\" \/> <img loading=\"lazy\" decoding=\"async\" class=\"alignnone size-medium wp-image-8652\" src=\"https:\/\/semmelweis.hu\/boe\/files\/2025\/07\/Dr.steinberger-logo-landscape-1-300x150.png\" alt=\"\" width=\"300\" height=\"150\" srcset=\"https:\/\/semmelweis.hu\/boe\/files\/2025\/07\/Dr.steinberger-logo-landscape-1-300x150.png 300w, https:\/\/semmelweis.hu\/boe\/files\/2025\/07\/Dr.steinberger-logo-landscape-1-768x384.png 768w, https:\/\/semmelweis.hu\/boe\/files\/2025\/07\/Dr.steinberger-logo-landscape-1-753x377.png 753w, https:\/\/semmelweis.hu\/boe\/files\/2025\/07\/Dr.steinberger-logo-landscape-1.png 1000w\" sizes=\"auto, (max-width: 300px) 100vw, 300px\" \/> <a href=\"https:\/\/semmelweis.hu\/boe\/files\/2025\/07\/ZooDebrecen_Logo_2022-1.pdf\">ZooDebrecen_Logo_2022 (1)<\/a> <img loading=\"lazy\" decoding=\"async\" class=\"alignnone size-medium wp-image-8657\" src=\"https:\/\/semmelweis.hu\/boe\/files\/2025\/07\/MNG-logo_2000px_negativ-300x70.jpg\" alt=\"\" width=\"300\" height=\"70\" srcset=\"https:\/\/semmelweis.hu\/boe\/files\/2025\/07\/MNG-logo_2000px_negativ-300x70.jpg 300w, https:\/\/semmelweis.hu\/boe\/files\/2025\/07\/MNG-logo_2000px_negativ-1024x238.jpg 1024w, https:\/\/semmelweis.hu\/boe\/files\/2025\/07\/MNG-logo_2000px_negativ-768x179.jpg 768w, https:\/\/semmelweis.hu\/boe\/files\/2025\/07\/MNG-logo_2000px_negativ-753x175.jpg 753w, https:\/\/semmelweis.hu\/boe\/files\/2025\/07\/MNG-logo_2000px_negativ.jpg 1200w\" sizes=\"auto, (max-width: 300px) 100vw, 300px\" \/> <img loading=\"lazy\" decoding=\"async\" class=\"alignnone size-medium wp-image-8651\" src=\"https:\/\/semmelweis.hu\/boe\/files\/2025\/07\/Egressy-Dental-Anniversary-20_fb_post_1350x1080px-300x240.png\" alt=\"\" width=\"300\" height=\"240\" srcset=\"https:\/\/semmelweis.hu\/boe\/files\/2025\/07\/Egressy-Dental-Anniversary-20_fb_post_1350x1080px-300x240.png 300w, https:\/\/semmelweis.hu\/boe\/files\/2025\/07\/Egressy-Dental-Anniversary-20_fb_post_1350x1080px-1024x819.png 1024w, https:\/\/semmelweis.hu\/boe\/files\/2025\/07\/Egressy-Dental-Anniversary-20_fb_post_1350x1080px-768x614.png 768w, https:\/\/semmelweis.hu\/boe\/files\/2025\/07\/Egressy-Dental-Anniversary-20_fb_post_1350x1080px-753x602.png 753w, https:\/\/semmelweis.hu\/boe\/files\/2025\/07\/Egressy-Dental-Anniversary-20_fb_post_1350x1080px.png 1200w\" sizes=\"auto, (max-width: 300px) 100vw, 300px\" \/> <a href=\"https:\/\/semmelweis.hu\/boe\/files\/2025\/07\/egy-csepp-logo_frissitett_yellow-1.pdf\">egy csepp logo_frissitett_yellow (1)<\/a> <img loading=\"lazy\" decoding=\"async\" class=\"alignnone size-medium wp-image-8656\" src=\"https:\/\/semmelweis.hu\/boe\/files\/2025\/07\/Logo-300x133.png\" alt=\"\" width=\"300\" height=\"133\" srcset=\"https:\/\/semmelweis.hu\/boe\/files\/2025\/07\/Logo-300x133.png 300w, https:\/\/semmelweis.hu\/boe\/files\/2025\/07\/Logo.png 472w\" sizes=\"auto, (max-width: 300px) 100vw, 300px\" \/> <a href=\"https:\/\/semmelweis.hu\/boe\/files\/2025\/07\/Verbena_logo_claim_CMYK_2018_HU.pdf\">Verbena_logo_claim_CMYK_2018_HU<\/a><a href=\"https:\/\/semmelweis.hu\/boe\/files\/2025\/07\/E_logo_hosszu_black_2023.pdf\">E_logo_hosszu_black_2023<\/a> <img loading=\"lazy\" decoding=\"async\" class=\"alignnone size-medium wp-image-8648\" src=\"https:\/\/semmelweis.hu\/boe\/files\/2025\/07\/ek_logo_2024-2-300x300.jpg\" alt=\"\" width=\"300\" height=\"300\" srcset=\"https:\/\/semmelweis.hu\/boe\/files\/2025\/07\/ek_logo_2024-2-300x300.jpg 300w, https:\/\/semmelweis.hu\/boe\/files\/2025\/07\/ek_logo_2024-2-1024x1024.jpg 1024w, https:\/\/semmelweis.hu\/boe\/files\/2025\/07\/ek_logo_2024-2-150x150.jpg 150w, https:\/\/semmelweis.hu\/boe\/files\/2025\/07\/ek_logo_2024-2-768x768.jpg 768w, https:\/\/semmelweis.hu\/boe\/files\/2025\/07\/ek_logo_2024-2-753x753.jpg 753w, https:\/\/semmelweis.hu\/boe\/files\/2025\/07\/ek_logo_2024-2.jpg 1200w\" sizes=\"auto, (max-width: 300px) 100vw, 300px\" \/> <a href=\"https:\/\/semmelweis.hu\/boe\/files\/2025\/07\/ESTERHAZY_KASTELY_LOGO_HUN.pdf\">ESTERHAZY_KASTELY_LOGO_HUN<\/a> <img loading=\"lazy\" decoding=\"async\" class=\"alignnone size-medium wp-image-8646\" src=\"https:\/\/semmelweis.hu\/boe\/files\/2025\/07\/adventor_logo-300x300.jpg\" alt=\"\" width=\"300\" height=\"300\" srcset=\"https:\/\/semmelweis.hu\/boe\/files\/2025\/07\/adventor_logo-300x300.jpg 300w, https:\/\/semmelweis.hu\/boe\/files\/2025\/07\/adventor_logo-1024x1024.jpg 1024w, https:\/\/semmelweis.hu\/boe\/files\/2025\/07\/adventor_logo-150x150.jpg 150w, https:\/\/semmelweis.hu\/boe\/files\/2025\/07\/adventor_logo-768x768.jpg 768w, https:\/\/semmelweis.hu\/boe\/files\/2025\/07\/adventor_logo-753x753.jpg 753w, https:\/\/semmelweis.hu\/boe\/files\/2025\/07\/adventor_logo.jpg 1200w\" sizes=\"auto, (max-width: 300px) 100vw, 300px\" \/> <a href=\"https:\/\/semmelweis.hu\/boe\/files\/2025\/07\/gyorgytea-logo-zold.pdf\">gyorgytea-logo-zold<\/a> <a href=\"https:\/\/semmelweis.hu\/boe\/files\/2025\/07\/SPORTFIVE-vektor-zold.pdf\">SPORTFIVE vektor z\u00f6ld<\/a> <img loading=\"lazy\" decoding=\"async\" class=\"alignnone size-medium wp-image-8638\" src=\"https:\/\/semmelweis.hu\/boe\/files\/2025\/07\/TisztaFormak-logo-cmyk-300x245.jpg\" alt=\"\" width=\"300\" height=\"245\" srcset=\"https:\/\/semmelweis.hu\/boe\/files\/2025\/07\/TisztaFormak-logo-cmyk-300x245.jpg 300w, https:\/\/semmelweis.hu\/boe\/files\/2025\/07\/TisztaFormak-logo-cmyk-768x628.jpg 768w, https:\/\/semmelweis.hu\/boe\/files\/2025\/07\/TisztaFormak-logo-cmyk-753x615.jpg 753w, https:\/\/semmelweis.hu\/boe\/files\/2025\/07\/TisztaFormak-logo-cmyk.jpg 913w\" sizes=\"auto, (max-width: 300px) 100vw, 300px\" \/> <img loading=\"lazy\" decoding=\"async\" class=\"alignnone size-medium wp-image-8639\" src=\"https:\/\/semmelweis.hu\/boe\/files\/2025\/07\/KD2025-logo-fekvo-300x134.png\" alt=\"\" width=\"300\" height=\"134\" srcset=\"https:\/\/semmelweis.hu\/boe\/files\/2025\/07\/KD2025-logo-fekvo-300x134.png 300w, https:\/\/semmelweis.hu\/boe\/files\/2025\/07\/KD2025-logo-fekvo-768x343.png 768w, https:\/\/semmelweis.hu\/boe\/files\/2025\/07\/KD2025-logo-fekvo-753x337.png 753w, https:\/\/semmelweis.hu\/boe\/files\/2025\/07\/KD2025-logo-fekvo.png 928w\" sizes=\"auto, (max-width: 300px) 100vw, 300px\" \/> <img loading=\"lazy\" decoding=\"async\" class=\"alignnone size-medium wp-image-8640\" src=\"https:\/\/semmelweis.hu\/boe\/files\/2025\/07\/hd_logo_transparent-300x207.png\" alt=\"\" width=\"300\" height=\"207\" srcset=\"https:\/\/semmelweis.hu\/boe\/files\/2025\/07\/hd_logo_transparent-300x207.png 300w, https:\/\/semmelweis.hu\/boe\/files\/2025\/07\/hd_logo_transparent-1024x707.png 1024w, https:\/\/semmelweis.hu\/boe\/files\/2025\/07\/hd_logo_transparent-768x530.png 768w, https:\/\/semmelweis.hu\/boe\/files\/2025\/07\/hd_logo_transparent-175x120.png 175w, https:\/\/semmelweis.hu\/boe\/files\/2025\/07\/hd_logo_transparent-753x520.png 753w, https:\/\/semmelweis.hu\/boe\/files\/2025\/07\/hd_logo_transparent.png 1200w\" sizes=\"auto, (max-width: 300px) 100vw, 300px\" \/> <img loading=\"lazy\" decoding=\"async\" class=\"alignnone size-medium wp-image-8641\" src=\"https:\/\/semmelweis.hu\/boe\/files\/2025\/07\/EUniWell-2-300x108.png\" alt=\"\" width=\"300\" height=\"108\" srcset=\"https:\/\/semmelweis.hu\/boe\/files\/2025\/07\/EUniWell-2-300x108.png 300w, https:\/\/semmelweis.hu\/boe\/files\/2025\/07\/EUniWell-2.png 375w\" sizes=\"auto, (max-width: 300px) 100vw, 300px\" \/> <img loading=\"lazy\" decoding=\"async\" class=\"alignnone size-medium wp-image-8642\" src=\"https:\/\/semmelweis.hu\/boe\/files\/2025\/07\/Copie-a-fisierului-logo_accessories_onwhite-300x300.png\" alt=\"\" width=\"300\" height=\"300\" srcset=\"https:\/\/semmelweis.hu\/boe\/files\/2025\/07\/Copie-a-fisierului-logo_accessories_onwhite-300x300.png 300w, https:\/\/semmelweis.hu\/boe\/files\/2025\/07\/Copie-a-fisierului-logo_accessories_onwhite-1024x1024.png 1024w, https:\/\/semmelweis.hu\/boe\/files\/2025\/07\/Copie-a-fisierului-logo_accessories_onwhite-150x150.png 150w, https:\/\/semmelweis.hu\/boe\/files\/2025\/07\/Copie-a-fisierului-logo_accessories_onwhite-768x768.png 768w, https:\/\/semmelweis.hu\/boe\/files\/2025\/07\/Copie-a-fisierului-logo_accessories_onwhite-753x753.png 753w, https:\/\/semmelweis.hu\/boe\/files\/2025\/07\/Copie-a-fisierului-logo_accessories_onwhite.png 1200w\" sizes=\"auto, (max-width: 300px) 100vw, 300px\" \/> <img loading=\"lazy\" decoding=\"async\" class=\"alignnone size-medium wp-image-8643\" src=\"https:\/\/semmelweis.hu\/boe\/files\/2025\/07\/02_MB_H_SZ-300x47.png\" alt=\"\" width=\"300\" height=\"47\" srcset=\"https:\/\/semmelweis.hu\/boe\/files\/2025\/07\/02_MB_H_SZ-300x47.png 300w, https:\/\/semmelweis.hu\/boe\/files\/2025\/07\/02_MB_H_SZ-1024x160.png 1024w, https:\/\/semmelweis.hu\/boe\/files\/2025\/07\/02_MB_H_SZ-768x120.png 768w, https:\/\/semmelweis.hu\/boe\/files\/2025\/07\/02_MB_H_SZ-753x117.png 753w, https:\/\/semmelweis.hu\/boe\/files\/2025\/07\/02_MB_H_SZ.png 1200w\" sizes=\"auto, (max-width: 300px) 100vw, 300px\" \/> <img loading=\"lazy\" decoding=\"async\" class=\"alignnone size-medium wp-image-8637\" src=\"https:\/\/semmelweis.hu\/boe\/files\/2025\/07\/30y_logo_1000x_rgb-300x300.jpg\" alt=\"\" width=\"300\" height=\"300\" srcset=\"https:\/\/semmelweis.hu\/boe\/files\/2025\/07\/30y_logo_1000x_rgb-300x300.jpg 300w, https:\/\/semmelweis.hu\/boe\/files\/2025\/07\/30y_logo_1000x_rgb-150x150.jpg 150w, https:\/\/semmelweis.hu\/boe\/files\/2025\/07\/30y_logo_1000x_rgb-768x768.jpg 768w, https:\/\/semmelweis.hu\/boe\/files\/2025\/07\/30y_logo_1000x_rgb-753x753.jpg 753w, https:\/\/semmelweis.hu\/boe\/files\/2025\/07\/30y_logo_1000x_rgb.jpg 1000w\" sizes=\"auto, (max-width: 300px) 100vw, 300px\" \/> <img loading=\"lazy\" decoding=\"async\" class=\"alignnone size-medium wp-image-8636\" src=\"https:\/\/semmelweis.hu\/boe\/files\/2025\/07\/budapesti-fesztivalzenekar-474-279-167168-300x177.jpg\" alt=\"\" width=\"300\" height=\"177\" srcset=\"https:\/\/semmelweis.hu\/boe\/files\/2025\/07\/budapesti-fesztivalzenekar-474-279-167168-300x177.jpg 300w, https:\/\/semmelweis.hu\/boe\/files\/2025\/07\/budapesti-fesztivalzenekar-474-279-167168.jpg 474w\" sizes=\"auto, (max-width: 300px) 100vw, 300px\" \/><\/p>\n<p style=\"text-align: justify\">\u00a0<\/p>\n","protected":false},"excerpt":{"rendered":"<p>A X. Semmelweis Eg\u00e9szs\u00e9gverseny t\u00e1mogat\u00f3i<\/p>\n<p>\u00a0<br \/>\n<a href=\"https:\/\/semmelweis.hu\/boe\/files\/2025\/07\/biotech_logo_120x30_1.pdf\">biotech_logo_120x30_1<\/a>  <a href=\"https:\/\/semmelweis.hu\/boe\/files\/2025\/07\/ESTERHAZY_KASTELY_LOGO_HUN-1.pdf\">ESTERHAZY_KASTELY_LOGO_HUN<\/a>   <a href=\"https:\/\/semmelweis.hu\/boe\/files\/2025\/07\/gyorgytea-logo-zold-1.pdf\">gyorgytea-logo-zold<\/a>       <a href=\"https:\/\/semmelweis.hu\/boe\/files\/2025\/07\/H.LOGO2025.pdf\">H.LOGO2025<\/a> <a href=\"https:\/\/semmelweis.hu\/boe\/files\/2025\/07\/SPORTFIVE-vektor-zold-1.pdf\">SPORTFIVE vektor z\u00f6ld<\/a>        <a href=\"https:\/\/semmelweis.hu\/boe\/files\/2025\/07\/LOGO_ANGOL.pdf\">LOGO_ANGOL<\/a>    <a href=\"https:\/\/semmelweis.hu\/boe\/files\/2025\/07\/ZooDebrecen_Logo_2022-1.pdf\">ZooDebrecen_Logo_2022 (1)<\/a>   <a href=\"https:\/\/semmelweis.hu\/boe\/files\/2025\/07\/egy-csepp-logo_frissitett_yellow-1.pdf\">egy csepp logo_frissitett_yellow (1)<\/a>  <a href=\"https:\/\/semmelweis.hu\/boe\/files\/2025\/07\/Verbena_logo_claim_CMYK_2018_HU.pdf\">Verbena_logo_claim_CMYK_2018_HU<\/a><a href=\"https:\/\/semmelweis.hu\/boe\/files\/2025\/07\/E_logo_hosszu_black_2023.pdf\">E_logo_hosszu_black_2023<\/a>  <a href=\"https:\/\/semmelweis.hu\/boe\/files\/2025\/07\/ESTERHAZY_KASTELY_LOGO_HUN.pdf\">ESTERHAZY_KASTELY_LOGO_HUN<\/a>  <a href=\"https:\/\/semmelweis.hu\/boe\/files\/2025\/07\/gyorgytea-logo-zold.pdf\">gyorgytea-logo-zold<\/a> <a href=\"https:\/\/semmelweis.hu\/boe\/files\/2025\/07\/SPORTFIVE-vektor-zold.pdf\">SPORTFIVE vektor z\u00f6ld<\/a><br \/>\n\u00a0<\/p>\n","protected":false},"author":102314,"featured_media":0,"parent":5420,"menu_order":9,"comment_status":"closed","ping_status":"closed","template":"template-fullwidth.php","meta":{"_acf_changed":false,"footnotes":""},"categories":[322],"tags":[],"class_list":["post-7537","page","type-page","status-publish","hentry","category-egyeb-hu"],"acf":[],"_links":{"self":[{"href":"https:\/\/semmelweis.hu\/boe\/wp-json\/wp\/v2\/pages\/7537","targetHints":{"allow":["GET"]}}],"collection":[{"href":"https:\/\/semmelweis.hu\/boe\/wp-json\/wp\/v2\/pages"}],"about":[{"href":"https:\/\/semmelweis.hu\/boe\/wp-json\/wp\/v2\/types\/page"}],"author":[{"embeddable":true,"href":"https:\/\/semmelweis.hu\/boe\/wp-json\/wp\/v2\/users\/102314"}],"replies":[{"embeddable":true,"href":"https:\/\/semmelweis.hu\/boe\/wp-json\/wp\/v2\/comments?post=7537"}],"version-history":[{"count":11,"href":"https:\/\/semmelweis.hu\/boe\/wp-json\/wp\/v2\/pages\/7537\/revisions"}],"predecessor-version":[{"id":8687,"href":"https:\/\/semmelweis.hu\/boe\/wp-json\/wp\/v2\/pages\/7537\/revisions\/8687"}],"up":[{"embeddable":true,"href":"https:\/\/semmelweis.hu\/boe\/wp-json\/wp\/v2\/pages\/5420"}],"wp:attachment":[{"href":"https:\/\/semmelweis.hu\/boe\/wp-json\/wp\/v2\/media?parent=7537"}],"wp:term":[{"taxonomy":"category","embeddable":true,"href":"https:\/\/semmelweis.hu\/boe\/wp-json\/wp\/v2\/categories?post=7537"},{"taxonomy":"post_tag","embeddable":true,"href":"https:\/\/semmelweis.hu\/boe\/wp-json\/wp\/v2\/tags?post=7537"}],"curies":[{"name":"wp","href":"https:\/\/api.w.org\/{rel}","templated":true}]}}