{"id":73,"date":"2013-03-06T17:54:10","date_gmt":"2013-03-06T16:54:10","guid":{"rendered":"http:\/\/semmelweis-egyetem.hu\/boe\/?page_id=73"},"modified":"2021-01-15T08:26:09","modified_gmt":"2021-01-15T07:26:09","slug":"tagoknak","status":"publish","type":"page","link":"https:\/\/semmelweis.hu\/boe\/tagoknak\/","title":{"rendered":"Tagoknak"},"content":{"rendered":"<h2>Mi\u00e9rt \u00e9rdemes bel\u00e9pned a BOE-ba?<\/h2>\n<p>Tagk\u00e9nt lehet\u0151s\u00e9ged van <strong>kik\u00e9pz\u0151dni \u00e9s tov\u00e1bbk\u00e9pz\u0151dni<\/strong> a h\u00e9t \u00e1ltalunk tartott prevenci\u00f3s t\u00e9mak\u00f6rben (ezekr\u0151l a <a href=\"https:\/\/semmelweis.hu\/boe\/prevencio\/\">prevenci\u00f3 f\u00fcl alatt<\/a> olvashatsz), majd <strong>interakt\u00edv \u00f3r\u00e1kat tartani k\u00f6z\u00e9piskol\u00e1soknak<\/strong>, ak\u00e1r a volt sulidban is. A k\u00f6z\u00e9piskol\u00e1kon k\u00edv\u00fcl \u00f3vod\u00e1kba is j\u00e1runk <strong>Teddy Maci foglalkoz\u00e1sainkkal, <\/strong>tagk\u00e9nt ebbe is lehet\u0151s\u00e9ged lesz bekapcsol\u00f3dni.\u00a0A prevenci\u00f3s \u00f3r\u00e1kon k\u00edv\u00fcl sz\u00e1mos <strong>eg\u00e9szs\u00e9gnap, vil\u00e1gnap, a Semmelweis Eg\u00e9szs\u00e9gverseny szervez\u00e9s\u00e9ben<\/strong> is r\u00e9szt vehetsz. Emellett lehet\u0151s\u00e9ged lesz az egyes\u00fclet <strong>karitat\u00edv tev\u00e9kenys\u00e9geibe<\/strong> is bekapcsol\u00f3dni a BOE <a href=\"https:\/\/semmelweis.hu\/boe\/tagoknak\/scorp\/\">Emberjogi szekci\u00f3ja<\/a> r\u00e9v\u00e9n. A viszonylag frissen alakult <strong>Sportszekci\u00f3nkban<\/strong> pedig lehet\u0151s\u00e9ged van egy sportos \u00e9s eg\u00e9szs\u00e9gtudatos k\u00f6z\u00f6ss\u00e9g r\u00e9sz\u00e9v\u00e9 v\u00e1lni.<\/p>\n<p>Az egyes\u00fcletben v\u00e9gzett tev\u00e9kenys\u00e9geid\u00e9rt BOE pontokat kapsz majd. Ezeket <strong>szakmai \u00e9s tudom\u00e1nyos k\u00fclf\u00f6ldi cseregyakorlatokra<\/strong> haszn\u00e1lhatod fel (<a href=\"https:\/\/semmelweis.hu\/boe\/tagoknak\/scope-szakmai-csereprogram\/\">ezekr\u0151l itt olvashatsz<\/a>). A cseregyakorlatok mellett tagk\u00e9nt <strong>Twinningeken<\/strong> is r\u00e9szt vehetsz, ezekr\u0151l <a href=\"https:\/\/semmelweis.hu\/boe\/tagoknak\/emsa-twinning\/\">itt tal\u00e1lsz inform\u00e1ci\u00f3t.<\/a><\/p>\n<p>A tagbel\u00e9p\u00e9s menet\u00e9r\u0151l <a href=\"https:\/\/semmelweis.hu\/boe\/tagoknak\/tagbelepes\/\">itt olvashatsz.<\/a><\/p>\n","protected":false},"excerpt":{"rendered":"<p>Mi\u00e9rt \u00e9rdemes bel\u00e9pned a BOE-ba? Tagk\u00e9nt lehet\u0151s\u00e9ged van kik\u00e9pz\u0151dni \u00e9s tov\u00e1bbk\u00e9pz\u0151dni a h\u00e9t \u00e1ltalunk tartott prevenci\u00f3s t\u00e9mak\u00f6rben (ezekr\u0151l a <a href=\"https:\/\/semmelweis.hu\/boe\/prevencio\/\">prevenci\u00f3 f\u00fcl alatt<\/a> olvashatsz), majd interakt\u00edv \u00f3r\u00e1kat tartani k\u00f6z\u00e9piskol\u00e1soknak, ak\u00e1r a volt sulidban is. A k\u00f6z\u00e9piskol\u00e1kon k\u00edv\u00fcl \u00f3vod\u00e1kba is j\u00e1runk Teddy Maci foglalkoz\u00e1sainkkal, tagk\u00e9nt ebbe is lehet\u0151s\u00e9ged lesz bekapcsol\u00f3dni.\u00a0A prevenci\u00f3s \u00f3r\u00e1kon k\u00edv\u00fcl sz\u00e1mos eg\u00e9szs\u00e9gnap, vil\u00e1gnap, a Semmelweis Eg\u00e9szs\u00e9gverseny szervez\u00e9s\u00e9ben &hellip;<\/p>\n","protected":false},"author":101486,"featured_media":0,"parent":0,"menu_order":10,"comment_status":"closed","ping_status":"closed","template":"","meta":{"_acf_changed":false,"footnotes":""},"categories":[],"tags":[],"class_list":["post-73","page","type-page","status-publish","hentry"],"acf":[],"_links":{"self":[{"href":"https:\/\/semmelweis.hu\/boe\/wp-json\/wp\/v2\/pages\/73","targetHints":{"allow":["GET"]}}],"collection":[{"href":"https:\/\/semmelweis.hu\/boe\/wp-json\/wp\/v2\/pages"}],"about":[{"href":"https:\/\/semmelweis.hu\/boe\/wp-json\/wp\/v2\/types\/page"}],"author":[{"embeddable":true,"href":"https:\/\/semmelweis.hu\/boe\/wp-json\/wp\/v2\/users\/101486"}],"replies":[{"embeddable":true,"href":"https:\/\/semmelweis.hu\/boe\/wp-json\/wp\/v2\/comments?post=73"}],"version-history":[{"count":11,"href":"https:\/\/semmelweis.hu\/boe\/wp-json\/wp\/v2\/pages\/73\/revisions"}],"predecessor-version":[{"id":6977,"href":"https:\/\/semmelweis.hu\/boe\/wp-json\/wp\/v2\/pages\/73\/revisions\/6977"}],"wp:attachment":[{"href":"https:\/\/semmelweis.hu\/boe\/wp-json\/wp\/v2\/media?parent=73"}],"wp:term":[{"taxonomy":"category","embeddable":true,"href":"https:\/\/semmelweis.hu\/boe\/wp-json\/wp\/v2\/categories?post=73"},{"taxonomy":"post_tag","embeddable":true,"href":"https:\/\/semmelweis.hu\/boe\/wp-json\/wp\/v2\/tags?post=73"}],"curies":[{"name":"wp","href":"https:\/\/api.w.org\/{rel}","templated":true}]}}