{"id":6963,"date":"2023-08-22T16:38:27","date_gmt":"2023-08-22T14:38:27","guid":{"rendered":"https:\/\/semmelweis.hu\/boe\/?page_id=6963"},"modified":"2024-08-19T12:30:15","modified_gmt":"2024-08-19T10:30:15","slug":"train-the-med","status":"publish","type":"page","link":"https:\/\/semmelweis.hu\/boe\/tagoknak\/train-the-med\/","title":{"rendered":"Train the Med"},"content":{"rendered":"<p style=\"text-align: center\"><span style=\"font-size: 18pt\"><strong>VI. Train the Med<\/strong><\/span><\/p>\n<p><a href=\"https:\/\/semmelweis.hu\/boe\/tagoknak\/train-the-med\/nevtelen-terv-5\/\" rel=\"attachment wp-att-7786\"><img loading=\"lazy\" decoding=\"async\" class=\"wp-image-7786 aligncenter\" src=\"https:\/\/semmelweis.hu\/boe\/files\/2023\/08\/Nevtelen-terv-300x169.png\" alt=\"\" width=\"615\" height=\"346\" srcset=\"https:\/\/semmelweis.hu\/boe\/files\/2023\/08\/Nevtelen-terv-300x169.png 300w, https:\/\/semmelweis.hu\/boe\/files\/2023\/08\/Nevtelen-terv-1024x577.png 1024w, https:\/\/semmelweis.hu\/boe\/files\/2023\/08\/Nevtelen-terv-768x433.png 768w, https:\/\/semmelweis.hu\/boe\/files\/2023\/08\/Nevtelen-terv-753x424.png 753w, https:\/\/semmelweis.hu\/boe\/files\/2023\/08\/Nevtelen-terv.png 1200w\" sizes=\"auto, (max-width: 615px) 100vw, 615px\" \/><\/a><\/p>\n<p style=\"text-align: justify\"><span style=\"font-weight: 400\">Egyes\u00fclet\u00fcnk folyamatosan keresi a lehet\u0151s\u00e9geket, hogy tov\u00e1bb tudjunk fejl\u0151dni. Ennek egyik l\u00e9pcs\u0151foka a Train the Med rendezv\u00e9ny.\u00a0<\/span><\/p>\n<p style=\"text-align: justify\"><span style=\"font-weight: 400\">A Train the Med egy \u00e9vente megrendez\u00e9sre ker\u00fcl\u0151 k\u00e9pz\u00e9sh\u00e9tv\u00e9ge, ahol a szekci\u00f3k k\u00e9pz\u00e9sein k\u00edv\u00fcl m\u00e1s, edukat\u00edv el\u0151ad\u00e1sokon is r\u00e9szt tudnak venni a jelenl\u00e9v\u0151k, illetve \u00faj ismerets\u00e9gek, bar\u00e1ts\u00e1gok tudnak kialakulni a k\u00f6z\u00f6ss\u00e9gi programoknak k\u00f6sz\u00f6nhet\u0151en. Mindez a Balaton mellett, P\u00e1lk\u00f6v\u00e9n.<\/span><\/p>\n<p style=\"text-align: justify\">\u00a0<\/p>\n<p style=\"text-align: justify\"><span style=\"font-weight: 400\">Az idei, VI. Train the Med-en (szeptember 13-15.) lehet\u0151s\u00e9g lesz t\u00f6bb szekci\u00f3b\u00f3l is lek\u00e9pz\u0151dni, \u00edgy szeptembert\u0151l m\u00e1r \u00f3r\u00e1t is tarthatnak a k\u00e9pz\u00e9sen r\u00e9sztvev\u0151k. Id\u00e9n a k\u00f6vetkez\u0151 szekci\u00f3k v\u00e1rj\u00e1k sok szeretettel az \u00e9rdekl\u0151d\u0151ket k\u00e9pz\u00e9seikre:<\/span><\/p>\n<ul style=\"text-align: justify\">\n<li><span style=\"font-weight: 400\">Kardiovaszkul\u00e1ris- \u00e9s tumorprev.<\/span><\/li>\n<li><span style=\"font-weight: 400\">Reprodukt\u00edv eg\u00e9szs\u00e9g\u00fcgy<\/span><\/li>\n<li><span style=\"font-weight: 400\">Els\u0151seg\u00e9ly \u00e9s alapszint\u0171 \u00fajra\u00e9leszt\u00e9s<\/span><\/li>\n<li><span style=\"font-weight: 400\">Drog-, alkohol-, doh\u00e1nyz\u00e1s prev.<\/span><\/li>\n<li><span style=\"font-weight: 400\">V\u00e9d\u0151olt\u00e1sok \u00e9s antimikrobi\u00e1lis rezisztencia<\/span><\/li>\n<li><span style=\"font-weight: 400\">V\u00e9rad\u00e1s \u00e9s transzplant<\/span><\/li>\n<li><span style=\"font-weight: 400\">Eg\u00e9szs\u00e9gtudatos t\u00e1pl\u00e1lkoz\u00e1s<\/span><\/li>\n<li><span style=\"font-weight: 400\">Teddy Maci k\u00f3rh\u00e1z<\/span><\/li>\n<\/ul>\n<p style=\"text-align: justify\">\u00a0<\/p>\n<p style=\"text-align: justify\"><span style=\"font-weight: 400\">A JELENTKEZ\u00c9S AUGUSZTUS 21-\u00c9N INDUL!<\/span><\/p>\n<p style=\"text-align: justify\"><span style=\"font-weight: 400\">Minden tov\u00e1bbi inform\u00e1ci\u00f3 az esem\u00e9nnyel \u00e9s a jelentkez\u00e9ssel kapcsolatban megtal\u00e1lhat\u00f3 a <a href=\"https:\/\/fb.me\/e\/2ppAwgCeH\">Facebookon.<\/a><\/span><\/p>\n<p style=\"text-align: justify\">\u00a0<\/p>\n<p>&nbsp;<\/p>\n","protected":false},"excerpt":{"rendered":"<p>VI. Train the Med <a href=\"https:\/\/semmelweis.hu\/boe\/tagoknak\/train-the-med\/nevtelen-terv-5\/\" rel=\"attachment wp-att-7786\"><\/a> Egyes\u00fclet\u00fcnk folyamatosan keresi a lehet\u0151s\u00e9geket, hogy tov\u00e1bb tudjunk fejl\u0151dni. Ennek egyik l\u00e9pcs\u0151foka a Train the Med rendezv\u00e9ny.\u00a0 A Train the Med egy \u00e9vente megrendez\u00e9sre ker\u00fcl\u0151 k\u00e9pz\u00e9sh\u00e9tv\u00e9ge, ahol a szekci\u00f3k k\u00e9pz\u00e9sein k\u00edv\u00fcl m\u00e1s, edukat\u00edv el\u0151ad\u00e1sokon is r\u00e9szt tudnak venni a jelenl\u00e9v\u0151k, illetve \u00faj ismerets\u00e9gek, bar\u00e1ts\u00e1gok tudnak kialakulni a k\u00f6z\u00f6ss\u00e9gi programoknak k\u00f6sz\u00f6nhet\u0151en. Mindez &hellip;<\/p>\n","protected":false},"author":101486,"featured_media":0,"parent":73,"menu_order":8,"comment_status":"closed","ping_status":"closed","template":"","meta":{"_acf_changed":false,"footnotes":""},"categories":[],"tags":[],"class_list":["post-6963","page","type-page","status-publish","hentry"],"acf":[],"_links":{"self":[{"href":"https:\/\/semmelweis.hu\/boe\/wp-json\/wp\/v2\/pages\/6963","targetHints":{"allow":["GET"]}}],"collection":[{"href":"https:\/\/semmelweis.hu\/boe\/wp-json\/wp\/v2\/pages"}],"about":[{"href":"https:\/\/semmelweis.hu\/boe\/wp-json\/wp\/v2\/types\/page"}],"author":[{"embeddable":true,"href":"https:\/\/semmelweis.hu\/boe\/wp-json\/wp\/v2\/users\/101486"}],"replies":[{"embeddable":true,"href":"https:\/\/semmelweis.hu\/boe\/wp-json\/wp\/v2\/comments?post=6963"}],"version-history":[{"count":10,"href":"https:\/\/semmelweis.hu\/boe\/wp-json\/wp\/v2\/pages\/6963\/revisions"}],"predecessor-version":[{"id":8466,"href":"https:\/\/semmelweis.hu\/boe\/wp-json\/wp\/v2\/pages\/6963\/revisions\/8466"}],"up":[{"embeddable":true,"href":"https:\/\/semmelweis.hu\/boe\/wp-json\/wp\/v2\/pages\/73"}],"wp:attachment":[{"href":"https:\/\/semmelweis.hu\/boe\/wp-json\/wp\/v2\/media?parent=6963"}],"wp:term":[{"taxonomy":"category","embeddable":true,"href":"https:\/\/semmelweis.hu\/boe\/wp-json\/wp\/v2\/categories?post=6963"},{"taxonomy":"post_tag","embeddable":true,"href":"https:\/\/semmelweis.hu\/boe\/wp-json\/wp\/v2\/tags?post=6963"}],"curies":[{"name":"wp","href":"https:\/\/api.w.org\/{rel}","templated":true}]}}