{"id":689,"date":"2013-11-20T00:03:38","date_gmt":"2013-11-19T23:03:38","guid":{"rendered":"http:\/\/semmelweis.hu\/boe\/?page_id=689"},"modified":"2025-10-20T23:24:50","modified_gmt":"2025-10-20T21:24:50","slug":"drog-alkohol-es-dohanyzas-prevencio","status":"publish","type":"page","link":"https:\/\/semmelweis.hu\/boe\/prevencio\/drog-alkohol-es-dohanyzas-prevencio\/","title":{"rendered":"Drog-, alkohol \u00e9s doh\u00e1nyz\u00e1s prevenci\u00f3"},"content":{"rendered":"<p style=\"text-align: justify\">Napjainkban a f\u00fcgg\u0151s\u00e9gek egyre fenyeget\u0151bb probl\u00e9m\u00e1t jelentenek, az id\u0151sebb \u00e9s a fiatalabb koroszt\u00e1lyok sz\u00e1m\u00e1ra egyar\u00e1nt. Szekci\u00f3nk c\u00e9lja az \u00e1ltal\u00e1nos \u00e9s k\u00f6z\u00e9piskol\u00e1s kor\u00fa di\u00e1kok drog-, alkohol-\u00e9s doh\u00e1nyz\u00e1s prevenci\u00f3s oktat\u00e1sa, interakt\u00edv \u00e9s \u00e9rthet\u0151 form\u00e1ban. Az el\u0151ad\u00e1saink c\u00e9lja, hogy a di\u00e1kok pontosan megismerhess\u00e9k a jelenlegi drog- \u00e9s alkoholfogyaszt\u00e1si, doh\u00e1nyz\u00e1si szok\u00e1sokat Magyarorsz\u00e1gon \u00e9s meg\u00e9rthess\u00e9k milyen okokb\u00f3l fordulnak k\u00fcl\u00f6nb\u00f6z\u0151 \u00e9lvezeti szerekhez az emberek. Gondolkod\u00e1sra szeretn\u00e9nk k\u00e9sztetni \u0151ket, ez\u00e1ltal egy hosszabb t\u00e1v\u00fa eg\u00e9szs\u00e9gtudatos szeml\u00e9letm\u00f3dot \u00e1tadva nekik.\u00a0<\/p>\n<p><img loading=\"lazy\" decoding=\"async\" class=\"wp-image-1349 size-medium alignright\" src=\"https:\/\/semmelweis.hu\/boe\/files\/2013\/11\/your-20198_640-300x198.jpg\" alt=\"your-20198_640\" width=\"300\" height=\"198\" srcset=\"https:\/\/semmelweis.hu\/boe\/files\/2013\/11\/your-20198_640-300x198.jpg 300w, https:\/\/semmelweis.hu\/boe\/files\/2013\/11\/your-20198_640-453x300.jpg 453w, https:\/\/semmelweis.hu\/boe\/files\/2013\/11\/your-20198_640.jpg 640w\" sizes=\"auto, (max-width: 300px) 100vw, 300px\" \/><\/p>\n<p style=\"text-align: justify\">Igyeksz\u00fcnk a lehet\u0151 leg\u00e9rthet\u0151bben elmagyar\u00e1zni a k\u00fcl\u00f6nb\u00f6z\u0151 szerek hat\u00e1smechanizmus\u00e1t, k\u00e1ros r\u00f6vid \u00e9s hossz\u00fa t\u00e1v\u00fa hat\u00e1sait. Nem az alaptalan ijesztget\u00e9s a c\u00e9lunk, hanem a figyelm\u00fck felh\u00edv\u00e1sa a val\u00f3s vesz\u00e9lyekre. Ezenk\u00edv\u00fcl hasznos gyakorlati tudnival\u00f3kkal l\u00e1tjuk el \u0151ket a f\u00fcgg\u0151s\u00e9gekkel kapcsolatban. Sz\u00edvesen v\u00e1laszolunk a di\u00e1kok k\u00e9rd\u00e9seire az el\u0151ad\u00e1s alatt, illetve ut\u00e1n.<\/p>\n<h2 style=\"text-align: justify\"><span style=\"color: #800000\">Az al\u00e1bbi \u00f3r\u00e1k k\u00f6z\u00fcl lehet v\u00e1lasztani:<\/span><\/h2>\n<ul>\n<li style=\"text-align: justify\"><span style=\"font-size: 18pt\"><strong>Doh\u00e1nyz\u00e1s prevenci\u00f3s \u00f3ra<\/strong><\/span><br \/>\nA doh\u00e1nyz\u00e1s sajn\u00e1latos m\u00f3don rengeteg 18 \u00e9v alatti fiatalt \u00e9rint. Az el\u0151ad\u00e1s sor\u00e1n a di\u00e1koknak a doh\u00e1nyz\u00e1s minden form\u00e1j\u00e1t bemutatjuk a vizipip\u00e1t\u00f3l az e-cigarett\u00e1ig. \u00d3r\u00e1inkon rengeteg hasznos ismerettel teli, interakt\u00edv el\u0151ad\u00e1snak lehetnek r\u00e9szesei a di\u00e1kok. Ha az id\u0151 engedi, az \u00f3r\u00e1t egy Kahoot kv\u00edzzel z\u00e1rjuk le.<\/li>\n<\/ul>\n<p>&nbsp;<\/p>\n<ul>\n<li style=\"text-align: justify\"><strong><span style=\"font-size: 18pt\">Alkohol prevenci\u00f3s \u00f3ra<\/span><\/strong><br \/>\nEgy statisztika alapj\u00e1n a 15 \u00e9ves koroszt\u00e1lyban a \u201elegal\u00e1bb k\u00e9tszer ler\u00e9szegedett\u201d kateg\u00f3ria harmadik hely\u00e9t foglaljuk el l\u00e1nyok, \u00e9s els\u0151 hely\u00e9t fi\u00fak tekintet\u00e9ben az eur\u00f3pai \u00e1llamok k\u00f6zt. C\u00e9lunk, hogy ezen elrettent\u0151 sz\u00e1madaton jav\u00edtani tudjunk a di\u00e1kok tan\u00edt\u00e1s\u00e1val. \u00d3r\u00e1inkon a di\u00e1kok a l\u00e1tv\u00e1nyos prezent\u00e1ci\u00f3 k\u00f6z\u00f6s \u00e1tbesz\u00e9l\u00e9se ut\u00e1n egy kv\u00edzzel ellen\u0151rizhetik tud\u00e1sukat \u00e9s tehetik fel a benn\u00fck maradt k\u00e9rd\u00e9seket, valamint azt is megtan\u00edtjuk nekik, hogyan kell biztons\u00e1gosan ell\u00e1tni egy r\u00e9szeg embert.<\/li>\n<\/ul>\n<p>&nbsp;<\/p>\n<ul>\n<li style=\"text-align: justify\"><strong><span style=\"font-size: 18pt\">Drogprevenci\u00f3s \u00f3ra<\/span><\/strong><br \/>\nA mai magyarorsz\u00e1gi drogfogyaszt\u00e1si statisztik\u00e1k ijeszt\u0151 k\u00e9pet festenek a hazai helyzetr\u0151l. Az \u00f3ra sor\u00e1n a di\u00e1kok hasznos inform\u00e1ci\u00f3kat kapnak a f\u00fcgg\u0151s\u00e9g pszichol\u00f3gi\u00e1j\u00e1r\u00f3l, a k\u00fcl\u00f6nb\u00f6z\u0151 drogokr\u00f3l \u00e9s azoknak idegrendszerre gyakorolt hat\u00e1sair\u00f3l. Rem\u00e9lj\u00fck, \u00edgy m\u00e1r az els\u0151 alkalommal tudni \u00e9s merni fognak nemet mondani a bar\u00e1tian felaj\u00e1nlott kapudrogokra. \u00d3r\u00e1inkon els\u0151bbs\u00e9get \u00e9lvez a di\u00e1kok k\u00e9rd\u00e9seinek megv\u00e1laszol\u00e1sa, az \u00e9rdekes, informat\u00edv besz\u00e9lget\u00e9st k\u00f6vet\u0151en pedig interakt\u00edv j\u00e1t\u00e9kkal \u00e9s kv\u00edzzel m\u00e9ly\u00edtj\u00fck el a di\u00e1kok tud\u00e1s\u00e1t.<\/li>\n<\/ul>\n<p>&nbsp;<\/p>\n<div>\n<p>Amennyiben szeretne t\u0151l\u00fcnk el\u0151ad\u00e1st k\u00e9rni, k\u00e9rj\u00fck \u00edrjon egy e-mailt az <a href=\"mailto:orafelkeres.boe@gmail.com\">orafelkeres.boe@gmail.com<\/a>\u00a0e-mail c\u00edmre. Ezut\u00e1n felvessz\u00fck \u00d6nnel a kapcsolatot.<\/p>\n<\/div>\n<div>\n<p><span style=\"color: #000000\">B\u00e1rmilyen k\u00e9rd\u00e9s, k\u00e9r\u00e9s eset\u00e9n forduljanak hozz\u00e1nk bizalommal!<\/span><\/p>\n<p><span style=\"font-size: 18pt\"><strong>Papp D\u00f3ra \u00c1gota<\/strong><\/span><br \/>\n<em>Drog-,alkohol- \u00e9s doh\u00e1nyz\u00e1s prevenci\u00f3s felel\u0151s<\/em><br \/>\n<a href=\"mailto:dadprev.boe@gmail.com\" target=\"_blank\" rel=\"noopener noreferrer\">dadprev.boe@gmail.com<\/a><\/p>\n<\/div>\n","protected":false},"excerpt":{"rendered":"<p>Napjainkban a f\u00fcgg\u0151s\u00e9gek egyre fenyeget\u0151bb probl\u00e9m\u00e1t jelentenek, az id\u0151sebb \u00e9s a fiatalabb koroszt\u00e1lyok sz\u00e1m\u00e1ra egyar\u00e1nt. Szekci\u00f3nk c\u00e9lja az \u00e1ltal\u00e1nos \u00e9s k\u00f6z\u00e9piskol\u00e1s kor\u00fa di\u00e1kok drog-, alkohol-\u00e9s doh\u00e1nyz\u00e1s prevenci\u00f3s oktat\u00e1sa, interakt\u00edv \u00e9s \u00e9rthet\u0151 form\u00e1ban. Az el\u0151ad\u00e1saink c\u00e9lja, hogy a di\u00e1kok pontosan megismerhess\u00e9k a jelenlegi drog- \u00e9s alkoholfogyaszt\u00e1si, doh\u00e1nyz\u00e1si szok\u00e1sokat Magyarorsz\u00e1gon \u00e9s meg\u00e9rthess\u00e9k milyen okokb\u00f3l fordulnak k\u00fcl\u00f6nb\u00f6z\u0151 \u00e9lvezeti &hellip;<\/p>\n","protected":false},"author":101486,"featured_media":0,"parent":38,"menu_order":0,"comment_status":"closed","ping_status":"closed","template":"","meta":{"_acf_changed":false,"footnotes":""},"categories":[],"tags":[],"class_list":["post-689","page","type-page","status-publish","hentry"],"acf":[],"_links":{"self":[{"href":"https:\/\/semmelweis.hu\/boe\/wp-json\/wp\/v2\/pages\/689","targetHints":{"allow":["GET"]}}],"collection":[{"href":"https:\/\/semmelweis.hu\/boe\/wp-json\/wp\/v2\/pages"}],"about":[{"href":"https:\/\/semmelweis.hu\/boe\/wp-json\/wp\/v2\/types\/page"}],"author":[{"embeddable":true,"href":"https:\/\/semmelweis.hu\/boe\/wp-json\/wp\/v2\/users\/101486"}],"replies":[{"embeddable":true,"href":"https:\/\/semmelweis.hu\/boe\/wp-json\/wp\/v2\/comments?post=689"}],"version-history":[{"count":14,"href":"https:\/\/semmelweis.hu\/boe\/wp-json\/wp\/v2\/pages\/689\/revisions"}],"predecessor-version":[{"id":8773,"href":"https:\/\/semmelweis.hu\/boe\/wp-json\/wp\/v2\/pages\/689\/revisions\/8773"}],"up":[{"embeddable":true,"href":"https:\/\/semmelweis.hu\/boe\/wp-json\/wp\/v2\/pages\/38"}],"wp:attachment":[{"href":"https:\/\/semmelweis.hu\/boe\/wp-json\/wp\/v2\/media?parent=689"}],"wp:term":[{"taxonomy":"category","embeddable":true,"href":"https:\/\/semmelweis.hu\/boe\/wp-json\/wp\/v2\/categories?post=689"},{"taxonomy":"post_tag","embeddable":true,"href":"https:\/\/semmelweis.hu\/boe\/wp-json\/wp\/v2\/tags?post=689"}],"curies":[{"name":"wp","href":"https:\/\/api.w.org\/{rel}","templated":true}]}}