{"id":4887,"date":"2017-12-07T12:46:29","date_gmt":"2017-12-07T11:46:29","guid":{"rendered":"http:\/\/semmelweis.hu\/boe\/csereprogramok\/twinning\/emsa-rol\/"},"modified":"2020-08-23T18:04:33","modified_gmt":"2020-08-23T16:04:33","slug":"emsa-rol","status":"publish","type":"page","link":"https:\/\/semmelweis.hu\/boe\/tagoknak\/emsa-twinning\/emsa-rol\/","title":{"rendered":"EMSA-r\u00f3l"},"content":{"rendered":"<p style=\"text-align: justify\"><span style=\"font-weight: 400\">Az <\/span><b>Eur\u00f3pai Orvostanhallgat\u00f3k Egyes\u00fclete<\/b><span style=\"font-weight: 400\"> egy non-profit egyes\u00fclet. 1990-ben alap\u00edtott\u00e1k Br\u00fcsszelben, megalap\u00edt\u00e1sa \u00f3ta pedig az eur\u00f3pai orvosegyes\u00fcletek halmaz\u00e1ban ez az egyetlen platform, amely orvostanhallgat\u00f3kat k\u00e9pvisel. Az Egyes\u00fclet az Eur\u00f3pai Parlament, az Eur\u00f3pai Bizotts\u00e1g \u00e9s az ENSZ t\u00e1mogat\u00e1s\u00e1t \u00e9s elismer\u00e9s\u00e9t \u00e9lvezi. Sz\u00e1mos projektnek, tr\u00e9ningnek, workshopnak \u00e9s nemzetk\u00f6zi csereprogramnak ad helyet, f\u0151 c\u00e9lkit\u0171z\u00e9sei pedig az al\u00e1bbi hat t\u00e9mak\u00f6r \u201cpillar\u201d k\u00f6r\u00e9 \u00e9p\u00fclnek: Medical Education, Medical Ethics and Human Rights, Health Policy, Public Health, Medical Science and European Integration and Culture.<\/span><\/p>\n<p style=\"text-align: justify\">\u00a0<\/p>\n<p style=\"text-align: justify\"><span style=\"font-weight: 400\">T\u00f6bbet is olvashatsz az EMSA-r\u00f3l az al\u00e1bbi linken: <\/span><a href=\"http:\/\/emsa-europe.eu\" target=\"_blank\" rel=\"noopener noreferrer\">emsa-europe.eu<\/a><\/p>\n","protected":false},"excerpt":{"rendered":"<p>Az Eur\u00f3pai Orvostanhallgat\u00f3k Egyes\u00fclete egy non-profit egyes\u00fclet. 1990-ben alap\u00edtott\u00e1k Br\u00fcsszelben, megalap\u00edt\u00e1sa \u00f3ta pedig az eur\u00f3pai orvosegyes\u00fcletek halmaz\u00e1ban ez az egyetlen platform, amely orvostanhallgat\u00f3kat k\u00e9pvisel. Az Egyes\u00fclet az Eur\u00f3pai Parlament, az Eur\u00f3pai Bizotts\u00e1g \u00e9s az ENSZ t\u00e1mogat\u00e1s\u00e1t \u00e9s elismer\u00e9s\u00e9t \u00e9lvezi. Sz\u00e1mos projektnek, tr\u00e9ningnek, workshopnak \u00e9s nemzetk\u00f6zi csereprogramnak ad helyet, f\u0151 c\u00e9lkit\u0171z\u00e9sei pedig az al\u00e1bbi hat t\u00e9mak\u00f6r &hellip;<\/p>\n","protected":false},"author":338,"featured_media":0,"parent":1283,"menu_order":0,"comment_status":"closed","ping_status":"closed","template":"","meta":{"_acf_changed":false,"footnotes":""},"categories":[],"tags":[],"class_list":["post-4887","page","type-page","status-publish","hentry"],"acf":[],"_links":{"self":[{"href":"https:\/\/semmelweis.hu\/boe\/wp-json\/wp\/v2\/pages\/4887","targetHints":{"allow":["GET"]}}],"collection":[{"href":"https:\/\/semmelweis.hu\/boe\/wp-json\/wp\/v2\/pages"}],"about":[{"href":"https:\/\/semmelweis.hu\/boe\/wp-json\/wp\/v2\/types\/page"}],"author":[{"embeddable":true,"href":"https:\/\/semmelweis.hu\/boe\/wp-json\/wp\/v2\/users\/338"}],"replies":[{"embeddable":true,"href":"https:\/\/semmelweis.hu\/boe\/wp-json\/wp\/v2\/comments?post=4887"}],"version-history":[{"count":3,"href":"https:\/\/semmelweis.hu\/boe\/wp-json\/wp\/v2\/pages\/4887\/revisions"}],"predecessor-version":[{"id":6715,"href":"https:\/\/semmelweis.hu\/boe\/wp-json\/wp\/v2\/pages\/4887\/revisions\/6715"}],"up":[{"embeddable":true,"href":"https:\/\/semmelweis.hu\/boe\/wp-json\/wp\/v2\/pages\/1283"}],"wp:attachment":[{"href":"https:\/\/semmelweis.hu\/boe\/wp-json\/wp\/v2\/media?parent=4887"}],"wp:term":[{"taxonomy":"category","embeddable":true,"href":"https:\/\/semmelweis.hu\/boe\/wp-json\/wp\/v2\/categories?post=4887"},{"taxonomy":"post_tag","embeddable":true,"href":"https:\/\/semmelweis.hu\/boe\/wp-json\/wp\/v2\/tags?post=4887"}],"curies":[{"name":"wp","href":"https:\/\/api.w.org\/{rel}","templated":true}]}}