{"id":3176,"date":"2016-04-01T10:59:27","date_gmt":"2016-04-01T08:59:27","guid":{"rendered":"http:\/\/semmelweis.hu\/boe\/?page_id=3176"},"modified":"2025-10-20T20:07:12","modified_gmt":"2025-10-20T18:07:12","slug":"kik-vagyunk","status":"publish","type":"page","link":"https:\/\/semmelweis.hu\/boe\/rolunk\/kik-vagyunk\/","title":{"rendered":"Bemutatkozunk"},"content":{"rendered":"<p>A <strong>Budapesti Orvostanhallgat\u00f3k Egyes\u00fclete<\/strong> (BOE) a Semmelweis Egyetemen m\u0171k\u00f6d\u0151 egyik legnagyobb di\u00e1kszervezet, amelynek tagjai t\u00f6bb mint 600 orvostanhallgat\u00f3t sz\u00e1ml\u00e1lnak.<\/p>\n<p>Az Egyes\u00fclet programjai<strong> 3 f\u0151 pill\u00e9r\u00a0<\/strong>k\u00f6r\u00e9 \u00e9p\u00fclnek:<\/p>\n<p style=\"text-align: justify;padding-left: 30px\">I. Prevenci\u00f3 \u00e9s eg\u00e9szs\u00e9gfejleszt\u00e9s<br \/>\nII. Nemzetk\u00f6zi kapcsolatok \u00e9s cseregyakorlatok<br \/>\nIII. Karitat\u00edv tev\u00e9kenys\u00e9g \u00e9s szoci\u00e1lis \u00e9rz\u00e9keny\u00edt\u00e9s.<\/p>\n<h2>Prevenci\u00f3\u00a0\u00e9s eg\u00e9szs\u00e9gfejleszt\u00e9s<\/h2>\n<p>Tev\u00e9kenys\u00e9g\u00fcnk 11 f\u0151 t\u00e9ma k\u00f6r\u00e9 \u00e9p\u00fcl, amelyek az al\u00e1bbiak:\u00a0<\/p>\n<ol>\n<li>Reprodukt\u00edv eg\u00e9szs\u00e9g\u00fcgy \u00e9s szexu\u00e1lis felvil\u00e1gos\u00edt\u00e1s<\/li>\n<li style=\"text-align: justify\">Drog-alkohol-doh\u00e1nyz\u00e1s prevenci\u00f3<\/li>\n<li>Kardiovaszkul\u00e1ris \u00e9s tumorprevenci\u00f3<\/li>\n<li>Alapszint\u0171 \u00fajra\u00e9leszt\u00e9s \u00e9s els\u0151seg\u00e9lyny\u00fajt\u00e1s<\/li>\n<li>Eg\u00e9szs\u00e9gtudatos t\u00e1pl\u00e1lkoz\u00e1s \u00e9s ev\u00e9szavarok<\/li>\n<li>V\u00e9rad\u00e1s \u00e9s transzplant\u00e1ci\u00f3<\/li>\n<li>V\u00e9d\u0151olt\u00e1sok \u00e9s antimikrobi\u00e1lis rezisztencia<\/li>\n<li>Gyermek-eg\u00e9szs\u00e9gnevel\u00e9s (Teddy Maci K\u00f3rh\u00e1z)<\/li>\n<li>Ment\u00e1lhigi\u00e9n\u00e9 (ment\u00e1lis eg\u00e9szs\u00e9g)<\/li>\n<li>Sport \u00e9s testmozg\u00e1s<\/li>\n<li>General Health (in English)<\/li>\n<\/ol>\n<p>A prevenci\u00f3s tev\u00e9kenys\u00e9gekr\u0151l r\u00e9szletesebb le\u00edr\u00e1st tal\u00e1lsz a <a href=\"https:\/\/semmelweis.hu\/boe\/prevencio\/\">prevenci\u00f3<\/a> men\u00fcpont alatt.<\/p>\n<p>&nbsp;<\/p>\n<h2><a href=\"https:\/\/semmelweis.hu\/boe\/files\/2018\/11\/karitat\u00edv.jpg\"><img loading=\"lazy\" decoding=\"async\" class=\"wp-image-5589 alignleft\" src=\"https:\/\/semmelweis.hu\/boe\/files\/2018\/11\/karitat\u00edv-1024x683.jpg\" alt=\"\" width=\"500\" height=\"333\" srcset=\"https:\/\/semmelweis.hu\/boe\/files\/2018\/11\/karitat\u00edv-1024x683.jpg 1024w, https:\/\/semmelweis.hu\/boe\/files\/2018\/11\/karitat\u00edv-300x200.jpg 300w, https:\/\/semmelweis.hu\/boe\/files\/2018\/11\/karitat\u00edv-768x512.jpg 768w, https:\/\/semmelweis.hu\/boe\/files\/2018\/11\/karitat\u00edv-753x502.jpg 753w, https:\/\/semmelweis.hu\/boe\/files\/2018\/11\/karitat\u00edv-203x135.jpg 203w\" sizes=\"auto, (max-width: 500px) 100vw, 500px\" \/><\/a>Karitat\u00edv tev\u00e9kenys\u00e9g<\/h2>\n<p style=\"text-align: justify\">A tagok <strong>karitat\u00edv<\/strong> tev\u00e9kenys\u00e9g\u00fck kapcs\u00e1n kar\u00e1csonyi \u00e9s tavaszi adom\u00e1ny gy\u0171jt\u00e9st (j\u00e1t\u00e9k, ruha, tisztas\u00e1gi csomag) szerveznek a r\u00e1szorul\u00f3k sz\u00e1m\u00e1ra. A macivarr\u00f3 p\u00e1ly\u00e1zatra elk\u00e9sz\u00edtett pl\u00fcssmacikkal pedig beteg gyerekeket \u00f6rvendeztetnek meg. Emberi Jogi szekci\u00f3nk egyik nagy programja a rendszeresen megrendez\u00e9sre ker\u00fcl\u0151 filmklub is, ahol megh\u00edvott vend\u00e9gekkel \u00e9s \u00e9rdekes filmekkel j\u00e1rnak k\u00f6rbe egy-egy t\u00e9m\u00e1t tagjaink.<\/p>\n<h2>\u00a0<\/h2>\n<h2>Cseregyakorlatok<\/h2>\n<p><img loading=\"lazy\" decoding=\"async\" class=\"wp-image-5585 alignright\" style=\"color: #1e2326;font-family: 'PT serif', serif;font-size: 1rem;font-weight: 400\" src=\"https:\/\/semmelweis.hu\/boe\/files\/2018\/11\/45361702_10156382476638961_2129085580061966336_o-300x225.jpg\" alt=\"\" width=\"500\" height=\"375\" srcset=\"https:\/\/semmelweis.hu\/boe\/files\/2018\/11\/45361702_10156382476638961_2129085580061966336_o-300x225.jpg 300w, https:\/\/semmelweis.hu\/boe\/files\/2018\/11\/45361702_10156382476638961_2129085580061966336_o-768x576.jpg 768w, https:\/\/semmelweis.hu\/boe\/files\/2018\/11\/45361702_10156382476638961_2129085580061966336_o-1024x768.jpg 1024w, https:\/\/semmelweis.hu\/boe\/files\/2018\/11\/45361702_10156382476638961_2129085580061966336_o-753x565.jpg 753w, https:\/\/semmelweis.hu\/boe\/files\/2018\/11\/45361702_10156382476638961_2129085580061966336_o.jpg 2048w\" sizes=\"auto, (max-width: 500px) 100vw, 500px\" \/><\/p>\n<p style=\"text-align: justify\">A <strong>k\u00fcl\u00fcgyi szekci\u00f3<\/strong> egy h\u00f3napos TDK \u00e9s szakmai gyakorlatokat szervez k\u00fclf\u00f6ldre, \u00e9vente \u00e1tlagosan 30 orsz\u00e1gba 100 hallgat\u00f3 nyerhet el gyakorlati helyet a vil\u00e1g sz\u00e1mos pontj\u00e1ra. A sz\u00ednvonalas IFMSA cseregyakorlatok ideje alatt nemzetk\u00f6zi tapasztalatra \u00e9s sok k\u00fclf\u00f6ldi bar\u00e1tra tehetsz szert, mindezt \u00fagy, hogy a belgy\u00f3gy\u00e1szat, seb\u00e9szet ny\u00e1ri gyakorlatot vagy valamelyik hatod\u00e9ves szakmai gyakorlatot is kiv\u00e1lthatod vele. Az egy h\u00f3napos cseregyakorlatok mellett a BOE tagoknak lehet\u0151s\u00e9g\u00fck van egy hetes <strong>Twinning<\/strong> csereprogramokon is r\u00e9szt venni.\u00a0<\/p>\n<p style=\"text-align: justify\">Minden BOE tag ez egyes\u00fcletben v\u00e9gzett munk\u00e1j\u00e1\u00e9rt <strong>BOE pont<\/strong>okat kap. M\u00e1r m\u00e1sod\u00e9vt\u0151l lehet tudom\u00e1nyos cseregyakorlatra, harmad\u00e9vt\u0151l pedig szakmai cseregyakorlatra p\u00e1ly\u00e1zni, az elb\u00edr\u00e1l\u00e1s\u00e1ban pedig nagy hangs\u00faly esik a BOE pontokra. Mivel a kor\u00e1bbi \u00e9vekben szerzett pontok nem vesznek el, \u00e9rdemes <strong>min\u00e9l kor\u00e1bban csatlakozni<\/strong> az egyes\u00fclethez \u00e9s aktivit\u00e1soddal gy\u0171jt\u00f6getni a pontokat.<\/p>\n<p>&nbsp;<\/p>\n<p><strong>Tov\u00e1bbi inform\u00e1ci\u00f3k:<\/strong><\/p>\n<p>Iroda: 1085 Budapest, <span class=\"il\">\u00dcll\u0151i \u00fat<\/span>\u00a022.<\/p>\n<p>Tagd\u00edj: 3000 Ft\/tan\u00e9v (A tagd\u00edjat 2020 \u0151sz\u00e9t\u0151l kezdve online is be tudod befizetni. A tagbel\u00e9p\u00e9s r\u00e9szleteir\u0151l <a href=\"https:\/\/semmelweis.hu\/boe\/tagoknak\/tagbelepes\/\">itt olvashatsz<\/a>, illetve a hetente kik\u00fcld\u00f6tt h\u00edrlevel\u00fcnkben \u00e9s a facebook oldalunkon is adunk r\u00f3la t\u00e1j\u00e9koztat\u00e1st.)<\/p>\n<p>Facebook:<a href=\"http:\/\/facebook.com\/moszboe\"> http:\/\/facebook.com\/moszboe<\/a><\/p>\n<p>Instagram: <a href=\"https:\/\/www.instagram.com\/budapestmedicalstudents\/\">https:\/\/www.instagram.com\/budapestmedicalstudents\/<\/a><\/p>\n<p>TikTok:<a href=\"https:\/\/www.tiktok.com\/@budapestmedicalstudents\"> https:\/\/www.tiktok.com\/@budapestmedicalstudents<\/a><\/p>\n<p><a href=\"https:\/\/semmelweis.us10.list-manage2.com\/subscribe?u=37838305dd32f560691e97fc0&amp;id=74605c7c76\">Iratkozz fel a h\u00edrlevel\u00fcnkre!<\/a><\/p>\n","protected":false},"excerpt":{"rendered":"<p>A Budapesti Orvostanhallgat\u00f3k Egyes\u00fclete elk\u00f6telezett a magyar laikus popul\u00e1ci\u00f3 eg\u00e9szs\u00e9gtudatoss\u00e1g\u00e1nak, valamint eg\u00e9szs\u00e9g-\u00e9rt\u00e9s\u00e9nek fejleszt\u00e9se ir\u00e1nt. Az Egyes\u00fclet kiemelt figyelmet ford\u00edt a 14-19 \u00e9ves koroszt\u00e1ly eg\u00e9szs\u00e9gnevel\u00e9s\u00e9re, melyet kort\u00e1rs oktat\u00e1ssal val\u00f3s\u00edt meg k\u00f6z\u00e9piskol\u00e1kban. Mindamellett, hogy az Egyes\u00fclet kiemelt szerepet v\u00e1llal primer prevenci\u00f3s tev\u00e9kenys\u00e9g\u00e9vel a laikus popul\u00e1ci\u00f3 eg\u00e9szs\u00e9gnevel\u00e9s\u00e9ben, lehet\u0151s\u00e9gei szerint r\u00e9szt vesz az orvostanhallgat\u00f3k szakmai \u00e9s erk\u00f6lcsi fejl\u0151d\u00e9s\u00e9ben is. Lehet\u0151s\u00e9get biztos\u00edtunk az orvostanhallgat\u00f3k szoci\u00e1lis \u00e9rz\u00e9kenys\u00e9g\u00e9nek, valamint kommunik\u00e1ci\u00f3s k\u00e9szs\u00e9g\u00e9nek \u00e9s jogi ismereteinek fejleszt\u00e9s\u00e9re. Val\u00f3di c\u00e9lunk hozz\u00e1j\u00e1rulni min\u00e9l sz\u00e9lesebb l\u00e1t\u00f3k\u00f6r\u0171, szoci\u00e1lisan \u00e9rz\u00e9keny orvosgener\u00e1ci\u00f3k feln\u00f6vekv\u00e9s\u00e9hez.<\/p>\n","protected":false},"author":338,"featured_media":6082,"parent":32,"menu_order":1,"comment_status":"closed","ping_status":"closed","template":"","meta":{"_acf_changed":false,"footnotes":""},"categories":[],"tags":[],"class_list":["post-3176","page","type-page","status-publish","has-post-thumbnail","hentry"],"acf":[],"_links":{"self":[{"href":"https:\/\/semmelweis.hu\/boe\/wp-json\/wp\/v2\/pages\/3176","targetHints":{"allow":["GET"]}}],"collection":[{"href":"https:\/\/semmelweis.hu\/boe\/wp-json\/wp\/v2\/pages"}],"about":[{"href":"https:\/\/semmelweis.hu\/boe\/wp-json\/wp\/v2\/types\/page"}],"author":[{"embeddable":true,"href":"https:\/\/semmelweis.hu\/boe\/wp-json\/wp\/v2\/users\/338"}],"replies":[{"embeddable":true,"href":"https:\/\/semmelweis.hu\/boe\/wp-json\/wp\/v2\/comments?post=3176"}],"version-history":[{"count":11,"href":"https:\/\/semmelweis.hu\/boe\/wp-json\/wp\/v2\/pages\/3176\/revisions"}],"predecessor-version":[{"id":8755,"href":"https:\/\/semmelweis.hu\/boe\/wp-json\/wp\/v2\/pages\/3176\/revisions\/8755"}],"up":[{"embeddable":true,"href":"https:\/\/semmelweis.hu\/boe\/wp-json\/wp\/v2\/pages\/32"}],"wp:featuredmedia":[{"embeddable":true,"href":"https:\/\/semmelweis.hu\/boe\/wp-json\/wp\/v2\/media\/6082"}],"wp:attachment":[{"href":"https:\/\/semmelweis.hu\/boe\/wp-json\/wp\/v2\/media?parent=3176"}],"wp:term":[{"taxonomy":"category","embeddable":true,"href":"https:\/\/semmelweis.hu\/boe\/wp-json\/wp\/v2\/categories?post=3176"},{"taxonomy":"post_tag","embeddable":true,"href":"https:\/\/semmelweis.hu\/boe\/wp-json\/wp\/v2\/tags?post=3176"}],"curies":[{"name":"wp","href":"https:\/\/api.w.org\/{rel}","templated":true}]}}