{"id":279,"date":"2013-11-06T11:08:18","date_gmt":"2013-11-06T10:08:18","guid":{"rendered":"http:\/\/semmelweis-egyetem.hu\/boe\/?page_id=279"},"modified":"2025-10-21T00:11:47","modified_gmt":"2025-10-20T22:11:47","slug":"scope-szakmai-csereprogram","status":"publish","type":"page","link":"https:\/\/semmelweis.hu\/boe\/tagoknak\/scope-szakmai-csereprogram\/","title":{"rendered":"SCOPE &#8211; Szakmai csereprogram"},"content":{"rendered":"<p style=\"text-align: justify\"><img loading=\"lazy\" decoding=\"async\" class=\"size-large wp-image-5770\" src=\"https:\/\/semmelweis.hu\/boe\/files\/2018\/12\/SCOPE-1024x308.jpg\" alt=\"\" width=\"753\" height=\"226\" srcset=\"https:\/\/semmelweis.hu\/boe\/files\/2018\/12\/SCOPE-1024x308.jpg 1024w, https:\/\/semmelweis.hu\/boe\/files\/2018\/12\/SCOPE-300x90.jpg 300w, https:\/\/semmelweis.hu\/boe\/files\/2018\/12\/SCOPE-768x231.jpg 768w, https:\/\/semmelweis.hu\/boe\/files\/2018\/12\/SCOPE-753x226.jpg 753w\" sizes=\"auto, (max-width: 753px) 100vw, 753px\" \/><\/p>\n<p style=\"text-align: justify\">2025\/26-es Szakmai Cseregyakorlati helyek:<\/p>\n<p style=\"text-align: justify\">\n<!-- iframe plugin v.4.9 wordpress.org\/plugins\/iframe\/ -->\n<iframe loading=\"lazy\" src=\"https:\/\/www.google.com\/maps\/d\/embed?mid=13I7LD57EUPbGy_iqrhSYsnCVtFxMmPI&#038;ehbc=2E312F\" width=\"640\" height=\"480\" scrolling=\"yes\" class=\"iframe-class\" frameborder=\"0\"><\/iframe>\n<\/p>\n<p style=\"text-align: justify\">\u00a0<\/p>\n<p style=\"text-align: justify\">A Budapesti Orvostanhallgat\u00f3k Egyes\u00fclete (BOE) az International Federation of Medical Students\u2019 Associations (IFMSA) tagszervezetek\u00e9nt az idei tan\u00e9vben is lehet\u0151s\u00e9get biztos\u00edt tagjainak szakmai gyakorlatuk k\u00fclf\u00f6ldi teljes\u00edt\u00e9s\u00e9re a Standing Committee on Professional Exchange (SCOPE) szekci\u00f3 keretein bel\u00fcl.<\/p>\n<p style=\"text-align: justify\">A tudom\u00e1nyos cseregyakorlat egy n\u00e9gy hetes gyakorlat, ahol betekint\u00e9st nyerhetsz a v\u00e1lasztott orsz\u00e1g eg\u00e9szs\u00e9g\u00fcgyi rendszer\u00e9be, \u00faj szakmai k\u00e9szs\u00e9gekre tehetsz szert, \u00e9s cseregyakorlatoz\u00f3 t\u00e1rsaiddal bej\u00e1rhatod az orsz\u00e1got, megismerkedhetsz egy \u00faj kult\u00far\u00e1val.<\/p>\n<p style=\"text-align: justify\"><strong>Mit kell tudni a SCOPE cseregyakorlatokr\u00f3l?<\/strong><\/p>\n<p style=\"text-align: justify\">Budapestr\u0151l 2025 \u00e1prilis \u00e9s 2026 m\u00e1rcius k\u00f6z\u00f6tt k\u00f6zel 80 hallgat\u00f3 utazhat <strong>bilater\u00e1lis cser\u00e9vel\u00a0<\/strong>k\u00fclf\u00f6ldre. Ezen p\u00e1ly\u00e1zat d\u00edj\u00e1t a kiutaz\u00f3 a BOE-nak fizeti be, melyb\u0151l egyes\u00fclet\u00fcnk a bilater\u00e1lis csereszerz\u0151d\u00e9s \u00e9rtelm\u00e9ben a kiutaz\u00f3 hely\u00e9be \u00e9rkez\u0151 k\u00fclf\u00f6ldi hallgat\u00f3 egy havi ell\u00e1t\u00e1s\u00e1t fedezi. A magyar hallgat\u00f3 ugyanezen k\u00f6lts\u00e9geit a bej\u00f6v\u0151 di\u00e1k fizette ki a saj\u00e1t egyes\u00fclet\u00e9n\u00e9l. A bilater\u00e1lis d\u00edj az idei \u00e9vben:\u00a0<strong>50 000 Ft.<\/strong><\/p>\n<p style=\"text-align: justify\">A fogad\u00f3 v\u00e1ros\u00a0<strong>egy havi sz\u00e1ll\u00e1st \u00e9s napi 1 vagy 2 \u00e9tkez\u00e9st<\/strong>\u00a0(vagy ezt fedez\u0151 zsebp\u00e9nzt, vagy nyersanyagot) biztos\u00edt a bej\u00f6v\u0151 di\u00e1koknak. Ezen fel\u00fcl a helyi bizotts\u00e1gok sz\u00e1mtalan kultur\u00e1lis \u00e9s k\u00f6z\u00f6ss\u00e9gi programot szerveznek az \u00f6sszes ott l\u00e9v\u0151 hallgat\u00f3nak. Az \u00e9tkez\u00e9s \u00e9s a sz\u00e1ll\u00e1s d\u00edj\u00e1n t\u00fal felmer\u00fcl\u0151 k\u00f6lts\u00e9get \u2013 az\u00a0<strong>\u00fatik\u00f6lts\u00e9get<\/strong>, ha sz\u00fcks\u00e9ges a\u00a0<strong>v\u00edzumot<\/strong>\u00a0\u00e9s a\u00a0<strong>biztos\u00edt\u00e1st<\/strong>\u00a0\u00e9s a\u00a0<strong>szabadid\u0151s programok d\u00edjait<\/strong>\u00a0\u2013 minden\u00a0<strong>p\u00e1ly\u00e1z\u00f3 maga \u00e1llja \u00e9s int\u00e9zi<\/strong>.<\/p>\n<p style=\"text-align: justify\">\u00a0<\/p>\n<p style=\"text-align: justify\">P\u00e1ly\u00e1zatot minden olyan\u00a0<strong>III., IV., V. \u00e9s VI.\u00a0<\/strong>\u00e9ves orvostanhallgat\u00f3 beadhat, aki a jelen f\u00e9l\u00e9vben akt\u00edv jogviszonnyal b\u00edr, a 2024\/2025-es tan\u00e9vben a BOE tagja,<strong>\u00a0angol nyelvb\u0151l, vagy az adott orsz\u00e1g hivatalos nyelv\u00e9b\u0151l rendelkezik egy legal\u00e1bb k\u00f6z\u00e9pfok\u00fa, C (vagy A+B) t\u00edpus\u00fa, \u00e1llamilag akkredit\u00e1lt nyelvvizsg\u00e1val<\/strong>\u00a0vagy az adott hivatalos nyelv\u0171 orsz\u00e1g \u00e1llampolg\u00e1rs\u00e1g\u00e1t igazol\u00f3 \u00fatlev\u00e9llel.<\/p>\n<p style=\"text-align: justify\"><img loading=\"lazy\" decoding=\"async\" class=\"alignright wp-image-5760 \" style=\"text-align: justify\" src=\"https:\/\/semmelweis.hu\/boe\/files\/2018\/12\/surgery-300x220.jpg\" alt=\"\" width=\"421\" height=\"309\" srcset=\"https:\/\/semmelweis.hu\/boe\/files\/2018\/12\/surgery-300x220.jpg 300w, https:\/\/semmelweis.hu\/boe\/files\/2018\/12\/surgery-768x562.jpg 768w, https:\/\/semmelweis.hu\/boe\/files\/2018\/12\/surgery-1024x749.jpg 1024w, https:\/\/semmelweis.hu\/boe\/files\/2018\/12\/surgery-753x551.jpg 753w, https:\/\/semmelweis.hu\/boe\/files\/2018\/12\/surgery.jpg 1920w\" sizes=\"auto, (max-width: 421px) 100vw, 421px\" \/><\/p>\n<p style=\"text-align: justify\">Mind a harmad\u00e9ves belgy\u00f3gy\u00e1szat, a negyed\u00e9ves seb\u00e9szet \u00e9s a hatod\u00e9ves szigorl\u00f3 gyakorlatok teljes\u00edthet\u0151k SCOPE szervez\u00e9sben k\u00fclf\u00f6ld\u00f6n, azonban Egyetem\u00fcnk szab\u00e1lyoz\u00e1sa \u00e9rtelm\u00e9ben egyed\u00fcl az\u00a0<strong>Eur\u00f3pai Uni\u00f3<\/strong>, az\u00a0<strong>Amerikai Egyes\u00fclt \u00c1llamok<\/strong>,\u00a0<strong>Norv\u00e9gia<\/strong>\u00a0\u00e9s\u00a0<strong>Sv\u00e1jc<\/strong>, illetve\u00a0<strong>Jap\u00e1n \u00e9s Korea egyes<\/strong>\u00a0egyetemi klinik\u00e1in \u00e9s oktat\u00f3 k\u00f3rh\u00e1zaiban t\u00f6lt\u00f6tt gyakorlatok ker\u00fclnek elismer\u00e9sre. (R\u00e9szletek:\u00a0<a href=\"https:\/\/semmelweis.hu\/aok\/oktatas\/\">https:\/\/semmelweis.hu\/aok\/oktatas\/<\/a>\u00a0Bal oldali men\u00fc: Szakmai gyakorlatok vagy VI. \u00e9vfolyam f\u00fcl a T\u00e1j\u00e9koztat\u00f3 a szakmai gyakorlatok k\u00fclf\u00f6ld\u00f6n teljes\u00edt\u00e9s\u00e9r\u0151l).<\/p>\n<p style=\"text-align: justify\">Ezen fel\u00fcl a hazai klinika is t\u00e1maszthat egy\u00e9b felt\u00e9teleket a gyakorlat elfogad\u00e1s\u00e1val kapcsolatban (ritka, de el\u0151fordulhat).<\/p>\n<p style=\"text-align: justify\"><strong>Tov\u00e1bbi hasznos tudnival\u00f3k, el\u00e9rhet\u0151s\u00e9gek<\/strong><\/p>\n<p style=\"text-align: justify\"><a href=\"https:\/\/exchange.ifmsa.org\/explore-pages\/national\">Itt<\/a>\u00a0megtal\u00e1lhat\u00f3 minden orsz\u00e1g fogad\u00e1si felt\u00e9tele.\u00a0<strong>K\u00e9r\u00fcnk minden p\u00e1ly\u00e1z\u00f3t, hogy a helyoszt\u00f3t megel\u0151z\u0151en t\u00e1j\u00e9koz\u00f3djon a szimpatikus orsz\u00e1gok EC-ir\u0151l!<\/strong>\u00a0(El\u0151fordulhat, hogy az orsz\u00e1gok m\u00e1s nyelvi k\u00f6vetelm\u00e9nyeket t\u00e1masztanak, nem fogadnak minden h\u00f3napban, tov\u00e1bbi biztos\u00edt\u00e1sok megk\u00f6t\u00e9s\u00e9t v\u00e1rj\u00e1k, stb.)<\/p>\n<p style=\"text-align: justify\">Kor\u00e1bban cseregyakorlaton r\u00e9szt vett hallgat\u00f3k besz\u00e1mol\u00f3it a\u00a0<a href=\"https:\/\/humsirctravel.wordpress.com\/\">Humsirc Travel Blogoldalon\u00a0<\/a>olvashatj\u00e1tok<\/p>\n<p style=\"text-align: justify\"><em>Tov\u00e1bbi k\u00e9rd\u00e9sekkel forduljatok hozz\u00e1m bizalommal:<br \/>\n<\/em><strong>P\u00e1mer Di\u00e1na<\/strong><br \/>\nBOE, Local Exchange Officer-outgoings<br \/>\nE-mail:\u00a0<a href=\"mailto:leoout_budapest@humsirc.hu\"><strong>leoout_budapest@humsirc.hu<\/strong><\/a><\/p>\n","protected":false},"excerpt":{"rendered":"<p>2025\/26-es Szakmai Cseregyakorlati helyek: \u00a0 A Budapesti Orvostanhallgat\u00f3k Egyes\u00fclete (BOE) az International Federation of Medical Students\u2019 Associations (IFMSA) tagszervezetek\u00e9nt az idei tan\u00e9vben is lehet\u0151s\u00e9get biztos\u00edt tagjainak szakmai gyakorlatuk k\u00fclf\u00f6ldi teljes\u00edt\u00e9s\u00e9re a Standing Committee on Professional Exchange (SCOPE) szekci\u00f3 keretein bel\u00fcl. A tudom\u00e1nyos cseregyakorlat egy n\u00e9gy hetes gyakorlat, ahol betekint\u00e9st nyerhetsz a v\u00e1lasztott orsz\u00e1g eg\u00e9szs\u00e9g\u00fcgyi rendszer\u00e9be, &hellip;<\/p>\n","protected":false},"author":101486,"featured_media":299,"parent":73,"menu_order":2,"comment_status":"closed","ping_status":"closed","template":"","meta":{"_acf_changed":false,"footnotes":""},"categories":[],"tags":[],"class_list":["post-279","page","type-page","status-publish","has-post-thumbnail","hentry"],"acf":[],"_links":{"self":[{"href":"https:\/\/semmelweis.hu\/boe\/wp-json\/wp\/v2\/pages\/279","targetHints":{"allow":["GET"]}}],"collection":[{"href":"https:\/\/semmelweis.hu\/boe\/wp-json\/wp\/v2\/pages"}],"about":[{"href":"https:\/\/semmelweis.hu\/boe\/wp-json\/wp\/v2\/types\/page"}],"author":[{"embeddable":true,"href":"https:\/\/semmelweis.hu\/boe\/wp-json\/wp\/v2\/users\/101486"}],"replies":[{"embeddable":true,"href":"https:\/\/semmelweis.hu\/boe\/wp-json\/wp\/v2\/comments?post=279"}],"version-history":[{"count":13,"href":"https:\/\/semmelweis.hu\/boe\/wp-json\/wp\/v2\/pages\/279\/revisions"}],"predecessor-version":[{"id":8783,"href":"https:\/\/semmelweis.hu\/boe\/wp-json\/wp\/v2\/pages\/279\/revisions\/8783"}],"up":[{"embeddable":true,"href":"https:\/\/semmelweis.hu\/boe\/wp-json\/wp\/v2\/pages\/73"}],"wp:featuredmedia":[{"embeddable":true,"href":"https:\/\/semmelweis.hu\/boe\/wp-json\/wp\/v2\/media\/299"}],"wp:attachment":[{"href":"https:\/\/semmelweis.hu\/boe\/wp-json\/wp\/v2\/media?parent=279"}],"wp:term":[{"taxonomy":"category","embeddable":true,"href":"https:\/\/semmelweis.hu\/boe\/wp-json\/wp\/v2\/categories?post=279"},{"taxonomy":"post_tag","embeddable":true,"href":"https:\/\/semmelweis.hu\/boe\/wp-json\/wp\/v2\/tags?post=279"}],"curies":[{"name":"wp","href":"https:\/\/api.w.org\/{rel}","templated":true}]}}

<p style="text-align: justify"><img loading="lazy" decoding="async" class="size-large wp-image-5770" src="https://semmelweis.hu/boe/files/2018/12/SCOPE-1024x308.jpg" alt="" width="753" height="226" srcset="https://semmelweis.hu/boe/files/2018/12/SCOPE-1024x308.jpg 1024w, https://semmelweis.hu/boe/files/2018/12/SCOPE-300x90.jpg 300w, https://semmelweis.hu/boe/files/2018/12/SCOPE-768x231.jpg 768w, https://semmelweis.hu/boe/files/2018/12/SCOPE-753x226.jpg 753w" sizes="auto, (max-width: 753px) 100vw, 753px" /></p>
<p style="text-align: justify">2025/26-es Szakmai Cseregyakorlati helyek:</p>
<p style="text-align: justify">
<!-- iframe plugin v.4.9 wordpress.org/plugins/iframe/ -->
<iframe loading="lazy" src="https://www.google.com/maps/d/embed?mid=13I7LD57EUPbGy_iqrhSYsnCVtFxMmPI&#038;ehbc=2E312F" width="640" height="480" scrolling="yes" class="iframe-class" frameborder="0"></iframe>
</p>
<p style="text-align: justify"> </p>
<p style="text-align: justify">A Budapesti Orvostanhallgatók Egyesülete (BOE) az International Federation of Medical Students’ Associations (IFMSA) tagszervezeteként az idei tanévben is lehetőséget biztosít tagjainak szakmai gyakorlatuk külföldi teljesítésére a Standing Committee on Professional Exchange (SCOPE) szekció keretein belül.</p>
<p style="text-align: justify">A tudományos cseregyakorlat egy négy hetes gyakorlat, ahol betekintést nyerhetsz a választott ország egészségügyi rendszerébe, új szakmai készségekre tehetsz szert, és cseregyakorlatozó társaiddal bejárhatod az országot, megismerkedhetsz egy új kultúrával.</p>
<p style="text-align: justify"><strong>Mit kell tudni a SCOPE cseregyakorlatokról?</strong></p>
<p style="text-align: justify">Budapestről 2025 április és 2026 március között közel 80 hallgató utazhat <strong>bilaterális cserével </strong>külföldre. Ezen pályázat díját a kiutazó a BOE-nak fizeti be, melyből egyesületünk a bilaterális csereszerződés értelmében a kiutazó helyébe érkező külföldi hallgató egy havi ellátását fedezi. A magyar hallgató ugyanezen költségeit a bejövő diák fizette ki a saját egyesületénél. A bilaterális díj az idei évben: <strong>50 000 Ft.</strong></p>
<p style="text-align: justify">A fogadó város <strong>egy havi szállást és napi 1 vagy 2 étkezést</strong> (vagy ezt fedező zsebpénzt, vagy nyersanyagot) biztosít a bejövő diákoknak. Ezen felül a helyi bizottságok számtalan kulturális és közösségi programot szerveznek az összes ott lévő hallgatónak. Az étkezés és a szállás díján túl felmerülő költséget – az <strong>útiköltséget</strong>, ha szükséges a <strong>vízumot</strong> és a <strong>biztosítást</strong> és a <strong>szabadidős programok díjait</strong> – minden <strong>pályázó maga állja és intézi</strong>.</p>
<p style="text-align: justify"> </p>
<p style="text-align: justify">Pályázatot minden olyan <strong>III., IV., V. és VI. </strong>éves orvostanhallgató beadhat, aki a jelen félévben aktív jogviszonnyal bír, a 2024/2025-es tanévben a BOE tagja,<strong> angol nyelvből, vagy az adott ország hivatalos nyelvéből rendelkezik egy legalább középfokú, C (vagy A+B) típusú, államilag akkreditált nyelvvizsgával</strong> vagy az adott hivatalos nyelvű ország állampolgárságát igazoló útlevéllel.</p>
<p style="text-align: justify"><img loading="lazy" decoding="async" class="alignright wp-image-5760 " style="text-align: justify" src="https://semmelweis.hu/boe/files/2018/12/surgery-300x220.jpg" alt="" width="421" height="309" srcset="https://semmelweis.hu/boe/files/2018/12/surgery-300x220.jpg 300w, https://semmelweis.hu/boe/files/2018/12/surgery-768x562.jpg 768w, https://semmelweis.hu/boe/files/2018/12/surgery-1024x749.jpg 1024w, https://semmelweis.hu/boe/files/2018/12/surgery-753x551.jpg 753w, https://semmelweis.hu/boe/files/2018/12/surgery.jpg 1920w" sizes="auto, (max-width: 421px) 100vw, 421px" /></p>
<p style="text-align: justify">Mind a harmadéves belgyógyászat, a negyedéves sebészet és a hatodéves szigorló gyakorlatok teljesíthetők SCOPE szervezésben külföldön, azonban Egyetemünk szabályozása értelmében egyedül az <strong>Európai Unió</strong>, az <strong>Amerikai Egyesült Államok</strong>, <strong>Norvégia</strong> és <strong>Svájc</strong>, illetve <strong>Japán és Korea egyes</strong> egyetemi klinikáin és oktató kórházaiban töltött gyakorlatok kerülnek elismerésre. (Részletek: <a href="https://semmelweis.hu/aok/oktatas/">https://semmelweis.hu/aok/oktatas/</a> Bal oldali menü: Szakmai gyakorlatok vagy VI. évfolyam fül a Tájékoztató a szakmai gyakorlatok külföldön teljesítéséről).</p>
<p style="text-align: justify">Ezen felül a hazai klinika is támaszthat egyéb feltételeket a gyakorlat elfogadásával kapcsolatban (ritka, de előfordulhat).</p>
<p style="text-align: justify"><strong>További hasznos tudnivalók, elérhetőségek</strong></p>
<p style="text-align: justify"><a href="https://exchange.ifmsa.org/explore-pages/national">Itt</a> megtalálható minden ország fogadási feltétele. <strong>Kérünk minden pályázót, hogy a helyosztót megelőzően tájékozódjon a szimpatikus országok EC-iről!</strong> (Előfordulhat, hogy az országok más nyelvi követelményeket támasztanak, nem fogadnak minden hónapban, további biztosítások megkötését várják, stb.)</p>
<p style="text-align: justify">Korábban cseregyakorlaton részt vett hallgatók beszámolóit a <a href="https://humsirctravel.wordpress.com/">Humsirc Travel Blogoldalon </a>olvashatjátok</p>
<p style="text-align: justify"><em>További kérdésekkel forduljatok hozzám bizalommal:<br />
</em><strong>Pámer Diána</strong><br />
BOE, Local Exchange Officer-outgoings<br />
E-mail: <a href="mailto:leoout_budapest@humsirc.hu"><strong>leoout_budapest@humsirc.hu</strong></a></p>

<p>2025/26-es Szakmai Cseregyakorlati helyek:   A Budapesti Orvostanhallgatók Egyesülete (BOE) az International Federation of Medical Students’ Associations (IFMSA) tagszervezeteként az idei tanévben is lehetőséget biztosít tagjainak szakmai gyakorlatuk külföldi teljesítésére a Standing Committee on Professional Exchange (SCOPE) szekció keretein belül. A tudományos cseregyakorlat egy négy hetes gyakorlat, ahol betekintést nyerhetsz a választott ország egészségügyi rendszerébe, &hellip;</p>
