{"id":972,"date":"2018-11-28T00:00:00","date_gmt":"2018-11-27T23:00:00","guid":{"rendered":"http:\/\/semmelweis.hu\/biztonsagosszex\/milyen-vizsgalatokat-vegeztessunk-el-az-elso-szex-elott\/"},"modified":"2026-03-12T08:05:21","modified_gmt":"2026-03-12T07:05:21","slug":"milyen-vizsgalatokat-vegeztessunk-el-az-elso-szex-elott","status":"publish","type":"page","link":"https:\/\/semmelweis.hu\/biztonsagosszex\/altalanos-tudnivalok\/std\/milyen-vizsgalatokat-vegeztessunk-el-az-elso-szex-elott\/","title":{"rendered":"Milyen vizsg\u00e1latokat v\u00e9geztess\u00fcnk el az els\u0151 szex el\u0151tt?"},"content":{"rendered":"<p><a href=\"https:\/\/semmelweis.hu\/biztonsagosszex\/files\/2018\/12\/pic_1329225956_5981-1038x576.jpg\"><img loading=\"lazy\" decoding=\"async\" class=\"size-medium wp-image-1222 alignleft\" src=\"https:\/\/semmelweis.hu\/biztonsagosszex\/files\/2018\/12\/pic_1329225956_5981-1038x576-300x166.jpg\" alt=\"\" width=\"300\" height=\"166\" srcset=\"https:\/\/semmelweis.hu\/biztonsagosszex\/files\/2018\/12\/pic_1329225956_5981-1038x576-300x166.jpg 300w, https:\/\/semmelweis.hu\/biztonsagosszex\/files\/2018\/12\/pic_1329225956_5981-1038x576-768x426.jpg 768w, https:\/\/semmelweis.hu\/biztonsagosszex\/files\/2018\/12\/pic_1329225956_5981-1038x576-1024x568.jpg 1024w, https:\/\/semmelweis.hu\/biztonsagosszex\/files\/2018\/12\/pic_1329225956_5981-1038x576-753x418.jpg 753w, https:\/\/semmelweis.hu\/biztonsagosszex\/files\/2018\/12\/pic_1329225956_5981-1038x576.jpg 1038w\" sizes=\"auto, (max-width: 300px) 100vw, 300px\" \/><\/a>Term\u00e9szetesen, ha mindketten sz\u0171zen \u2013 de t\u00e9nyleg \u00fagy \u2013 l\u00e9ptek a p\u00e1rkapcsolatba, akkor nem sz\u00fcks\u00e9ges semmilyen tesztet elv\u00e9gezni.<\/p>\n<p>A sz\u00fczess\u00e9gr\u0151l hazudni nem \u00e9rdemes, f\u0151leg magatoknak nem. Az or\u00e1lis szex is szex, s\u0151t, m\u00e9g a pettinget is ide soroln\u00e1m, hiszen a nemi szervek v\u00e1lad\u00e9k\u00e1val tal\u00e1lkozhatt\u00e1l. Ha ilyen helyzetben volt\u00e1l m\u00e1r, vagy ak\u00e1r m\u00e1r volt komoly szexu\u00e1lis partnered, akkor viszont \u2013 miel\u0151tt az \u00faj partneredet akaratlanul is megfert\u0151z\u00f6d egy t\u00fcnetmentes nemi betegs\u00e9ggel \u2013 \u00e9rdemes sz\u0171r\u0151 vizsg\u00e1latot v\u00e9geztetni.<br \/>\nMa m\u00e1r nagyon sok helyen v\u00e9geznek v\u00e9rb\u0151l syphilis \u00e9s HIV sz\u0171r\u00e9st, valamint hepatitis sz\u0171r\u00e9st is. Itt figyelembe kell venned az \u00fan. \u201eablak peri\u00f3dust\u201d, ami azt jelenti, hogy a v\u00e9rvizsg\u00e1lat csak bizonyos id\u0151 (2-3 h\u00e9t) eltelt\u00e9vel k\u00e9s\u0151bb mutatja a fert\u0151z\u00e9sedet. Teh\u00e1t ezeket a teszteket, 1 h\u00f3nap eltelt\u00e9vel meg kell ism\u00e9telni. Ez a h\u00f3nap alkalmas arra, hogy megismerd a m\u00e1sikat, \u00e9s bizonyoss\u00e1 v\u00e1lj abban, hogy a testi kapcsolat meg\u00e9rett k\u00f6z\u00f6ttetek. A v\u00e9rb\u0151l kimutathat\u00f3 tesztek a legalapvet\u0151bbek, de ezen k\u00edv\u00fcl l\u00e9teznek olyan, orvosi vizsg\u00e1lattal kider\u00edthet\u0151 betegs\u00e9gek, amit csak a nemigy\u00f3gy\u00e1sz tud kiz\u00e1rni. Ezekr\u0151l b\u0151vebben olvashatsz a nemibetegs\u00e9gek r\u00e9szben.<\/p>\n<p>&nbsp;<\/p>\n","protected":false},"excerpt":{"rendered":"<p><a href=\"https:\/\/semmelweis.hu\/biztonsagosszex\/files\/2018\/12\/pic_1329225956_5981-1038x576.jpg\"><\/a> Term\u00e9szetesen, ha mindketten sz\u0171zen \u2013 de t\u00e9nyleg \u00fagy \u2013 l\u00e9ptek a p\u00e1rkapcsolatba, akkor nem sz\u00fcks\u00e9ges semmilyen tesztet elv\u00e9gezni. A sz\u00fczess\u00e9gr\u0151l hazudni nem \u00e9rdemes, f\u0151leg magatoknak nem. Az or\u00e1lis szex is szex, s\u0151t, m\u00e9g a pettinget is ide soroln\u00e1m, hiszen a nemi szervek v\u00e1lad\u00e9k\u00e1val tal\u00e1lkozhatt\u00e1l. Ha ilyen helyzetben volt\u00e1l m\u00e1r, vagy ak\u00e1r m\u00e1r volt komoly szexu\u00e1lis &hellip;<\/p>\n","protected":false},"author":101265,"featured_media":0,"parent":999,"menu_order":1,"comment_status":"closed","ping_status":"closed","template":"","meta":{"_acf_changed":false,"footnotes":""},"categories":[],"tags":[],"class_list":["post-972","page","type-page","status-publish","hentry"],"acf":[],"_links":{"self":[{"href":"https:\/\/semmelweis.hu\/biztonsagosszex\/wp-json\/wp\/v2\/pages\/972","targetHints":{"allow":["GET"]}}],"collection":[{"href":"https:\/\/semmelweis.hu\/biztonsagosszex\/wp-json\/wp\/v2\/pages"}],"about":[{"href":"https:\/\/semmelweis.hu\/biztonsagosszex\/wp-json\/wp\/v2\/types\/page"}],"author":[{"embeddable":true,"href":"https:\/\/semmelweis.hu\/biztonsagosszex\/wp-json\/wp\/v2\/users\/101265"}],"replies":[{"embeddable":true,"href":"https:\/\/semmelweis.hu\/biztonsagosszex\/wp-json\/wp\/v2\/comments?post=972"}],"version-history":[{"count":2,"href":"https:\/\/semmelweis.hu\/biztonsagosszex\/wp-json\/wp\/v2\/pages\/972\/revisions"}],"predecessor-version":[{"id":3958,"href":"https:\/\/semmelweis.hu\/biztonsagosszex\/wp-json\/wp\/v2\/pages\/972\/revisions\/3958"}],"up":[{"embeddable":true,"href":"https:\/\/semmelweis.hu\/biztonsagosszex\/wp-json\/wp\/v2\/pages\/999"}],"wp:attachment":[{"href":"https:\/\/semmelweis.hu\/biztonsagosszex\/wp-json\/wp\/v2\/media?parent=972"}],"wp:term":[{"taxonomy":"category","embeddable":true,"href":"https:\/\/semmelweis.hu\/biztonsagosszex\/wp-json\/wp\/v2\/categories?post=972"},{"taxonomy":"post_tag","embeddable":true,"href":"https:\/\/semmelweis.hu\/biztonsagosszex\/wp-json\/wp\/v2\/tags?post=972"}],"curies":[{"name":"wp","href":"https:\/\/api.w.org\/{rel}","templated":true}]}}