{"id":646,"date":"2018-11-28T00:00:00","date_gmt":"2018-11-27T23:00:00","guid":{"rendered":"http:\/\/semmelweis.hu\/biztonsagosszex\/az-std-megelozheto-mi-az-a-rizikocsoport\/"},"modified":"2018-12-04T14:59:47","modified_gmt":"2018-12-04T13:59:47","slug":"az-std-megelozheto-mi-az-a-rizikocsoport","status":"publish","type":"page","link":"https:\/\/semmelweis.hu\/biztonsagosszex\/altalanos-tudnivalok\/std\/az-std-megelozheto-mi-az-a-rizikocsoport\/","title":{"rendered":"Az STD megel\u0151zhet\u0151? Mi az a rizik\u00f3csoport?"},"content":{"rendered":"<p><a href=\"https:\/\/semmelweis.hu\/biztonsagosszex\/files\/2018\/12\/pic_1330429826_666.jpg\"><img loading=\"lazy\" decoding=\"async\" class=\" wp-image-1241 alignleft\" src=\"https:\/\/semmelweis.hu\/biztonsagosszex\/files\/2018\/12\/pic_1330429826_666.jpg\" alt=\"\" width=\"228\" height=\"172\" \/><\/a>A nagy sz\u00e1mok t\u00f6rv\u00e9nye alapj\u00e1n min\u00e9l t\u00f6bb partnerrel l\u00e9tes\u00edtesz \u00e9leted sor\u00e1n szexu\u00e1lis kapcsolatot, ann\u00e1l nagyobb az es\u00e9lye, hogy valamilyen szexu\u00e1lis \u00faton terjed\u0151 betegs\u00e9g t\u00e9ged is el\u00e9rjen!\u00a0 Egy partnert\u0151l is el lehet kapni azonban nemi betegs\u00e9get, ha nem sz\u0171zen j\u00f6tt a kapcsolatba, \u00e9s nem vizsg\u00e1ltatta ki mag\u00e1t, miel\u0151tt Veled kezdett volna nemi \u00e9letet \u00e9lni.<\/p>\n<p>Els\u0151sorban a <strong>monog\u00e1mia<\/strong> (adott id\u0151szak alatt csak egyetlen partnerrel l\u00e9tes\u00edtesz rendszeres szexu\u00e1lis kapcsolatot), vagyis <strong>a h\u0171s\u00e9g<\/strong> cs\u00f6kkenti jelent\u0151sen a szexu\u00e1lis \u00faton terjed\u0151 betegs\u00e9gek kialakul\u00e1s\u00e1nak kock\u00e1zat\u00e1t!<br \/>\nA m\u00e1sodik legfontosabb eszk\u00f6z\u00fcnk, pedig az \u00f3vszer (gumi, koton, kondom ugyanaz). F\u00e9lre\u00e9rt\u00e9s ne ess\u00e9k! Az \u00f3vszer v\u00e9d a nem k\u00edv\u00e1nt terhess\u00e9g ellen is, de itt els\u0151sorban a nemi betegs\u00e9gek elleni v\u00e9delemr\u0151l besz\u00e9l\u00fcnk, teh\u00e1t \u00f3vszert nem csak h\u00fcvelyi behatol\u00e1s eset\u00e9n, hanem <strong>mindenf\u00e9le szexu\u00e1lis egy\u00fcttl\u00e9t kapcs\u00e1n<\/strong>alkalmazni kell.<\/p>\n<h3><span style=\"text-decoration: underline;\">Az \u00f3vszer<\/span><\/h3>\n<p>Az \u00f3vszer v\u00e9kony, latex- vagy poliuret\u00e1n anyagb\u00f3l k\u00e9sz\u00fcl. A merev h\u00edmvessz\u0151re kell felh\u00fazni, m\u00e9g a behatol\u00e1s el\u0151tt. Nem olyan bonyolult felrakni, ne f\u00e9lj t\u0151le! Minden dobozban van \u00fatmutat\u00f3, \u00e1ltal\u00e1ban rajzokkal a helyes felhelyez\u00e9sr\u0151l.<br \/>\nMiel\u0151tt b\u00e1rmibe belekezdtek, bonts\u00e1tok ki az \u00f3vszer csomagol\u00e1s\u00e1t \u2013 \u00e9s ne a fogatokkal, hogy ne s\u00e9r\u00fclj\u00f6n meg a gumi, m\u00e9g v\u00e9letlen\u00fcl sem! Az \u00f3vszert m\u00e9g akkor kell felhelyezni, miel\u0151tt b\u00e1rmi t\u00f6rt\u00e9nt volna. Ne feledkezz meg arr\u00f3l, hogy az el\u0151v\u00e1lad\u00e9k, a h\u00fcvelyv\u00e1lad\u00e9k sajnos fert\u0151zhet, \u00e9s a torokban is \u201elakhatnak\u201d nemk\u00edv\u00e1natos k\u00f3rokoz\u00f3k! Ha kivetted az \u00f3vszert, akkor a tetej\u00e9n\u00e9l l\u00e9v\u0151 kis cs\u00facsot fogd \u00f6ssze, \u00e9s mintha egy sapk\u00e1t, vagy egy harisny\u00e1t h\u00fazn\u00e1l fel, g\u00f6rgesd le a h\u00edmvessz\u0151 t\u00f6v\u00e9ig. A v\u00e9g\u00e9n a kis zs\u00e1kocska arra val\u00f3, hogy felfogja az ond\u00f3t. Levenni az \u00f3vszert m\u00e1r csak akkor szabad, ha v\u00e9ge az aktusnak, teh\u00e1t a f\u00fcrd\u0151szob\u00e1ban, a szemetes felett! Egy \u00f3vszert, csak egy alkalommal haszn\u00e1lj, ha egy este t\u00f6bbsz\u00f6r is szexeltek, mindig nyissatok \u00faj csomagot!<br \/>\nAz \u00f3vszert b\u00e1rhol meg tudod m\u00e1r venni, ak\u00e1r abc-ben, vagy pipere boltban, benzink\u00fatn\u00e1l, esetleg automat\u00e1b\u00f3l. V\u00e1lassz olyan t\u00edpust, ami a legjobban illik hozz\u00e1d, de b\u00e1tran k\u00eds\u00e9rletezz vag\u00e1ny sz\u00ednekkel, vagy \u00edzes\u00edt\u00e9sekkel!<br \/>\n<strong>Ne feledd, aki Veled nem akar \u00f3vszert haszn\u00e1lni, az m\u00e1ssal sem haszn\u00e1lta azt! <\/strong>Ne d\u0151lj be a \u201emen\u0151 dum\u00e1knak\u201d: \u00e9szre sem veszed majd, hogy rajtad van az \u00f3vszer, nem lesz semmi \u201ezokniban l\u00e1bat mosni\u201d f\u00edling!<\/p>\n<h3><span style=\"text-decoration: underline;\">A rizik\u00f3csoportok<\/span><\/h3>\n<p><a href=\"https:\/\/semmelweis.hu\/biztonsagosszex\/files\/2018\/12\/pic_1328621793_857-300x259-1-300x259.jpg\"><img loading=\"lazy\" decoding=\"async\" class=\" wp-image-1206 alignleft\" src=\"https:\/\/semmelweis.hu\/biztonsagosszex\/files\/2018\/12\/pic_1328621793_857-300x259-1-300x259.jpg\" alt=\"\" width=\"236\" height=\"204\" \/><\/a>Az \u00fan. \u201e<strong>rizik\u00f3 csoportba\u201d<\/strong> tartoz\u00e1s hajlamos\u00edt STD-re: a promiszkuit\u00e1s (egyszerre t\u00f6bb partnered is van, vagy gyakran cser\u00e9lgeted \u0151ket, pl. egy \u00e9v alatt t\u00f6bb mint 4 \u00faj partnered van), a prostit\u00faci\u00f3 (a test \u00e1ruba bocs\u00e1jt\u00e1sa), a drog fogyaszt\u00e1s (nem csak a v\u00e9n\u00e1s drogok a k\u00f6z\u00f6s t\u0171 miatt, hanem b\u00e1rmilyen b\u00f3d\u00edt\u00f3 szer, ami a j\u00f3zan \u00edt\u00e9l\u0151k\u00e9pess\u00e9gedet befoly\u00e1solja). Sajnos vannak olyan r\u00e9szei a vil\u00e1gnak, ahol nagyon-nagyon sok HIV fert\u0151z\u00f6tt \u00e9l, teh\u00e1t ha ezekb\u0151l az orsz\u00e1gokb\u00f3l v\u00e1lasztasz partnert, l\u00e9gy \u00e9szn\u00e9l, \u00e9s k\u00e9rjetek egy tesztet, miel\u0151tt elkezdtek nemi \u00e9letet \u00e9lni!<br \/>\nNe feledd, sajnos rizik\u00f3 csoportba tartozol akkor is, ha csak egy partnered van, de az pl. f\u0171vel-f\u00e1val megcsal!<\/p>\n","protected":false},"excerpt":{"rendered":"<p><a href=\"https:\/\/semmelweis.hu\/biztonsagosszex\/files\/2018\/12\/pic_1330429826_666.jpg\"><\/a> A nagy sz\u00e1mok t\u00f6rv\u00e9nye alapj\u00e1n min\u00e9l t\u00f6bb partnerrel l\u00e9tes\u00edtesz \u00e9leted sor\u00e1n szexu\u00e1lis kapcsolatot, ann\u00e1l nagyobb az es\u00e9lye, hogy valamilyen szexu\u00e1lis \u00faton terjed\u0151 betegs\u00e9g t\u00e9ged is el\u00e9rjen!\u00a0 Egy partnert\u0151l is el lehet kapni azonban nemi betegs\u00e9get, ha nem sz\u0171zen j\u00f6tt a kapcsolatba, \u00e9s nem vizsg\u00e1ltatta ki mag\u00e1t, miel\u0151tt Veled kezdett volna nemi \u00e9letet \u00e9lni. Els\u0151sorban a &hellip;<\/p>\n","protected":false},"author":101265,"featured_media":0,"parent":999,"menu_order":2,"comment_status":"closed","ping_status":"closed","template":"","meta":{"_acf_changed":false,"footnotes":""},"categories":[],"tags":[],"class_list":["post-646","page","type-page","status-publish","hentry"],"acf":[],"_links":{"self":[{"href":"https:\/\/semmelweis.hu\/biztonsagosszex\/wp-json\/wp\/v2\/pages\/646","targetHints":{"allow":["GET"]}}],"collection":[{"href":"https:\/\/semmelweis.hu\/biztonsagosszex\/wp-json\/wp\/v2\/pages"}],"about":[{"href":"https:\/\/semmelweis.hu\/biztonsagosszex\/wp-json\/wp\/v2\/types\/page"}],"author":[{"embeddable":true,"href":"https:\/\/semmelweis.hu\/biztonsagosszex\/wp-json\/wp\/v2\/users\/101265"}],"replies":[{"embeddable":true,"href":"https:\/\/semmelweis.hu\/biztonsagosszex\/wp-json\/wp\/v2\/comments?post=646"}],"version-history":[{"count":4,"href":"https:\/\/semmelweis.hu\/biztonsagosszex\/wp-json\/wp\/v2\/pages\/646\/revisions"}],"predecessor-version":[{"id":2098,"href":"https:\/\/semmelweis.hu\/biztonsagosszex\/wp-json\/wp\/v2\/pages\/646\/revisions\/2098"}],"up":[{"embeddable":true,"href":"https:\/\/semmelweis.hu\/biztonsagosszex\/wp-json\/wp\/v2\/pages\/999"}],"wp:attachment":[{"href":"https:\/\/semmelweis.hu\/biztonsagosszex\/wp-json\/wp\/v2\/media?parent=646"}],"wp:term":[{"taxonomy":"category","embeddable":true,"href":"https:\/\/semmelweis.hu\/biztonsagosszex\/wp-json\/wp\/v2\/categories?post=646"},{"taxonomy":"post_tag","embeddable":true,"href":"https:\/\/semmelweis.hu\/biztonsagosszex\/wp-json\/wp\/v2\/tags?post=646"}],"curies":[{"name":"wp","href":"https:\/\/api.w.org\/{rel}","templated":true}]}}