{"id":490,"date":"2018-11-28T00:00:00","date_gmt":"2018-11-27T23:00:00","guid":{"rendered":"http:\/\/semmelweis.hu\/biztonsagosszex\/ureaplasma-es-mycoplasma-fertozesek\/"},"modified":"2018-12-12T15:58:30","modified_gmt":"2018-12-12T14:58:30","slug":"ureaplasma-es-mycoplasma-fertozesek","status":"publish","type":"page","link":"https:\/\/semmelweis.hu\/biztonsagosszex\/altalanos-tudnivalok\/nemibetegsegek\/ureaplasma-es-mycoplasma-fertozesek\/","title":{"rendered":"Ureaplasma \u00e9s Mycoplasma fert\u0151z\u00e9sek"},"content":{"rendered":"<p>A nem Gonorrhoea \u00e9s nem Chlamydia okozta nemi fert\u0151z\u00e9sek h\u00e1tter\u00e9ben a Mycoplasma hominis, Mycoplasma genitalium \u00e9s Ureaplasma urealyticum nev\u0171 bakt\u00e9riumok \u00e1llhatnak.\u00a0 Hasonl\u00f3an a Chlamydia okozta fert\u0151z\u00e9sekhez ezek a betegs\u00e9gek is a szexu\u00e1lisan legakt\u00edvabb koroszt\u00e1lyt \u00e9rintik legink\u00e1bb. A szexu\u00e1lis partnerek sz\u00e1m\u00e1nak n\u00f6veked\u00e9s\u00e9vel egyenes ar\u00e1nyban n\u0151 a fert\u0151z\u00f6ttek sz\u00e1ma is.<\/p>\n<p><strong>A betegs\u00e9g t\u00fcnetei \u00e9s kezel\u00e9se<\/strong><br \/>\nA betegs\u00e9gek egyes esetekben t\u00fcnetmentesen is zajlhatnak. N\u0151kn\u00e9l kifejezettebb h\u00fcvelyi foly\u00e1s jelentkezik, illetve a k\u00f3rokoz\u00f3k a h\u00fagy\u00fati rendszer gyullad\u00e1s\u00e1t is eredm\u00e9nyezhetik. Ilyenkor a gyakori vizel\u00e9si inger \u00e9s cs\u00edp\u0151 vizelet a f\u0151 t\u00fcnet.\u00a0 Elh\u00faz\u00f3d\u00f3, vagy nem kezelt esetekben kismedencei gyullad\u00e1s, vet\u00e9l\u00e9s, illetve terhess\u00e9g eset\u00e9n ak\u00e1r korasz\u00fcl\u00e9s is kialakulhat.<br \/>\nF\u00e9rfiak \u00e1ltal\u00e1ban a h\u00fagycs\u0151ben \u00e9g\u0151, vizel\u00e9s v\u00e9g\u00e9n csiklandoz\u00f3, viszket\u0151 \u00e9rz\u00e9sre panaszkodnak, reggelente a h\u00fagycs\u0151b\u0151l \u00e1ttetsz\u0151 v\u00e1lad\u00e9koz\u00e1st is \u00e9szlelhetnek. Elh\u00faz\u00f3d\u00f3, fel nem ismert \u00e9s nem kezelt fert\u0151z\u00e9s eset\u00e9n prosztata (d\u00fclmirigy), here-, mell\u00e9khere gyullad\u00e1s alakulhat ki, melyek k\u00f6vetkezt\u00e9ben a spermiuk sz\u00e1ma cs\u00f6kkenhet, mozg\u00e1suk lelassulhat, ami a k\u00e9s\u0151bbiekben a nemz\u0151k\u00e9pess\u00e9get igen rossz ir\u00e1nyban befoly\u00e1solja.<\/p>\n<p>Min\u00e9l gyakrabban v\u00e1ltogatja valaki a szexu\u00e1lis partnereit, ann\u00e1l nagyobb az es\u00e9lye a fenti betegs\u00e9gek b\u00e1rmelyik\u00e9re. F\u0151leg, ha az \u00f3vszeres v\u00e9dekez\u00e9st is hanyagolja.<br \/>\nHa a fenti t\u00fcnetek \u00e9szlel\u00e9sekor id\u0151ben orvoshoz fordulsz, akkor megfelel\u0151 antibiotikus kezel\u00e9ssel a betegs\u00e9gek gy\u00f3gy\u00edthat\u00f3k.<\/p>\n","protected":false},"excerpt":{"rendered":"<p>A nem Gonorrhoea \u00e9s nem Chlamydia okozta nemi fert\u0151z\u00e9sek h\u00e1tter\u00e9ben a Mycoplasma hominis, Mycoplasma genitalium \u00e9s Ureaplasma urealyticum nev\u0171 bakt\u00e9riumok \u00e1llhatnak.\u00a0 Hasonl\u00f3an a Chlamydia okozta fert\u0151z\u00e9sekhez ezek a betegs\u00e9gek is a szexu\u00e1lisan legakt\u00edvabb koroszt\u00e1lyt \u00e9rintik legink\u00e1bb. A szexu\u00e1lis partnerek sz\u00e1m\u00e1nak n\u00f6veked\u00e9s\u00e9vel egyenes ar\u00e1nyban n\u0151 a fert\u0151z\u00f6ttek sz\u00e1ma is. A betegs\u00e9g t\u00fcnetei \u00e9s kezel\u00e9se A betegs\u00e9gek &hellip;<\/p>\n","protected":false},"author":101265,"featured_media":0,"parent":14,"menu_order":11,"comment_status":"closed","ping_status":"closed","template":"","meta":{"_acf_changed":false,"footnotes":""},"categories":[],"tags":[],"class_list":["post-490","page","type-page","status-publish","hentry"],"acf":[],"_links":{"self":[{"href":"https:\/\/semmelweis.hu\/biztonsagosszex\/wp-json\/wp\/v2\/pages\/490","targetHints":{"allow":["GET"]}}],"collection":[{"href":"https:\/\/semmelweis.hu\/biztonsagosszex\/wp-json\/wp\/v2\/pages"}],"about":[{"href":"https:\/\/semmelweis.hu\/biztonsagosszex\/wp-json\/wp\/v2\/types\/page"}],"author":[{"embeddable":true,"href":"https:\/\/semmelweis.hu\/biztonsagosszex\/wp-json\/wp\/v2\/users\/101265"}],"replies":[{"embeddable":true,"href":"https:\/\/semmelweis.hu\/biztonsagosszex\/wp-json\/wp\/v2\/comments?post=490"}],"version-history":[{"count":1,"href":"https:\/\/semmelweis.hu\/biztonsagosszex\/wp-json\/wp\/v2\/pages\/490\/revisions"}],"predecessor-version":[{"id":3186,"href":"https:\/\/semmelweis.hu\/biztonsagosszex\/wp-json\/wp\/v2\/pages\/490\/revisions\/3186"}],"up":[{"embeddable":true,"href":"https:\/\/semmelweis.hu\/biztonsagosszex\/wp-json\/wp\/v2\/pages\/14"}],"wp:attachment":[{"href":"https:\/\/semmelweis.hu\/biztonsagosszex\/wp-json\/wp\/v2\/media?parent=490"}],"wp:term":[{"taxonomy":"category","embeddable":true,"href":"https:\/\/semmelweis.hu\/biztonsagosszex\/wp-json\/wp\/v2\/categories?post=490"},{"taxonomy":"post_tag","embeddable":true,"href":"https:\/\/semmelweis.hu\/biztonsagosszex\/wp-json\/wp\/v2\/tags?post=490"}],"curies":[{"name":"wp","href":"https:\/\/api.w.org\/{rel}","templated":true}]}}