{"id":489,"date":"2018-11-28T00:00:00","date_gmt":"2018-11-27T23:00:00","guid":{"rendered":"http:\/\/semmelweis.hu\/biztonsagosszex\/trichomoniasis\/"},"modified":"2018-12-12T15:57:23","modified_gmt":"2018-12-12T14:57:23","slug":"trichomoniasis","status":"publish","type":"page","link":"https:\/\/semmelweis.hu\/biztonsagosszex\/altalanos-tudnivalok\/nemibetegsegek\/trichomoniasis\/","title":{"rendered":"Trichomoniasis"},"content":{"rendered":"<p>Ennek a betegs\u00e9gnek a neve a k\u00f3rokoz\u00f3 latin nev\u00e9b\u0151l ered (Trichomonas vaginalis).<\/p>\n<p>Ez egy parazita, teh\u00e1t \u00e9l\u0151sk\u00f6d\u0151, mely a h\u00fcvelyben \u201eletelepedhet\u201d, \u00edgy f\u0151leg a l\u00e1nyoknak okoz panaszokat, b\u00e1r a fi\u00fak is megfert\u0151z\u0151dhetnek. Akkor gondolj r\u00e1, ha s\u00e1rg\u00e1s-z\u00f6ld, habos, b\u00fcd\u00f6s, halszag\u00fa foly\u00e1st \u00e9szlelsz a h\u00fcvelyb\u0151l, viszket\u00e9s k\u00eds\u00e9ret\u00e9ben, esetleg gyakrabban kell pisilni is menni.<br \/>\nOrvosilag ez a k\u00f3rokoz\u00f3 is k\u00f6nnyen kimutathat\u00f3 a h\u00fcvelyv\u00e1lad\u00e9kban, mikroszk\u00f3pos vizsg\u00e1lattal, \u00e9s gy\u00f3gyszeres kezel\u00e9ssel meggy\u00f3gy\u00edthat\u00f3. Enn\u00e9l a fert\u0151z\u00e9sn\u00e9l a p\u00e1rodat is mindig kezelni kell!<br \/>\nA trichomonas az egyetlen STD k\u00f3rokoz\u00f3, amely k\u00e9pes 24 \u00f3r\u00e1n kereszt\u00fcl nedves t\u00f6r\u00f6lk\u00f6z\u0151n is t\u00fal\u00e9l, ill. k\u00f6z\u00f6s f\u00fcrd\u0151v\u00edzben (pl. jakuzzi), is tud terjedni.<\/p>\n","protected":false},"excerpt":{"rendered":"<p>Ennek a betegs\u00e9gnek a neve a k\u00f3rokoz\u00f3 latin nev\u00e9b\u0151l ered (Trichomonas vaginalis). Ez egy parazita, teh\u00e1t \u00e9l\u0151sk\u00f6d\u0151, mely a h\u00fcvelyben \u201eletelepedhet\u201d, \u00edgy f\u0151leg a l\u00e1nyoknak okoz panaszokat, b\u00e1r a fi\u00fak is megfert\u0151z\u0151dhetnek. Akkor gondolj r\u00e1, ha s\u00e1rg\u00e1s-z\u00f6ld, habos, b\u00fcd\u00f6s, halszag\u00fa foly\u00e1st \u00e9szlelsz a h\u00fcvelyb\u0151l, viszket\u00e9s k\u00eds\u00e9ret\u00e9ben, esetleg gyakrabban kell pisilni is menni. Orvosilag ez a &hellip;<\/p>\n","protected":false},"author":101265,"featured_media":0,"parent":14,"menu_order":10,"comment_status":"closed","ping_status":"closed","template":"","meta":{"_acf_changed":false,"footnotes":""},"categories":[],"tags":[],"class_list":["post-489","page","type-page","status-publish","hentry"],"acf":[],"_links":{"self":[{"href":"https:\/\/semmelweis.hu\/biztonsagosszex\/wp-json\/wp\/v2\/pages\/489","targetHints":{"allow":["GET"]}}],"collection":[{"href":"https:\/\/semmelweis.hu\/biztonsagosszex\/wp-json\/wp\/v2\/pages"}],"about":[{"href":"https:\/\/semmelweis.hu\/biztonsagosszex\/wp-json\/wp\/v2\/types\/page"}],"author":[{"embeddable":true,"href":"https:\/\/semmelweis.hu\/biztonsagosszex\/wp-json\/wp\/v2\/users\/101265"}],"replies":[{"embeddable":true,"href":"https:\/\/semmelweis.hu\/biztonsagosszex\/wp-json\/wp\/v2\/comments?post=489"}],"version-history":[{"count":1,"href":"https:\/\/semmelweis.hu\/biztonsagosszex\/wp-json\/wp\/v2\/pages\/489\/revisions"}],"predecessor-version":[{"id":3183,"href":"https:\/\/semmelweis.hu\/biztonsagosszex\/wp-json\/wp\/v2\/pages\/489\/revisions\/3183"}],"up":[{"embeddable":true,"href":"https:\/\/semmelweis.hu\/biztonsagosszex\/wp-json\/wp\/v2\/pages\/14"}],"wp:attachment":[{"href":"https:\/\/semmelweis.hu\/biztonsagosszex\/wp-json\/wp\/v2\/media?parent=489"}],"wp:term":[{"taxonomy":"category","embeddable":true,"href":"https:\/\/semmelweis.hu\/biztonsagosszex\/wp-json\/wp\/v2\/categories?post=489"},{"taxonomy":"post_tag","embeddable":true,"href":"https:\/\/semmelweis.hu\/biztonsagosszex\/wp-json\/wp\/v2\/tags?post=489"}],"curies":[{"name":"wp","href":"https:\/\/api.w.org\/{rel}","templated":true}]}}