{"id":24,"date":"2012-01-29T14:33:14","date_gmt":"2012-01-29T13:33:14","guid":{"rendered":"http:\/\/semmelweis-egyetem.hu\/biztonsag\/?page_id=24"},"modified":"2025-09-19T12:39:33","modified_gmt":"2025-09-19T10:39:33","slug":"kornyezetvedelmi-osztaly","status":"publish","type":"page","link":"https:\/\/semmelweis.hu\/biztonsag\/altalanos-informaciok\/kornyezetvedelmi-osztaly\/","title":{"rendered":"K\u00f6rnyezetv\u00e9delmi Oszt\u00e1ly"},"content":{"rendered":"<h4>Oszt\u00e1lyvezet\u0151: Horti Zolt\u00e1n<\/h4>\n<h1>A K\u00f6rnyezetv\u00e9delmi oszt\u00e1ly feladatai:<\/h1>\n<p>Az oszt\u00e1ly f\u0151 feladata ir\u00e1ny\u00edtani, szervezni, koordin\u00e1lni \u00e9s vizsg\u00e1lni az Egyetem k\u00f6rnyezetv\u00e9delmi tev\u00e9kenys\u00e9g\u00e9t, valamint a hullad\u00e9kgazd\u00e1lkod\u00e1st, a v\u00edz- talaj- \u00e9s leveg\u0151tisztas\u00e1g-v\u00e9delm\u00e9t szakmailag ir\u00e1ny\u00edtani . Az Egyetem munkav\u00e1llal\u00f3inak k\u00f6rnyezetv\u00e9delmi \u00e9s ADR (Vesz\u00e9lyes \u00e1ruk sz\u00e1ll\u00edt\u00e1si szab\u00e1lyzat) oktat\u00e1st tartani, ehhez az oktat\u00e1si anyagot \u00f6ssze\u00e1ll\u00edtani majd folyamatosan aktualiz\u00e1lni. \u00d6ssze\u00e1ll\u00edtani, aktualiz\u00e1lni az Egyetem k\u00f6rnyezetv\u00e9delmi szab\u00e1lyzat\u00e1t.<\/p>\n<p>Az Igazgat\u00f3s\u00e1g \u00e9s az Egyetem k\u00f6rnyezetv\u00e9delmi MIR feladatokkal kapcsolatos k\u00f6rnyezetir\u00e1ny\u00edt\u00e1si feladatainak elv\u00e9gz\u00e9se. Az Egyetem k\u00f6rnyezetv\u00e9delmi politik\u00e1j\u00e1nak, priorit\u00e1sainak, c\u00e9lfeladatainak meghat\u00e1roz\u00e1sa.<\/p>\n<p>\u00c9ves munkaterv, \u00e9s el\u0151zetes \u00edr\u00e1sos egyeztet\u00e9s alapj\u00e1n egy\u00fcttes k\u00f6rnyezetv\u00e9delmi ellen\u0151rz\u00e9s v\u00e9gz\u00e9se az Egyetem minden szervezeti egys\u00e9g\u00e9n\u00e9l. Kivizsg\u00e1lni, hogy az oktat\u00f3-gy\u00f3gy\u00edt\u00f3 tev\u00e9kenys\u00e9g v\u00e9gz\u00e9se sor\u00e1n a k\u00f6rnyezetv\u00e9delmi jogszab\u00e1lyokban foglaltak \u00e9rv\u00e9nyre jutnak-e, szakmai ir\u00e1ny\u00edt\u00e1st, tan\u00e1csad\u00e1st adni a szervezeti egys\u00e9gek kijel\u00f6lt k\u00f6rnyezetv\u00e9delmi felel\u0151seinek. Hi\u00e1nyoss\u00e1g eset\u00e9n int\u00e9zked\u00e9si javaslatot tenni, illetve int\u00e9zked\u00e9st kezdem\u00e9nyezni.<\/p>\n<p>Szakmai seg\u00edts\u00e9get ny\u00fajtani a hat\u00f3s\u00e1gi, illetve egy\u00e9b k\u00f6rnyezetv\u00e9delmi vonatkoz\u00e1s\u00fa enged\u00e9lyez\u00e9si elj\u00e1r\u00e1sok lebonyol\u00edt\u00e1s\u00e1ban.<\/p>\n<p>Megszervezni, ellen\u0151rizni az Egyetem szervezeti egys\u00e9gein\u00e9l keletkez\u0151 kommun\u00e1lis \u00e9s vesz\u00e9lyes hullad\u00e9kok gy\u0171jt\u00e9s\u00e9t, \u00e1tmeneti t\u00e1rol\u00e1s\u00e1t, \u00e1rtalmatlan\u00edt\u00e1sra t\u00f6rt\u00e9n\u0151 \u00e1tad\u00e1s\u00e1t, a nyilv\u00e1ntart\u00e1sokat ellen\u0151rizni. Szakmailag ir\u00e1ny\u00edtani, megszervezni a ter\u00fcletileg illet\u00e9kes hat\u00f3s\u00e1gok (Kist\u00e9rs\u00e9gi N\u00e9peg\u00e9szs\u00e9g\u00fcgyi Int\u00e9zet, K\u00f6rnyezetv\u00e9delmi Fel\u00fcgyel\u0151s\u00e9g, KSH, stb.) r\u00e9sz\u00e9re jogszab\u00e1lyban el\u0151\u00edrt \u00e9ves adatk\u00f6zl\u00e9si k\u00f6telezetts\u00e9gek hat\u00e1rid\u0151re t\u00f6rt\u00e9n\u0151 teljes\u00edt\u00e9s\u00e9t.<\/p>\n<p>A k\u00f6rnyezetv\u00e9delmi szolg\u00e1ltat\u00e1st v\u00e9gz\u0151 szervezetekkel \u00e1lland\u00f3, folyamatos kapcsolatot tartani.<\/p>\n<p>A felmer\u00fcl\u0151 k\u00f6rnyezetv\u00e9delmi probl\u00e9m\u00e1k bejelent\u00e9seit fogadni, r\u00f6gz\u00edteni, ki\u00e9rt\u00e9kelni, elh\u00e1r\u00edtani.<\/p>\n<p>A k\u00f6rnyezetv\u00e9delmi c\u00e9l\u00e1llapotok \u00e9rdek\u00e9ben teend\u0151 ter\u00fcleteket, lehet\u0151s\u00e9geket folyamatosan vizsg\u00e1lni. Adott gazdas\u00e1gi lehet\u0151s\u00e9gek mellett megszervezni a szelekt\u00edv pap\u00edrgy\u0171jt\u00e9st, annak gyakorlati megval\u00f3s\u00edt\u00e1s\u00e1t kidolgozni az Egyetem azon szervezeti egys\u00e9gei egy\u00fcttm\u0171k\u00f6d\u00e9s\u00e9vel, ahol erre ig\u00e9nyek felmer\u00fclnek.<\/p>\n\r\n        [slb_exclude]\r\n        <div class=\"row galeria-wrapper mx-0 h-auto\">\r\n            <div class=\"col-9 pl-0 pr-2\">\r\n            <span class=\"gallery-item frame\">\r\n\t\t\t\t<div class=\"galeria-left-img\"><a href=\"https:\/\/semmelweis.hu\/biztonsag\/files\/2021\/09\/Fenntarthato-kozlekedes-sziv-kep.png\"><img src=https:\/\/semmelweis.hu\/biztonsag\/files\/2021\/09\/Fenntarthato-kozlekedes-sziv-kep.png  \r\n                            alt=\"\" \r\n                            class=\"attachment-sote-gallery-big size-sote-gallery-big\" \r\n                            srcset=\"https:\/\/semmelweis.hu\/biztonsag\/files\/2021\/09\/Fenntarthato-kozlekedes-sziv-kep-300x252.png 300w, https:\/\/semmelweis.hu\/biztonsag\/files\/2021\/09\/Fenntarthato-kozlekedes-sziv-kep.png 582w\" ><\/a><\/div>\r\n            <\/span>\r\n\r\n            <\/div>\r\n\r\n\t\t\t<div class=\"col-3 pl-0 pr-0\">\r\n\t\t\t\t<div class=\"galeria-right-img d-flex justify-content-between flex-column h-100 w-100 px-0 mx-0 \">\r\n                <div class=\"galeria-box\">\r\n\t\t\t\t\t<h3 class=\"galeria-title\">Gal\u00e9ria<\/h3>\r\n\t\t\t\t\t<div class=\"galeria-subtitle\">\r\n\r\n\t\t\t\t\t\t<div class=\"galeria-page-counter\"><span>5<\/span>k\u00e9p<\/div>\r\n                    <\/div> <\/div>\r\n                    <span class=\"gallery-item frame d-none d-md-flex\">\r\n\t\t\t\t\t<div class=\"galeria-small-img mt-0\"><a href=\"https:\/\/semmelweis.hu\/biztonsag\/files\/2019\/01\/Weboldal_KVO_2019_1.jpg\"><img src=https:\/\/semmelweis.hu\/biztonsag\/files\/2019\/01\/Weboldal_KVO_2019_1.jpg \r\n                                alt=\"\"  \r\n                                class=\"attachment-sote-gallery-small size-sote-gallery-small\" \r\n                                srcset=\"https:\/\/semmelweis.hu\/biztonsag\/files\/2019\/01\/Weboldal_KVO_2019_1-300x98.jpg 300w, https:\/\/semmelweis.hu\/biztonsag\/files\/2019\/01\/Weboldal_KVO_2019_1-768x252.jpg 768w, https:\/\/semmelweis.hu\/biztonsag\/files\/2019\/01\/Weboldal_KVO_2019_1-1024x336.jpg 1024w, https:\/\/semmelweis.hu\/biztonsag\/files\/2019\/01\/Weboldal_KVO_2019_1-580x190.jpg 580w, https:\/\/semmelweis.hu\/biztonsag\/files\/2019\/01\/Weboldal_KVO_2019_1.jpg 1280w\" ><\/a><\/div>\r\n                    <\/span>\r\n                    <span class=\"gallery-item frame d-none d-md-flex\">\r\n\t\t\t\t\t<div class=\"galeria-small-img mt-0\"><a href=\"https:\/\/semmelweis.hu\/biztonsag\/files\/2021\/10\/Hulladekmentes_elvitel_kep.png\"><img src=https:\/\/semmelweis.hu\/biztonsag\/files\/2021\/10\/Hulladekmentes_elvitel_kep.png \r\n                                alt=\"\" \r\n                                class=\"attachment-sote-gallery-small size-sote-gallery-small\" \r\n                                srcset=\"https:\/\/semmelweis.hu\/biztonsag\/files\/2021\/10\/Hulladekmentes_elvitel_kep-300x183.png 300w, https:\/\/semmelweis.hu\/biztonsag\/files\/2021\/10\/Hulladekmentes_elvitel_kep-1024x624.png 1024w, https:\/\/semmelweis.hu\/biztonsag\/files\/2021\/10\/Hulladekmentes_elvitel_kep-768x468.png 768w, https:\/\/semmelweis.hu\/biztonsag\/files\/2021\/10\/Hulladekmentes_elvitel_kep-753x459.png 753w, https:\/\/semmelweis.hu\/biztonsag\/files\/2021\/10\/Hulladekmentes_elvitel_kep-620x380.png 620w, https:\/\/semmelweis.hu\/biztonsag\/files\/2021\/10\/Hulladekmentes_elvitel_kep.png 1388w\" ><\/a><\/div>\r\n                    <\/span>\r\n\r\n                <\/div>\r\n\r\n            <\/div>\r\n\r\n            <span class=\"gallery-item\"><div class=\"hidden\"><a href=\"https:\/\/semmelweis.hu\/biztonsag\/files\/2021\/09\/Kovet_Passzold-vissza-Teso_kampany_logo-v3-03-300x300-1.png\">\r\n        <img src=https:\/\/semmelweis.hu\/biztonsag\/files\/2021\/09\/Kovet_Passzold-vissza-Teso_kampany_logo-v3-03-300x300-1.png alt=\"\" class=\"attachment-sote-gallery-big size-sote-gallery-big\" srcset=\"https:\/\/semmelweis.hu\/biztonsag\/files\/2021\/09\/Kovet_Passzold-vissza-Teso_kampany_logo-v3-03-300x300-1.png 300w, https:\/\/semmelweis.hu\/biztonsag\/files\/2021\/09\/Kovet_Passzold-vissza-Teso_kampany_logo-v3-03-300x300-1-150x150.png 150w\" >\r\n        <\/a><\/div><\/span><span class=\"gallery-item\"><div class=\"hidden\"><a href=\"https:\/\/semmelweis.hu\/biztonsag\/files\/2021\/09\/Passzold-vissza-Teso_Hirdetmeny.png\">\r\n        <img src=https:\/\/semmelweis.hu\/biztonsag\/files\/2021\/09\/Passzold-vissza-Teso_Hirdetmeny.png alt=\"\" class=\"attachment-sote-gallery-big size-sote-gallery-big\" srcset=\"https:\/\/semmelweis.hu\/biztonsag\/files\/2021\/09\/Passzold-vissza-Teso_Hirdetmeny-217x300.png 217w, https:\/\/semmelweis.hu\/biztonsag\/files\/2021\/09\/Passzold-vissza-Teso_Hirdetmeny-742x1024.png 742w, https:\/\/semmelweis.hu\/biztonsag\/files\/2021\/09\/Passzold-vissza-Teso_Hirdetmeny-768x1060.png 768w, https:\/\/semmelweis.hu\/biztonsag\/files\/2021\/09\/Passzold-vissza-Teso_Hirdetmeny-1113x1536.png 1113w, https:\/\/semmelweis.hu\/biztonsag\/files\/2021\/09\/Passzold-vissza-Teso_Hirdetmeny-753x1040.png 753w, https:\/\/semmelweis.hu\/biztonsag\/files\/2021\/09\/Passzold-vissza-Teso_Hirdetmeny.png 1282w\" >\r\n        <\/a><\/div><\/span>\r\n            <\/div>\r\n\r\n            [\/slb_exclude]\r\n\t\n","protected":false},"excerpt":{"rendered":"<p>Oszt\u00e1lyvezet\u0151: Horti Zolt\u00e1n A K\u00f6rnyezetv\u00e9delmi oszt\u00e1ly feladatai: Az oszt\u00e1ly f\u0151 feladata ir\u00e1ny\u00edtani, szervezni, koordin\u00e1lni \u00e9s vizsg\u00e1lni az Egyetem k\u00f6rnyezetv\u00e9delmi tev\u00e9kenys\u00e9g\u00e9t, valamint a hullad\u00e9kgazd\u00e1lkod\u00e1st, a v\u00edz- talaj- \u00e9s leveg\u0151tisztas\u00e1g-v\u00e9delm\u00e9t szakmailag ir\u00e1ny\u00edtani . Az Egyetem munkav\u00e1llal\u00f3inak k\u00f6rnyezetv\u00e9delmi \u00e9s ADR (Vesz\u00e9lyes \u00e1ruk sz\u00e1ll\u00edt\u00e1si szab\u00e1lyzat) oktat\u00e1st tartani, ehhez az oktat\u00e1si anyagot \u00f6ssze\u00e1ll\u00edtani majd folyamatosan aktualiz\u00e1lni. \u00d6ssze\u00e1ll\u00edtani, aktualiz\u00e1lni az Egyetem &hellip;<\/p>\n","protected":false},"author":8,"featured_media":0,"parent":5,"menu_order":2,"comment_status":"open","ping_status":"closed","template":"","meta":{"_acf_changed":false,"footnotes":""},"categories":[],"tags":[],"class_list":["post-24","page","type-page","status-publish","hentry"],"acf":[],"_links":{"self":[{"href":"https:\/\/semmelweis.hu\/biztonsag\/wp-json\/wp\/v2\/pages\/24","targetHints":{"allow":["GET"]}}],"collection":[{"href":"https:\/\/semmelweis.hu\/biztonsag\/wp-json\/wp\/v2\/pages"}],"about":[{"href":"https:\/\/semmelweis.hu\/biztonsag\/wp-json\/wp\/v2\/types\/page"}],"author":[{"embeddable":true,"href":"https:\/\/semmelweis.hu\/biztonsag\/wp-json\/wp\/v2\/users\/8"}],"replies":[{"embeddable":true,"href":"https:\/\/semmelweis.hu\/biztonsag\/wp-json\/wp\/v2\/comments?post=24"}],"version-history":[{"count":10,"href":"https:\/\/semmelweis.hu\/biztonsag\/wp-json\/wp\/v2\/pages\/24\/revisions"}],"predecessor-version":[{"id":2180,"href":"https:\/\/semmelweis.hu\/biztonsag\/wp-json\/wp\/v2\/pages\/24\/revisions\/2180"}],"up":[{"embeddable":true,"href":"https:\/\/semmelweis.hu\/biztonsag\/wp-json\/wp\/v2\/pages\/5"}],"wp:attachment":[{"href":"https:\/\/semmelweis.hu\/biztonsag\/wp-json\/wp\/v2\/media?parent=24"}],"wp:term":[{"taxonomy":"category","embeddable":true,"href":"https:\/\/semmelweis.hu\/biztonsag\/wp-json\/wp\/v2\/categories?post=24"},{"taxonomy":"post_tag","embeddable":true,"href":"https:\/\/semmelweis.hu\/biztonsag\/wp-json\/wp\/v2\/tags?post=24"}],"curies":[{"name":"wp","href":"https:\/\/api.w.org\/{rel}","templated":true}]}}