{"id":2078,"date":"2021-12-31T11:19:03","date_gmt":"2021-12-31T10:19:03","guid":{"rendered":"https:\/\/semmelweis.hu\/biztonsag\/?page_id=2078"},"modified":"2022-05-05T12:17:05","modified_gmt":"2022-05-05T10:17:05","slug":"tajakoztato-a-szelektiv-hulladekok-gyujtesi-rendjerol","status":"publish","type":"page","link":"https:\/\/semmelweis.hu\/biztonsag\/tajakoztato-a-szelektiv-hulladekok-gyujtesi-rendjerol\/","title":{"rendered":"T\u00e1j\u00e1koztat\u00f3 a szelekt\u00edv hullad\u00e9kok gy\u0171jt\u00e9si rendj\u00e9r\u0151l"},"content":{"rendered":"<h3 style=\"text-align: center\"><strong>\u00a0<\/strong><strong>T\u00e1j\u00e9koztat\u00f3<\/strong><\/h3>\n<h4 style=\"text-align: center\"><strong>\u00a0<\/strong><strong>A 2022. janu\u00e1r 1-t\u0151l \u00e9rv\u00e9nyes szelekt\u00edv hullad\u00e9kok gy\u0171jt\u00e9si rendj\u00e9r\u0151l<\/strong><\/h4>\n<p style=\"text-align: justify\">A Semmelweis Egyetem telephelyeir\u0151l a Budapesti K\u00f6zm\u0171vek Nonprofit Zrt. FKF Hullad\u00e9kgazd\u00e1lkod\u00e1si Div\u00edzi\u00f3 sz\u00e1ll\u00edtja el a kommun\u00e1lis \u00e9s szelekt\u00edven gy\u0171jt\u00f6tt hullad\u00e9kokat. Az FKF Div\u00edzi\u00f3 szelekt\u00edv hullad\u00e9k gy\u0171jt\u00e9si rendje 2022. janu\u00e1r 1-t\u0151l az al\u00e1bbiak szerint v\u00e1ltozik.<\/p>\n<ul style=\"text-align: justify\">\n<li>A szelekt\u00edv gy\u0171jt\u00e9si rendszerben tiszt\u00e1n pap\u00edr (k\u00e9k sz\u00edn\u0171 tart\u00e1ly), illetve kevert csomagol\u00e1si hullad\u00e9kok (s\u00e1rga sz\u00edn\u0171 tart\u00e1ly) elk\u00fcl\u00f6n\u00edtett gy\u0171jt\u00e9s\u00e9re lesz lehet\u0151s\u00e9g.<\/li>\n<li>A k\u00fcl\u00f6nb\u00f6z\u0151 anyagok r\u00e9tegeib\u0151l \u00e1ll\u00f3 <strong>italoskartonokat <\/strong>(egyes tejterm\u00e9kek, gy\u00fcm\u00f6lcslevek dobozai, pld.: Tetrapak csomagol\u00e1sok) ezent\u00fal nem a k\u00e9k fedel\u0171, hanem a <strong>s\u00e1rga fedel\u0171 tart\u00e1lyban<\/strong>, a kevert csomagol\u00e1si hullad\u00e9kokkal egy\u00fctt kell gy\u0171jteni.<\/li>\n<li><strong>A k\u00e9k fedel\u0171 tart\u00e1lyokban<\/strong> ezent\u00fal kiz\u00e1r\u00f3lag <strong>tiszta pap\u00edrhullad\u00e9k<\/strong> gy\u0171jthet\u0151.<\/li>\n<li>A s\u00e1rga fedel\u0171 tart\u00e1lyokba pedig kevert csomagol\u00e1si hullad\u00e9kot (pl. m\u0171anyag \u00e9s f\u00e9m csomagol\u00e1si hullad\u00e9k, \u00f6sszelap\u00edtott italos kartondoboz, PET-palack \u00e9s f\u00e9m italosdoboz, m\u0171anyagzacsk\u00f3 stb.) helyezhet\u0151. Fontos tov\u00e1bb\u00e1, hogy a s\u00e1rga fedel\u0171 tart\u00e1lyban kiz\u00e1r\u00f3lag csomagol\u00e1si anyag gy\u0171jthet\u0151, teh\u00e1t NE helyezzenek bele egy\u00e9b m\u0171anyagot \u00e9s f\u00e9m haszn\u00e1lati t\u00e1rgyakat.<\/li>\n<\/ul>\n<p style=\"text-align: justify\">A kartondobozok, flakonok, italos kartondobozok, PET-palackok \u00e9s f\u00e9m italosdobozok eset\u00e9ben tov\u00e1bbra is fontos, hogy azokat \u00f6sszenyomva, lap\u00edtva helyezz\u00e9k a gy\u0171jt\u0151tart\u00e1lyokba, hogy min\u00e9l kevesebb helyet foglaljanak. K\u00e9rem az egyetemi polg\u00e1rokat, hogy a szelekt\u00edv tart\u00e1lyokba NE dobjanak \u00e9lelmiszer-maradv\u00e1nyokat \u00e9s egy\u00e9b szennyez\u0151d\u00e9seket tartalmaz\u00f3 (pl.: olaj, zs\u00edr, old\u00f3szer) csomagol\u00f3anyagokat, haszn\u00e1lt pap\u00edrzsebkend\u0151t, szalv\u00e9t\u00e1kat.<\/p>\n<p style=\"text-align: justify\">Az FKF Div\u00edzi\u00f3 r\u00e9szletes t\u00e1j\u00e9koztat\u00f3ja az al\u00e1bbi linken \u00e9rhet\u0151 el.<\/p>\n<p style=\"text-align: justify\"><a href=\"https:\/\/www.fkf.hu\/hirek\/ujabb-lepest-tettunk-korforgasos-gazdasag-fele-januartol-sargafedelu-szelektiv-kukaban-kell-gyujteni-az-italoskartont\">https:\/\/www.fkf.hu\/hirek\/ujabb-lepest-tettunk-korforgasos-gazdasag-fele-januartol-sargafedelu-szelektiv-kukaban-kell-gyujteni-az-italoskartont<\/a><\/p>\n<p style=\"text-align: justify\">\u00a0<\/p>\n<p style=\"text-align: justify\">A hat\u00e9konyabb hullad\u00e9kkezel\u00e9s \u00e9rdek\u00e9ben k\u00e9rem sz\u00edves egy\u00fcttm\u0171k\u00f6d\u00e9s\u00fcket!<\/p>\n<p>&nbsp;<\/p>\n<ol start=\"2021\">\n<li>december 29.<\/li>\n<\/ol>\n<p style=\"text-align: center\"><strong>Simon M\u00e1ty\u00e1s<\/strong><br \/>\nigazgat\u00f3<\/p>\n","protected":false},"excerpt":{"rendered":"<p>\u00a0T\u00e1j\u00e9koztat\u00f3 \u00a0A 2022. janu\u00e1r 1-t\u0151l \u00e9rv\u00e9nyes szelekt\u00edv hullad\u00e9kok gy\u0171jt\u00e9si rendj\u00e9r\u0151l A Semmelweis Egyetem telephelyeir\u0151l a Budapesti K\u00f6zm\u0171vek Nonprofit Zrt. FKF Hullad\u00e9kgazd\u00e1lkod\u00e1si Div\u00edzi\u00f3 sz\u00e1ll\u00edtja el a kommun\u00e1lis \u00e9s szelekt\u00edven gy\u0171jt\u00f6tt hullad\u00e9kokat. Az FKF Div\u00edzi\u00f3 szelekt\u00edv hullad\u00e9k gy\u0171jt\u00e9si rendje 2022. janu\u00e1r 1-t\u0151l az al\u00e1bbiak szerint v\u00e1ltozik. A szelekt\u00edv gy\u0171jt\u00e9si rendszerben tiszt\u00e1n pap\u00edr (k\u00e9k sz\u00edn\u0171 tart\u00e1ly), illetve kevert &hellip;<\/p>\n","protected":false},"author":288,"featured_media":0,"parent":0,"menu_order":0,"comment_status":"closed","ping_status":"closed","template":"","meta":{"_acf_changed":false,"footnotes":""},"categories":[11],"tags":[],"class_list":["post-2078","page","type-page","status-publish","hentry","category-biztonsagtechnikai-igazgatosag"],"acf":[],"_links":{"self":[{"href":"https:\/\/semmelweis.hu\/biztonsag\/wp-json\/wp\/v2\/pages\/2078","targetHints":{"allow":["GET"]}}],"collection":[{"href":"https:\/\/semmelweis.hu\/biztonsag\/wp-json\/wp\/v2\/pages"}],"about":[{"href":"https:\/\/semmelweis.hu\/biztonsag\/wp-json\/wp\/v2\/types\/page"}],"author":[{"embeddable":true,"href":"https:\/\/semmelweis.hu\/biztonsag\/wp-json\/wp\/v2\/users\/288"}],"replies":[{"embeddable":true,"href":"https:\/\/semmelweis.hu\/biztonsag\/wp-json\/wp\/v2\/comments?post=2078"}],"version-history":[{"count":4,"href":"https:\/\/semmelweis.hu\/biztonsag\/wp-json\/wp\/v2\/pages\/2078\/revisions"}],"predecessor-version":[{"id":2085,"href":"https:\/\/semmelweis.hu\/biztonsag\/wp-json\/wp\/v2\/pages\/2078\/revisions\/2085"}],"wp:attachment":[{"href":"https:\/\/semmelweis.hu\/biztonsag\/wp-json\/wp\/v2\/media?parent=2078"}],"wp:term":[{"taxonomy":"category","embeddable":true,"href":"https:\/\/semmelweis.hu\/biztonsag\/wp-json\/wp\/v2\/categories?post=2078"},{"taxonomy":"post_tag","embeddable":true,"href":"https:\/\/semmelweis.hu\/biztonsag\/wp-json\/wp\/v2\/tags?post=2078"}],"curies":[{"name":"wp","href":"https:\/\/api.w.org\/{rel}","templated":true}]}}