{"id":1682,"date":"2021-01-11T23:58:48","date_gmt":"2021-01-11T22:58:48","guid":{"rendered":"https:\/\/semmelweis.hu\/biztonsag\/?page_id=1682"},"modified":"2021-01-12T00:20:24","modified_gmt":"2021-01-11T23:20:24","slug":"kotelezo-eves-adr-kornyezet-tuz-munka-es-polgari-vedelmi-oktatas","status":"publish","type":"page","link":"https:\/\/semmelweis.hu\/biztonsag\/kotelezo-eves-adr-kornyezet-tuz-munka-es-polgari-vedelmi-oktatas\/","title":{"rendered":"K\u00f6telez\u0151 \u00e9ves ADR, k\u00f6rnyezet-, t\u0171z-, munka- \u00e9s polg\u00e1ri v\u00e9delmi oktat\u00e1s"},"content":{"rendered":"<p style=\"text-align: center\"><strong>T\u00c1J\u00c9KOZTAT\u00d3<br \/>\n<\/strong><strong>Valamennyi szervezeti egys\u00e9g vezet\u0151je r\u00e9sz\u00e9re<\/strong><\/p>\n<p><strong>Tisztelt Szervezeti Egys\u00e9g Vezet\u0151 Asszony\/\u00dar!<\/strong><\/p>\n<p style=\"text-align: justify\">T\u00e1j\u00e9koztatom, hogy a Vesz\u00e9lyes \u00c1ruk Nemzetk\u00f6zi K\u00f6z\u00fati Sz\u00e1ll\u00edt\u00e1s\u00e1r\u00f3l sz\u00f3l\u00f3 Eur\u00f3pai Meg\u00e1llapod\u00e1s, valamint az Egyetem K\/26\/2020. (VIII.03.) sz\u00e1m\u00fa K\u00f6rnyezetv\u00e9delmi Szab\u00e1lyzata \u00e1ltal el\u0151\u00edrt<strong> k\u00f6telez\u0151, dokument\u00e1lt, ismeretfel\u00faj\u00edt\u00f3 ADR oktat\u00e1s megtart\u00e1sa<\/strong> sz\u00fcks\u00e9ges az Egyetem vesz\u00e9lyes \u00e1ru- \u00e9s vesz\u00e9lyes hullad\u00e9ksz\u00e1ll\u00edt\u00e1ssal \u00e9rintett szervezeti egys\u00e9geiben dolgoz\u00f3 munkat\u00e1rsak r\u00e9sz\u00e9re. Az ADR oktat\u00e1ssal egybek\u00f6tve megtart\u00e1sra ker\u00fclhet a 1996. \u00e9vi XXXI. t\u00f6rv\u00e9ny \u00e9s az Egyetem K\/22\/2020. (VIII.03.) sz\u00e1m\u00fa T\u0171zv\u00e9delmi Szab\u00e1lyzata alapj\u00e1n k\u00f6telez\u0151en el\u0151\u00edrt ism\u00e9tl\u0151d\u0151 t\u0171zv\u00e9delmi oktat\u00e1s \u00e9s a \u00a0\u00a01993. \u00e9vi XCIII. t\u00f6rv\u00e9ny \u00e9s az Egyetem K\/18\/2020. (VIII.03.) sz\u00e1m\u00fa Munkav\u00e9delmi Szab\u00e1lyzata alapj\u00e1n k\u00f6telez\u0151en el\u0151\u00edrt ism\u00e9tl\u0151d\u0151 munkav\u00e9delmi oktat\u00e1s is. Az oktat\u00e1sok hat\u00e9konyabb lebonyol\u00edt\u00e1sa \u00e9rdek\u00e9ben a Biztons\u00e1gtechnikai Igazgat\u00f3s\u00e1g a mell\u00e9kelt \u00e9ves oktat\u00e1si \u00fctemtervet k\u00e9sz\u00edtette.<\/p>\n<p style=\"text-align: justify\">Az \u00e9ves ism\u00e9tl\u0151 oktat\u00e1s megtart\u00e1s\u00e1ra a jelenlegi j\u00e1rv\u00e1nyhelyzet miatt 3 f\u00e9le oktat\u00e1si forma k\u00f6z\u00fcl lehet v\u00e1lasztani.<\/p>\n<p style=\"text-align: justify\">Az oktat\u00e1shoz melynek id\u0151tartama kb. 80 perc, az oktat\u00e1si form\u00e1t\u00f3l f\u00fcgg\u0151en a k\u00f6vetkez\u0151ket k\u00e9rem sz\u00edveskedjen biztos\u00edtani:<\/p>\n<ol style=\"text-align: justify\">\n<li><strong>Szem\u00e9lyes oktat\u00e1s eset\u00e9n:<\/strong><\/li>\n<\/ol>\n<ul style=\"text-align: justify\">\n<li>oktat\u00e1si helysz\u00edn (tanterem, egy\u00e9b terem),<\/li>\n<li>oktat\u00e1si seg\u00e9deszk\u00f6z (projektor, sz\u00e1m\u00edt\u00f3g\u00e9p\/laptop),<\/li>\n<li>valamint az \u00e9rintett munkav\u00e1llal\u00f3k \u00e9rtes\u00edt\u00e9se, r\u00e9szv\u00e9tel\u00fck biztos\u00edt\u00e1sa.<\/li>\n<\/ul>\n<p style=\"text-align: justify\">A j\u00e1rv\u00e1nyhelyzet miatt a szem\u00e9lyes oktat\u00e1sokat az al\u00e1bbi felt\u00e9telekkel lehet megtartani:<\/p>\n<ul style=\"text-align: justify\">\n<li>Az oktat\u00f3termekben a munkav\u00e1llal\u00f3k egym\u00e1st\u00f3l \u00e9s az oktat\u00f3t\u00f3l 1,5 m-es t\u00e1vols\u00e1g megtart\u00e1s\u00e1val foglaljanak helyet a teremben,<\/li>\n<li>Gondoskodni kell a sz\u00e1j \u00e9s az orr eltakar\u00e1s\u00e1r\u00f3l, maszk visel\u00e9se a hallgat\u00f3s\u00e1g sz\u00e1m\u00e1ra k\u00f6telez\u0151,<\/li>\n<li>Hat\u00e9kony l\u00e9gcser\u00e9t kell biztos\u00edtani (ablakok, ajt\u00f3k lehet\u0151s\u00e9g szerint nyitott \u00e1llapotban legyenek),<\/li>\n<li>Biztos\u00edtani kell a k\u00e9zfert\u0151tlen\u00edt\u00e9s lehet\u0151s\u00e9g\u00e9t \u2013 a teremben (alkoholos) k\u00e9zfert\u0151tlen\u00edt\u0151 kihelyez\u00e9s\u00e9vel,<\/li>\n<li>Amely munkav\u00e1llal\u00f3 l\u00e9g\u00fati megbeteged\u00e9sre utal\u00f3 jeleket tapasztal, nehezebben kap leveg\u0151t a szok\u00e1sosn\u00e1l, vagy felsz\u00f6kik a l\u00e1za, sz\u00e1raz k\u00f6h\u00f6g\u00e9s gy\u00f6tri, ne jelenjen meg az oktat\u00e1son,<\/li>\n<li>Az oktat\u00f3termekben l\u00e9v\u0151 fel\u00fcleteket az oktat\u00e1st megel\u0151z\u0151en, majd azt k\u00f6vet\u0151en \u00e1t kell t\u00f6r\u00f6lni fert\u0151tlen\u00edt\u0151 hat\u00e1s\u00fa tiszt\u00edt\u00f3szerrel.<\/li>\n<\/ul>\n<ol style=\"text-align: justify\" start=\"2\">\n<li><strong>ZOOM oktat\u00e1s<\/strong><\/li>\n<\/ol>\n<p style=\"text-align: justify\">Amennyiben a szem\u00e9lyes oktat\u00e1s felt\u00e9telei nem biztos\u00edthat\u00f3k, lehet\u0151s\u00e9g van online, ZOOM program seg\u00edts\u00e9g\u00e9vel megtartani az oktat\u00e1st. A ZOOM-meetingben t\u00f6rt\u00e9n\u0151 r\u00e9szv\u00e9telhez sz\u00fcks\u00e9ges az alkalmaz\u00e1s let\u00f6lt\u00e9se lehet\u0151leg kamer\u00e1val rendelkez\u0151 okos eszk\u00f6zre vagy PC-re.<\/p>\n<ol style=\"text-align: justify\" start=\"3\">\n<li><strong>Hibrid oktat\u00e1s<\/strong><\/li>\n<\/ol>\n<p style=\"text-align: justify\">Amennyiben nem megoldhat\u00f3 minden munkav\u00e1llal\u00f3 r\u00e9sz\u00e9r\u0151l az online oktat\u00e1si forma, \u00fagy lehet\u0151s\u00e9g van hibrid oktat\u00e1s megtart\u00e1s\u00e1ra. Ez azt jelenti, hogy a munkav\u00e1llal\u00f3k egy r\u00e9sze online, ZOOM program seg\u00edts\u00e9g\u00e9vel hallgatja az oktat\u00e1st, egy r\u00e9sze pedig \u00e9l\u0151ben, el\u0151re egyeztetett oktat\u00e1si helysz\u00ednen a j\u00e1rv\u00e1nyhelyzet miatt bevezetett szab\u00e1lyoz\u00e1sok betart\u00e1s\u00e1val.<\/p>\n<p style=\"text-align: justify\"><strong>Az oktat\u00e1sr\u00f3l dokument\u00e1ci\u00f3 k\u00e9sz\u00fcl, amit a hat\u00f3s\u00e1gi ellen\u0151rz\u00e9s sor\u00e1n az ellen\u0151rz\u00e9st v\u00e9gz\u0151k bemutat\u00e1sra k\u00e9rnek, hi\u00e1nya eset\u00e9n t\u00f6bb sz\u00e1zezer forintig terjed\u0151en b\u00edrs\u00e1golhatnak.<\/strong><\/p>\n<p style=\"text-align: justify\"><strong>\u00a0<\/strong>Az el\u0151\u00edrt oktat\u00e1si k\u00f6telezetts\u00e9g teljes\u00edt\u00e9se \u00e9rdek\u00e9ben k\u00e9rem sz\u00edves egy\u00fcttm\u0171k\u00f6d\u00e9s\u00e9t<strong>. <\/strong>Amennyiben az oktat\u00e1sokkal, valamint a kijel\u00f6lt id\u0151ponttal kapcsolatban tov\u00e1bbi \u00e9szrev\u00e9tele van, k\u00e9rem forduljon e lev\u00e9l el\u0151ad\u00f3jak\u00e9nt megjel\u00f6lt munkat\u00e1rsam fel\u00e9.<\/p>\n<p style=\"text-align: justify\">\u00a0<\/p>\n<p style=\"text-align: justify\">Budapest, 2021. janu\u00e1r 11.<\/p>\n<p style=\"text-align: center\"><strong>Simon M\u00e1ty\u00e1s<br \/>\n<\/strong>igazgat\u00f3<\/p>\n<p style=\"text-align: center\"><span style=\"font-size: 18pt\"><em><strong>\u00c9ves oktat\u00e1si \u00fctemterv<\/strong><\/em><\/span><\/p>\n<p><span style=\"font-size: 18pt\"><em><strong>\u00a0<\/strong><\/em><\/span><\/p>\n<table class=\" aligncenter\" style=\"width: 100%\" width=\"100%\" cellspacing=\"0\">\n<tbody>\n<tr>\n<td style=\"width: 99.8194%\" colspan=\"2\" width=\"558\">\n<p style=\"text-align: center\"><strong>2021. \u00e9v<\/strong><\/p>\n<\/td>\n<\/tr>\n<tr>\n<td style=\"width: 99.8194%\" colspan=\"2\" width=\"558\">\n<p><strong><u>Munka-, t\u0171z-, polg\u00e1ri v\u00e9delmi, k\u00f6rnyezetv\u00e9delmi- \u00e9s ADR <\/u><\/strong><strong style=\"font-family: inherit;font-size: inherit\"><u>oktat\u00e1sok \u00fctemterve<\/u><\/strong><\/p>\n<\/td>\n<\/tr>\n<tr>\n<td style=\"width: 18.231%\" width=\"88\">\n<p><strong>Id\u0151pont<\/strong><\/p>\n<\/td>\n<td style=\"width: 81.5884%\" width=\"470\">\n<p><strong>Szervezeti egys\u00e9g megnevez\u00e9se<\/strong><\/p>\n<\/td>\n<\/tr>\n<tr>\n<td style=\"width: 18.231%\" rowspan=\"8\" width=\"88\">\n<p><strong>janu\u00e1r<\/strong><\/p>\n<\/td>\n<td style=\"width: 81.5884%\" width=\"470\">\n<p>V\u00e1rosmajori Klinikai T\u00f6mb<\/p>\n<\/td>\n<\/tr>\n<tr>\n<td style=\"width: 81.5884%\" width=\"470\">\n<p>Aneszteziol\u00f3giai \u00e9s Intenz\u00edv Ter\u00e1pi\u00e1s Klinika<\/p>\n<\/td>\n<\/tr>\n<tr>\n<td style=\"width: 81.5884%\" width=\"470\">\n<p>Sz\u00fcl\u00e9szeti \u00e9s N\u0151gy\u00f3gy\u00e1szati Klinika Baross utcai R\u00e9szleg<\/p>\n<\/td>\n<\/tr>\n<tr>\n<td style=\"width: 81.5884%\" width=\"470\">\n<p>EOK Biok\u00e9miai Tansz\u00e9k<\/p>\n<\/td>\n<\/tr>\n<tr>\n<td style=\"width: 81.5884%\" width=\"470\">\n<p>EOK Biofizikai \u00e9s Sug\u00e1rbiol\u00f3giai Int\u00e9zet<\/p>\n<\/td>\n<\/tr>\n<tr>\n<td style=\"width: 81.5884%\" width=\"470\">\n<p>I. sz. Patol\u00f3giai \u00e9s K\u00eds\u00e9rleti R\u00e1kkutat\u00f3 Int\u00e9zet<\/p>\n<\/td>\n<\/tr>\n<tr>\n<td style=\"width: 81.5884%\" width=\"470\">\n<p>Testnevel\u00e9si \u00e9s Sportk\u00f6zpont<\/p>\n<\/td>\n<\/tr>\n<tr>\n<td style=\"width: 81.5884%\" width=\"470\">\n<p>L\u00e9tes\u00edtm\u00e9nyfejleszt\u00e9si \u00e9s \u2013\u00fczemeltet\u00e9si Igazgat\u00f3s\u00e1g<\/p>\n<\/td>\n<\/tr>\n<tr>\n<td style=\"width: 18.231%\" rowspan=\"6\" width=\"88\">\n<p><strong>febru\u00e1r<\/strong><\/p>\n<\/td>\n<td style=\"width: 81.5884%\" width=\"470\">\n<p>I. sz. Seb\u00e9szeti \u00e9s Intervenci\u00f3s Gasztroenterol\u00f3giai Klinika<\/p>\n<\/td>\n<\/tr>\n<tr>\n<td style=\"width: 81.5884%\" width=\"470\">\n<p>H\u0151gyes T\u00f6mb int\u00e9zetei<\/p>\n<\/td>\n<\/tr>\n<tr>\n<td style=\"width: 81.5884%\" width=\"470\">\n<p>Sz\u00fcl\u00e9szeti \u00e9s N\u0151gy\u00f3gy\u00e1szati Klinika \u00dcll\u0151i \u00fati R\u00e9szleg<\/p>\n<\/td>\n<\/tr>\n<tr>\n<td style=\"width: 81.5884%\" width=\"470\">\n<p>II. Patol\u00f3giai Int\u00e9zet<\/p>\n<\/td>\n<\/tr>\n<tr>\n<td style=\"width: 81.5884%\" width=\"470\">\n<p>Emberier\u0151forr\u00e1s-gazd\u00e1lkod\u00e1si F\u0151igazgat\u00f3s\u00e1g<\/p>\n<\/td>\n<\/tr>\n<tr>\n<td style=\"width: 81.5884%\" width=\"470\">\n<p>Belgy\u00f3gy\u00e1szati \u00e9s Hematol\u00f3giai Klinika<\/p>\n<\/td>\n<\/tr>\n<tr>\n<td style=\"width: 18.231%\" rowspan=\"6\" width=\"88\">\n<p><strong>m\u00e1rcius<\/strong><\/p>\n<\/td>\n<td style=\"width: 81.5884%\" width=\"470\">\n<p>Farmakogn\u00f3ziai Int\u00e9zet<\/p>\n<\/td>\n<\/tr>\n<tr>\n<td style=\"width: 81.5884%\" width=\"470\">\n<p>Onkol\u00f3giai R\u00e9szleg<\/p>\n<\/td>\n<\/tr>\n<tr>\n<td style=\"width: 81.5884%\" width=\"470\">\n<p>Anat\u00f3miai, Sz\u00f6vet-, \u00e9s Fejl\u0151d\u00e9stani Int\u00e9zet<\/p>\n<\/td>\n<\/tr>\n<tr>\n<td style=\"width: 81.5884%\" width=\"470\">\n<p>Transzplant\u00e1ci\u00f3s \u00e9s Seb\u00e9szeti Klinika<\/p>\n<\/td>\n<\/tr>\n<tr>\n<td style=\"width: 81.5884%\" width=\"470\">\n<p>Eg\u00e9szs\u00e9gtudom\u00e1nyi Kar<\/p>\n<\/td>\n<\/tr>\n<tr>\n<td style=\"width: 81.5884%\" width=\"470\">\n<p>B\u0151r-, Nemik\u00f3rtani \u00e9s B\u0151ronkol\u00f3giai Klinika<\/p>\n<\/td>\n<\/tr>\n<tr>\n<td style=\"width: 18.231%\" rowspan=\"7\" width=\"88\">\n<p><strong>\u00e1prilis<\/strong><\/p>\n<\/td>\n<td style=\"width: 81.5884%\" width=\"470\">\n<p>Szem\u00e9szeti Klinika<\/p>\n<\/td>\n<\/tr>\n<tr>\n<td style=\"width: 81.5884%\" width=\"470\">\n<p>F\u00fcl-Orr-G\u00e9g\u00e9szeti \u00e9s Fej-Nyakseb\u00e9szeti Klinika<\/p>\n<\/td>\n<\/tr>\n<tr>\n<td style=\"width: 81.5884%\" width=\"470\">\n<p>Laborat\u00f3riumi Medicina Int\u00e9zet<\/p>\n<\/td>\n<\/tr>\n<tr>\n<td style=\"width: 81.5884%\" width=\"470\">\n<p>Urol\u00f3giai Klinika<\/p>\n<\/td>\n<\/tr>\n<tr>\n<td style=\"width: 81.5884%\" width=\"470\">\n<p>Pulmonol\u00f3giai Klinika<\/p>\n<\/td>\n<\/tr>\n<tr>\n<td style=\"width: 81.5884%\" width=\"470\">\n<p>Nagyv\u00e1rad t\u00e9ri Elm\u00e9leti T\u00f6mb int\u00e9zetei + Herceghalom<\/p>\n<\/td>\n<\/tr>\n<tr>\n<td style=\"width: 81.5884%\" width=\"470\">\n<p>Belgy\u00f3gy\u00e1szati \u00e9s Onkol\u00f3giai Klinika<\/p>\n<\/td>\n<\/tr>\n<tr>\n<td style=\"width: 18.231%\" rowspan=\"6\" width=\"88\">\n<p><strong>m\u00e1jus<\/strong><\/p>\n<\/td>\n<td style=\"width: 81.5884%\" width=\"470\">\n<p>II.\u00a0\u00a0\u00a0 Sz. Seb\u00e9szeti Klinika<\/p>\n<\/td>\n<\/tr>\n<tr>\n<td style=\"width: 81.5884%\" width=\"470\">\n<p>EOK Molekul\u00e1ris Biol\u00f3giai Tansz\u00e9k<\/p>\n<\/td>\n<\/tr>\n<tr>\n<td style=\"width: 81.5884%\" width=\"470\">\n<p>EOK Transzl\u00e1ci\u00f3s Medicina Int\u00e9zet<\/p>\n<\/td>\n<\/tr>\n<tr>\n<td style=\"width: 81.5884%\" width=\"470\">\n<p>EOK \u00c9lettani Int\u00e9zet<\/p>\n<\/td>\n<\/tr>\n<tr>\n<td style=\"width: 81.5884%\" width=\"470\">\n<p>EOK \u00c1llath\u00e1z<\/p>\n<\/td>\n<\/tr>\n<tr>\n<td style=\"width: 81.5884%\" width=\"470\">\n<p>\u00d6sszevont Elm\u00e9leti T\u00f6mbigazgat\u00f3s\u00e1g (EOK)<\/p>\n<\/td>\n<\/tr>\n<tr>\n<td style=\"width: 18.231%\" rowspan=\"5\" width=\"88\">\n<p><strong>j\u00fanius<\/strong><\/p>\n<\/td>\n<td style=\"width: 81.5884%\" width=\"470\">\n<p>Neurol\u00f3giai Klinika<\/p>\n<\/td>\n<\/tr>\n<tr>\n<td style=\"width: 81.5884%\" width=\"470\">\n<p>Biztons\u00e1gtechnikai Igazgat\u00f3s\u00e1g<\/p>\n<\/td>\n<\/tr>\n<tr>\n<td style=\"width: 81.5884%\" width=\"470\">\n<p>Fogorvostudom\u00e1nyi Kar Oktat\u00e1si Centrum int\u00e9zetei<\/p>\n<\/td>\n<\/tr>\n<tr>\n<td style=\"width: 81.5884%\" width=\"470\">\n<p>S\u00fcrg\u0151ss\u00e9gi Betegell\u00e1t\u00f3 Oszt\u00e1ly<\/p>\n<\/td>\n<\/tr>\n<tr>\n<td style=\"width: 81.5884%\" width=\"470\">\n<p>Szent R\u00f3kus K\u00f3rh\u00e1z int\u00e9zetei<\/p>\n<\/td>\n<\/tr>\n<tr>\n<td style=\"width: 18.231%\" width=\"88\">\n<p><strong>j\u00falius<\/strong><\/p>\n<\/td>\n<td style=\"width: 81.5884%\" width=\"470\">\n<p>&#8211;<\/p>\n<\/td>\n<\/tr>\n<tr>\n<td style=\"width: 18.231%\" rowspan=\"5\" width=\"88\">\n<p><strong>augusztus<\/strong><\/p>\n<\/td>\n<td style=\"width: 81.5884%\" width=\"470\">\n<p>K\u00f6zponti \u00e9s Elfekv\u0151 Rakt\u00e1r<\/p>\n<\/td>\n<\/tr>\n<tr>\n<td style=\"width: 81.5884%\" width=\"470\">\n<p>Semmelweis Ign\u00e1c Szakk\u00e9pz\u0151 Iskola<\/p>\n<\/td>\n<\/tr>\n<tr>\n<td style=\"width: 81.5884%\" width=\"470\">\n<p>B\u00f3kay J\u00e1nos Szakgimn\u00e1zium<\/p>\n<\/td>\n<\/tr>\n<tr>\n<td style=\"width: 81.5884%\" width=\"470\">\n<p>Raoul Wallenberg Szakgimn\u00e1zium \u00e9s Szakk\u00f6z\u00e9piskola<\/p>\n<\/td>\n<\/tr>\n<tr>\n<td style=\"width: 81.5884%\" width=\"470\">\n<p>Salg\u00f3tarj\u00e1ni SZC Kanizsai Dorottya Szakgimn\u00e1zium<\/p>\n<\/td>\n<\/tr>\n<tr>\n<td style=\"width: 18.231%\" rowspan=\"6\" width=\"88\">\n<p><strong>szeptember<\/strong><\/p>\n<\/td>\n<td style=\"width: 81.5884%\" width=\"470\">\n<p>Ellen\u0151rz\u00e9si Igazgat\u00f3s\u00e1g<\/p>\n<\/td>\n<\/tr>\n<tr>\n<td style=\"width: 81.5884%\" width=\"470\">\n<p>Szolg\u00e1ltat\u00e1si Igazgat\u00f3s\u00e1g<\/p>\n<\/td>\n<\/tr>\n<tr>\n<td style=\"width: 81.5884%\" width=\"470\">\n<p>Pszichi\u00e1triai \u00e9s Pszichoter\u00e1pi\u00e1s Klinika<\/p>\n<\/td>\n<\/tr>\n<tr>\n<td style=\"width: 81.5884%\" width=\"470\">\n<p>II. Gyermekgy\u00f3gy\u00e1szati Klinika<\/p>\n<\/td>\n<\/tr>\n<tr>\n<td style=\"width: 81.5884%\" width=\"470\">\n<p>Fog\u00e1szati \u00e9s Sz\u00e1jseb\u00e9szeti Oktat\u00f3 Int\u00e9zet<\/p>\n<\/td>\n<\/tr>\n<tr>\n<td style=\"width: 81.5884%\" width=\"470\">\n<p>Pet\u0151 Andr\u00e1s Kar<\/p>\n<\/td>\n<\/tr>\n<tr>\n<td style=\"width: 18.231%\" rowspan=\"3\" width=\"88\">\n<p><strong>okt\u00f3ber<\/strong><\/p>\n<\/td>\n<td style=\"width: 81.5884%\" width=\"470\">\n<p>Ortop\u00e9diai Klinika<\/p>\n<\/td>\n<\/tr>\n<tr>\n<td style=\"width: 81.5884%\" width=\"470\">\n<p>Orvosi K\u00e9palkot\u00f3 Klinika<\/p>\n<\/td>\n<\/tr>\n<tr>\n<td style=\"width: 81.5884%\" width=\"470\">\n<p>Arc-\u00c1llcsont-Fog\u00e1szati \u00e9s Sz\u00e1jseb\u00e9szeti Klinika<\/p>\n<\/td>\n<\/tr>\n<tr>\n<td style=\"width: 18.231%\" rowspan=\"5\" width=\"88\">\n<p><strong>november<\/strong><\/p>\n<\/td>\n<td style=\"width: 81.5884%\" width=\"470\">\n<p>I.sz. Gyermekgy\u00f3gy\u00e1szati Klinika<\/p>\n<\/td>\n<\/tr>\n<tr>\n<td style=\"width: 81.5884%\" width=\"470\">\n<p>Genomikai Medicina \u00e9s Ritka Betegs\u00e9gek Int\u00e9zete<\/p>\n<\/td>\n<\/tr>\n<tr>\n<td style=\"width: 81.5884%\" width=\"470\">\n<p>Igazs\u00e1g\u00fcgyi \u00e9s Biztos\u00edt\u00e1s-Orvostani Int\u00e9zet<\/p>\n<\/td>\n<\/tr>\n<tr>\n<td style=\"width: 81.5884%\" width=\"470\">\n<p>Koll\u00e9giumok Igazgat\u00f3s\u00e1ga<\/p>\n<\/td>\n<\/tr>\n<tr>\n<td style=\"width: 81.5884%\" width=\"470\">\n<p>K\u00f6zponti Igazgat\u00e1si \u00c9p\u00fclet<\/p>\n<\/td>\n<\/tr>\n<tr>\n<td style=\"width: 18.231%\" width=\"88\">\n<p><strong>december<\/strong><\/p>\n<\/td>\n<td style=\"width: 81.5884%\" width=\"470\">\n<p>&#8211;<\/p>\n<\/td>\n<\/tr>\n<\/tbody>\n<\/table>\n<p><strong>\u00a0<\/strong><\/p>\n<p style=\"text-align: justify\"><strong>Megjegyz\u00e9s: <\/strong>A munka \u00e9s t\u0171zv\u00e9delmi oktat\u00e1s megtart\u00e1sa valamennyi szervezeti egys\u00e9g sz\u00e1m\u00e1ra k\u00f6telez\u0151. Amennyiben nem szerepel valamelyik szervezeti egys\u00e9g a list\u00e1ban, vegy\u00e9k fel a kapcsolatot <strong>M\u00e1rkus Klaudia<\/strong> k\u00f6rnyezetv\u00e9dselmi el\u0151ad\u00f3 (e-mail: markus.klaudia@semmelweis-univ.hu; mobil: +36 20 663 2916) munkat\u00e1rsammal.<\/p>\n<p>&nbsp;<\/p>\n<p><a href=\"https:\/\/semmelweis.hu\/biztonsag\/files\/2021\/01\/tajekoztatas_kotelezo-eves-adr_kornyezet_tuz_munka-es-polgari-vedelmi-oktatasrol.pdf\">Eredeti dokumentum let\u00f6lt\u00e9se.<\/a><\/p>\n","protected":false},"excerpt":{"rendered":"<p>T\u00c1J\u00c9KOZTAT\u00d3 Valamennyi szervezeti egys\u00e9g vezet\u0151je r\u00e9sz\u00e9re Tisztelt Szervezeti Egys\u00e9g Vezet\u0151 Asszony\/\u00dar! T\u00e1j\u00e9koztatom, hogy a Vesz\u00e9lyes \u00c1ruk Nemzetk\u00f6zi K\u00f6z\u00fati Sz\u00e1ll\u00edt\u00e1s\u00e1r\u00f3l sz\u00f3l\u00f3 Eur\u00f3pai Meg\u00e1llapod\u00e1s, valamint az Egyetem K\/26\/2020. (VIII.03.) sz\u00e1m\u00fa K\u00f6rnyezetv\u00e9delmi Szab\u00e1lyzata \u00e1ltal el\u0151\u00edrt k\u00f6telez\u0151, dokument\u00e1lt, ismeretfel\u00faj\u00edt\u00f3 ADR oktat\u00e1s megtart\u00e1sa sz\u00fcks\u00e9ges az Egyetem vesz\u00e9lyes \u00e1ru- \u00e9s vesz\u00e9lyes hullad\u00e9ksz\u00e1ll\u00edt\u00e1ssal \u00e9rintett szervezeti egys\u00e9geiben dolgoz\u00f3 munkat\u00e1rsak r\u00e9sz\u00e9re. Az ADR oktat\u00e1ssal &hellip;<\/p>\n","protected":false},"author":288,"featured_media":0,"parent":0,"menu_order":0,"comment_status":"closed","ping_status":"closed","template":"","meta":{"_acf_changed":false,"footnotes":""},"categories":[],"tags":[],"class_list":["post-1682","page","type-page","status-publish","hentry"],"acf":[],"_links":{"self":[{"href":"https:\/\/semmelweis.hu\/biztonsag\/wp-json\/wp\/v2\/pages\/1682","targetHints":{"allow":["GET"]}}],"collection":[{"href":"https:\/\/semmelweis.hu\/biztonsag\/wp-json\/wp\/v2\/pages"}],"about":[{"href":"https:\/\/semmelweis.hu\/biztonsag\/wp-json\/wp\/v2\/types\/page"}],"author":[{"embeddable":true,"href":"https:\/\/semmelweis.hu\/biztonsag\/wp-json\/wp\/v2\/users\/288"}],"replies":[{"embeddable":true,"href":"https:\/\/semmelweis.hu\/biztonsag\/wp-json\/wp\/v2\/comments?post=1682"}],"version-history":[{"count":8,"href":"https:\/\/semmelweis.hu\/biztonsag\/wp-json\/wp\/v2\/pages\/1682\/revisions"}],"predecessor-version":[{"id":1687,"href":"https:\/\/semmelweis.hu\/biztonsag\/wp-json\/wp\/v2\/pages\/1682\/revisions\/1687"}],"wp:attachment":[{"href":"https:\/\/semmelweis.hu\/biztonsag\/wp-json\/wp\/v2\/media?parent=1682"}],"wp:term":[{"taxonomy":"category","embeddable":true,"href":"https:\/\/semmelweis.hu\/biztonsag\/wp-json\/wp\/v2\/categories?post=1682"},{"taxonomy":"post_tag","embeddable":true,"href":"https:\/\/semmelweis.hu\/biztonsag\/wp-json\/wp\/v2\/tags?post=1682"}],"curies":[{"name":"wp","href":"https:\/\/api.w.org\/{rel}","templated":true}]}}