{"id":1666,"date":"2021-01-07T15:23:55","date_gmt":"2021-01-07T14:23:55","guid":{"rendered":"https:\/\/semmelweis.hu\/biztonsag\/?page_id=1666"},"modified":"2021-01-07T15:40:32","modified_gmt":"2021-01-07T14:40:32","slug":"kornyezetvedelmi-adatszolgaltatasok","status":"publish","type":"page","link":"https:\/\/semmelweis.hu\/biztonsag\/kornyezetvedelmi-adatszolgaltatasok\/","title":{"rendered":"k\u00f6rnyezetv\u00e9delmi adatszolg\u00e1ltat\u00e1sok"},"content":{"rendered":"<p style=\"text-align: center\"><strong>T\u00e1j\u00e9koztat\u00e1s<\/strong><\/p>\n<p style=\"text-align: center\"><strong>Valamennyi szervezeti egys\u00e9g k\u00f6rnyezetv\u00e9delmi\/hullad\u00e9kgazd\u00e1lkod\u00e1si megb\u00edzottja r\u00e9sz\u00e9re<\/strong><\/p>\n<p><strong>\u00a0<\/strong><\/p>\n<p style=\"text-align: center\"><strong>\u00a0<\/strong><strong><em>Tisztelt K\u00f6rnyezetv\u00e9delmi\/Hullad\u00e9kgazd\u00e1lkod\u00e1si Megb\u00edzott!<\/em><\/strong><\/p>\n<p>&nbsp;<\/p>\n<p>Ez\u00faton t\u00e1j\u00e9koztatom az \u00e9v elej\u00e9n esed\u00e9kes hullad\u00e9kgazd\u00e1lkod\u00e1si teend\u0151kr\u0151l.<\/p>\n<p><strong>Felh\u00edvom a figyelmet a 2020. \u00e9vben termelt vesz\u00e9lyes hullad\u00e9k \u00e1tad\u00e1si adatoknak az egyetemi Hullad\u00e9kgazd\u00e1lkod\u00e1si Adatszolg\u00e1ltat\u00e1si Rendszerbe (HUGA) t\u00f6rt\u00e9n\u0151 miel\u0151bbi bevitel\u00e9re.<\/strong> Ez az adatszolg\u00e1ltat\u00e1sok hat\u00e1rid\u0151re t\u00f6rt\u00e9n\u0151 elk\u00e9sz\u00edt\u00e9s\u00e9hez sz\u00fcks\u00e9ges.<\/p>\n<p><strong>Az adatok r\u00f6gz\u00edt\u00e9s\u00e9nek hat\u00e1rideje: 2021. janu\u00e1r 22.<\/strong><\/p>\n<p>Adatszolg\u00e1ltat\u00e1shoz sz\u00fcks\u00e9ges mell\u00e9kletek:<\/p>\n<p><a href=\"https:\/\/semmelweis.hu\/biztonsag\/files\/2021\/01\/K\u00f6rnyezetv\u00e9delmi-adatszolg\u00e1ltat\u00e1s_2020_mell\u00e9klet_1.docx\">K\u00f6rnyezetv\u00e9delmi adatszolg\u00e1ltat\u00e1s_2020_mell\u00e9klet_1<\/a><\/p>\n<p><a href=\"https:\/\/semmelweis.hu\/biztonsag\/files\/2021\/01\/K\u00f6rnyezetv\u00e9delmi-adatszolg\u00e1ltat\u00e1s_2020_mell\u00e9klet_2.docx\">K\u00f6rnyezetv\u00e9delmi adatszolg\u00e1ltat\u00e1s_2020_mell\u00e9klet_2<\/a><\/p>\n<p><a href=\"https:\/\/semmelweis.hu\/biztonsag\/files\/2021\/01\/K\u00f6rnyezetv\u00e9delmi-adatszolg\u00e1ltat\u00e1s_2020_mell\u00e9klet_3.docx\">K\u00f6rnyezetv\u00e9delmi adatszolg\u00e1ltat\u00e1s_2020_mell\u00e9klet_3<\/a><\/p>\n<p>\u00a0<a href=\"https:\/\/semmelweis.hu\/biztonsag\/files\/2021\/01\/tajekoztatas_kornyezetvedelmi-adatszolgaltatasok-a-2020as-evrol-1.pdf\">tajekoztatas_kornyezetvedelmi adatszolgaltatasok a 2020as evrol<\/a><\/p>\n<p>&nbsp;<\/p>\n<p><strong><u>I. Hullad\u00e9kkezel\u00e9si nyilv\u00e1ntart\u00f3 lap<\/u><\/strong><\/p>\n<p>T\u00e1j\u00e9koztatom, hogy <strong>az eg\u00e9szs\u00e9g\u00fcgyi szolg\u00e1ltat\u00f3n\u00e1l k\u00e9pz\u0151d\u0151 hullad\u00e9kkal kapcsolatos hullad\u00e9kgazd\u00e1lkod\u00e1si tev\u00e9kenys\u00e9gekr\u0151l<\/strong> sz\u00f3l\u00f3 <strong>12\/2017. (VI. 12.) EMMI rendelet<\/strong> szerint minden eg\u00e9szs\u00e9g\u00fcgyi int\u00e9zm\u00e9nynek, ahol fekv\u0151beteg-szakell\u00e1t\u00e1st ny\u00fajtanak; h\u00e1rom vagy enn\u00e9l t\u00f6bb eg\u00e9szs\u00e9g\u00fcgyi dolgoz\u00f3 foglalkoztat\u00e1s\u00e1val j\u00e1r\u00f3beteg-szakell\u00e1t\u00e1st illetve alapell\u00e1t\u00e1st ny\u00fajtanak; vagy a k\u00e9pz\u0151d\u0151 eg\u00e9szs\u00e9g\u00fcgyi hullad\u00e9k az \u00e9vi 1000 kg mennyis\u00e9get meghaladja, nyilv\u00e1n kell tartania a keletkez\u0151 hullad\u00e9k\u00e1t. Az \u00edgy kapott adatokat a rendelet 4. sz\u00e1m\u00fa mell\u00e9klet\u00e9ben megadott nyilv\u00e1ntart\u00f3 lapon <strong>2021. febru\u00e1r 1-ig<\/strong> <strong>meg kell k\u00fcldeni Budapest F\u0151v\u00e1ros Korm\u00e1nyhivatal illet\u00e9kes Ker\u00fcleti Hivatal N\u00e9peg\u00e9szs\u00e9g\u00fcgyi Oszt\u00e1ly\u00e1nak.<\/strong><\/p>\n<p>A t\u00e1j\u00e9koztat\u00f3 mell\u00e9kletek\u00e9nt megtal\u00e1lhat\u00f3 az <strong>\u00e1ltal\u00e1nos<\/strong> <strong>adatokkal el\u0151re kit\u00f6lt\u00f6tt Hullad\u00e9kkezel\u00e9si nyilv\u00e1ntart\u00f3 lap, <\/strong>a<strong> kit\u00f6lt\u00e9si \u00fatmutat\u00f3, <\/strong>valamint a<strong> N\u00e9peg\u00e9szs\u00e9g\u00fcgyi Oszt\u00e1lyok list\u00e1ja.<\/strong><\/p>\n<p>Sz\u00fcks\u00e9g eset\u00e9n a K\u00f6rnyezetv\u00e9delmi Oszt\u00e1ly munkat\u00e1rsaival egyeztetheti a hullad\u00e9kok mennyis\u00e9gi adatait.<\/p>\n<p>A kit\u00f6lt\u00f6tt nyilv\u00e1ntart\u00f3 lapokat al\u00e1\u00edrva, post\u00e1n vagy elektronikusan sz\u00edveskedjen az illet\u00e9kes Ker\u00fcleti Hivatal N\u00e9peg\u00e9szs\u00e9g\u00fcgyi Oszt\u00e1lya r\u00e9sz\u00e9re eljuttatni <strong>2021. febru\u00e1r 1-ig.<\/strong><\/p>\n<p><strong>\u00a0<\/strong><\/p>\n<p><strong>\u00a0II. <\/strong><strong style=\"font-size: 1rem\"><u>Az Orsz\u00e1gos K\u00f6rnyezetv\u00e9delmi Inform\u00e1ci\u00f3s Rendszeren t\u00f6rt\u00e9n\u0151 hullad\u00e9k bevall\u00e1s elk\u00e9sz\u00edt\u00e9se<\/u><\/strong><\/p>\n<p>A hullad\u00e9kkal kapcsolatos nyilv\u00e1ntart\u00e1si \u00e9s adatszolg\u00e1ltat\u00e1si k\u00f6telezetts\u00e9gekr\u0151l sz\u00f3l\u00f3 309\/2014. (XII. 11.) Korm\u00e1nyrendelet alapj\u00e1n hullad\u00e9kkal kapcsolatos adatszolg\u00e1ltat\u00e1si k\u00f6telezetts\u00e9get kell teljes\u00edteni <strong>2021. m\u00e1rcius 1-ig<\/strong> a ter\u00fcletileg illet\u00e9kes K\u00f6rnyezetv\u00e9delmi \u00e9s Term\u00e9szetv\u00e9delmi F\u0151oszt\u00e1ly fel\u00e9.<\/p>\n<p><strong>Az adatszolg\u00e1ltat\u00e1st a 2020. \u00e9vr\u0151l &#8211; az el\u0151z\u0151 \u00e9vekhez hasonl\u00f3an &#8211; a SE BTI K\u00f6rnyezetv\u00e9delmi Oszt\u00e1lya k\u00e9sz\u00edti el. <\/strong>A Hullad\u00e9kgazd\u00e1lkod\u00e1si Adatszolg\u00e1ltat\u00e1si Rendszer adatai alapj\u00e1n az OKIRKapu online adatszolg\u00e1ltat\u00f3 fel\u00fcleten ker\u00fcl kit\u00f6lt\u00e9sre \u00e9s megk\u00fcld\u00e9sre a ter\u00fcletileg illet\u00e9kes K\u00f6rnyezetv\u00e9delmi \u00e9s Term\u00e9szetv\u00e9delmi F\u0151oszt\u00e1ly fel\u00e9.<\/p>\n<p><strong>\u00a0<\/strong><\/p>\n<p><strong>III. <u>Oktat\u00e1s<\/u><\/strong><\/p>\n<p>K\u00e9rem, hogy a 2021. \u00e9vben is ford\u00edtson figyelmet a <strong>helyi Hullad\u00e9kkezel\u00e9si Utas\u00edt\u00e1sban foglaltak oktat\u00e1s\u00e1ra<\/strong>:<\/p>\n<ul>\n<li>egyr\u00e9szt az <strong>\u00faj bel\u00e9p\u0151 dolgoz\u00f3k r\u00e9sz\u00e9re<\/strong> tartott, helyi hullad\u00e9kkezel\u00e9si el\u0151\u00edr\u00e1sokat ismertet\u0151,<\/li>\n<li>m\u00e1sr\u00e9szt az <strong>\u00e9vente ism\u00e9tl\u0151d\u0151<\/strong> hullad\u00e9kkezel\u00e9si ismeretekr\u0151l sz\u00f3l\u00f3 (c\u00e9lszer\u0171 a szint\u00e9n \u00e9vente ism\u00e9tl\u0151d\u0151 munka- \u00e9s t\u0171zv\u00e9delmi oktat\u00e1ssal egy\u00fctt megtartani) oktat\u00e1sok <strong><u>dokument\u00e1lt<\/u> <\/strong>megtart\u00e1s\u00e1ra.<\/li>\n<\/ul>\n<p>Ez\u00faton is k\u00f6sz\u00f6n\u00f6m a k\u00f6rnyezetv\u00e9delem ter\u00e9n 2020. \u00e9vben v\u00e9gzett munk\u00e1j\u00e1t!<\/p>\n<p>Budapest, 2021. janu\u00e1r 06.<\/p>\n<p><strong>Tisztelettel:<\/strong><\/p>\n<p style=\"text-align: center\"><strong>Simon M\u00e1ty\u00e1s<\/strong><br \/>\nigazgat\u00f3<\/p>\n","protected":false},"excerpt":{"rendered":"<p>T\u00e1j\u00e9koztat\u00e1s Valamennyi szervezeti egys\u00e9g k\u00f6rnyezetv\u00e9delmi\/hullad\u00e9kgazd\u00e1lkod\u00e1si megb\u00edzottja r\u00e9sz\u00e9re \u00a0 \u00a0Tisztelt K\u00f6rnyezetv\u00e9delmi\/Hullad\u00e9kgazd\u00e1lkod\u00e1si Megb\u00edzott! &nbsp; Ez\u00faton t\u00e1j\u00e9koztatom az \u00e9v elej\u00e9n esed\u00e9kes hullad\u00e9kgazd\u00e1lkod\u00e1si teend\u0151kr\u0151l. Felh\u00edvom a figyelmet a 2020. \u00e9vben termelt vesz\u00e9lyes hullad\u00e9k \u00e1tad\u00e1si adatoknak az egyetemi Hullad\u00e9kgazd\u00e1lkod\u00e1si Adatszolg\u00e1ltat\u00e1si Rendszerbe (HUGA) t\u00f6rt\u00e9n\u0151 miel\u0151bbi bevitel\u00e9re. Ez az adatszolg\u00e1ltat\u00e1sok hat\u00e1rid\u0151re t\u00f6rt\u00e9n\u0151 elk\u00e9sz\u00edt\u00e9s\u00e9hez sz\u00fcks\u00e9ges. Az adatok r\u00f6gz\u00edt\u00e9s\u00e9nek hat\u00e1rideje: 2021. janu\u00e1r 22. Adatszolg\u00e1ltat\u00e1shoz &hellip;<\/p>\n","protected":false},"author":288,"featured_media":0,"parent":0,"menu_order":0,"comment_status":"closed","ping_status":"closed","template":"","meta":{"_acf_changed":false,"footnotes":""},"categories":[],"tags":[],"class_list":["post-1666","page","type-page","status-publish","hentry"],"acf":[],"_links":{"self":[{"href":"https:\/\/semmelweis.hu\/biztonsag\/wp-json\/wp\/v2\/pages\/1666","targetHints":{"allow":["GET"]}}],"collection":[{"href":"https:\/\/semmelweis.hu\/biztonsag\/wp-json\/wp\/v2\/pages"}],"about":[{"href":"https:\/\/semmelweis.hu\/biztonsag\/wp-json\/wp\/v2\/types\/page"}],"author":[{"embeddable":true,"href":"https:\/\/semmelweis.hu\/biztonsag\/wp-json\/wp\/v2\/users\/288"}],"replies":[{"embeddable":true,"href":"https:\/\/semmelweis.hu\/biztonsag\/wp-json\/wp\/v2\/comments?post=1666"}],"version-history":[{"count":6,"href":"https:\/\/semmelweis.hu\/biztonsag\/wp-json\/wp\/v2\/pages\/1666\/revisions"}],"predecessor-version":[{"id":1681,"href":"https:\/\/semmelweis.hu\/biztonsag\/wp-json\/wp\/v2\/pages\/1666\/revisions\/1681"}],"wp:attachment":[{"href":"https:\/\/semmelweis.hu\/biztonsag\/wp-json\/wp\/v2\/media?parent=1666"}],"wp:term":[{"taxonomy":"category","embeddable":true,"href":"https:\/\/semmelweis.hu\/biztonsag\/wp-json\/wp\/v2\/categories?post=1666"},{"taxonomy":"post_tag","embeddable":true,"href":"https:\/\/semmelweis.hu\/biztonsag\/wp-json\/wp\/v2\/tags?post=1666"}],"curies":[{"name":"wp","href":"https:\/\/api.w.org\/{rel}","templated":true}]}}

környezetvédelmi adatszolgáltatások

<p style="text-align: center"><strong>Tájékoztatás</strong></p>
<p style="text-align: center"><strong>Valamennyi szervezeti egység környezetvédelmi/hulladékgazdálkodási megbízottja részére</strong></p>
<p><strong> </strong></p>
<p style="text-align: center"><strong> </strong><strong><em>Tisztelt Környezetvédelmi/Hulladékgazdálkodási Megbízott!</em></strong></p>
<p>&nbsp;</p>
<p>Ezúton tájékoztatom az év elején esedékes hulladékgazdálkodási teendőkről.</p>
<p><strong>Felhívom a figyelmet a 2020. évben termelt veszélyes hulladék átadási adatoknak az egyetemi Hulladékgazdálkodási Adatszolgáltatási Rendszerbe (HUGA) történő mielőbbi bevitelére.</strong> Ez az adatszolgáltatások határidőre történő elkészítéséhez szükséges.</p>
<p><strong>Az adatok rögzítésének határideje: 2021. január 22.</strong></p>
<p>Adatszolgáltatáshoz szükséges mellékletek:</p>
<p><a href="https://semmelweis.hu/biztonsag/files/2021/01/Környezetvédelmi-adatszolgáltatás_2020_melléklet_1.docx">Környezetvédelmi adatszolgáltatás_2020_melléklet_1</a></p>
<p><a href="https://semmelweis.hu/biztonsag/files/2021/01/Környezetvédelmi-adatszolgáltatás_2020_melléklet_2.docx">Környezetvédelmi adatszolgáltatás_2020_melléklet_2</a></p>
<p><a href="https://semmelweis.hu/biztonsag/files/2021/01/Környezetvédelmi-adatszolgáltatás_2020_melléklet_3.docx">Környezetvédelmi adatszolgáltatás_2020_melléklet_3</a></p>
<p> <a href="https://semmelweis.hu/biztonsag/files/2021/01/tajekoztatas_kornyezetvedelmi-adatszolgaltatasok-a-2020as-evrol-1.pdf">tajekoztatas_kornyezetvedelmi adatszolgaltatasok a 2020as evrol</a></p>
<p>&nbsp;</p>
<p><strong><u>I. Hulladékkezelési nyilvántartó lap</u></strong></p>
<p>Tájékoztatom, hogy <strong>az egészségügyi szolgáltatónál képződő hulladékkal kapcsolatos hulladékgazdálkodási tevékenységekről</strong> szóló <strong>12/2017. (VI. 12.) EMMI rendelet</strong> szerint minden egészségügyi intézménynek, ahol fekvőbeteg-szakellátást nyújtanak; három vagy ennél több egészségügyi dolgozó foglalkoztatásával járóbeteg-szakellátást illetve alapellátást nyújtanak; vagy a képződő egészségügyi hulladék az évi 1000 kg mennyiséget meghaladja, nyilván kell tartania a keletkező hulladékát. Az így kapott adatokat a rendelet 4. számú mellékletében megadott nyilvántartó lapon <strong>2021. február 1-ig</strong> <strong>meg kell küldeni Budapest Főváros Kormányhivatal illetékes Kerületi Hivatal Népegészségügyi Osztályának.</strong></p>
<p>A tájékoztató mellékleteként megtalálható az <strong>általános</strong> <strong>adatokkal előre kitöltött Hulladékkezelési nyilvántartó lap, </strong>a<strong> kitöltési útmutató, </strong>valamint a<strong> Népegészségügyi Osztályok listája.</strong></p>
<p>Szükség esetén a Környezetvédelmi Osztály munkatársaival egyeztetheti a hulladékok mennyiségi adatait.</p>
<p>A kitöltött nyilvántartó lapokat aláírva, postán vagy elektronikusan szíveskedjen az illetékes Kerületi Hivatal Népegészségügyi Osztálya részére eljuttatni <strong>2021. február 1-ig.</strong></p>
<p><strong> </strong></p>
<p><strong> II. </strong><strong style="font-size: 1rem"><u>Az Országos Környezetvédelmi Információs Rendszeren történő hulladék bevallás elkészítése</u></strong></p>
<p>A hulladékkal kapcsolatos nyilvántartási és adatszolgáltatási kötelezettségekről szóló 309/2014. (XII. 11.) Kormányrendelet alapján hulladékkal kapcsolatos adatszolgáltatási kötelezettséget kell teljesíteni <strong>2021. március 1-ig</strong> a területileg illetékes Környezetvédelmi és Természetvédelmi Főosztály felé.</p>
<p><strong>Az adatszolgáltatást a 2020. évről &#8211; az előző évekhez hasonlóan &#8211; a SE BTI Környezetvédelmi Osztálya készíti el. </strong>A Hulladékgazdálkodási Adatszolgáltatási Rendszer adatai alapján az OKIRKapu online adatszolgáltató felületen kerül kitöltésre és megküldésre a területileg illetékes Környezetvédelmi és Természetvédelmi Főosztály felé.</p>
<p><strong> </strong></p>
<p><strong>III. <u>Oktatás</u></strong></p>
<p>Kérem, hogy a 2021. évben is fordítson figyelmet a <strong>helyi Hulladékkezelési Utasításban foglaltak oktatására</strong>:</p>
<ul>
<li>egyrészt az <strong>új belépő dolgozók részére</strong> tartott, helyi hulladékkezelési előírásokat ismertető,</li>
<li>másrészt az <strong>évente ismétlődő</strong> hulladékkezelési ismeretekről szóló (célszerű a szintén évente ismétlődő munka- és tűzvédelmi oktatással együtt megtartani) oktatások <strong><u>dokumentált</u> </strong>megtartására.</li>
</ul>
<p>Ezúton is köszönöm a környezetvédelem terén 2020. évben végzett munkáját!</p>
<p>Budapest, 2021. január 06.</p>
<p><strong>Tisztelettel:</strong></p>
<p style="text-align: center"><strong>Simon Mátyás</strong><br />
igazgató</p>

<p>Tájékoztatás Valamennyi szervezeti egység környezetvédelmi/hulladékgazdálkodási megbízottja részére    Tisztelt Környezetvédelmi/Hulladékgazdálkodási Megbízott! &nbsp; Ezúton tájékoztatom az év elején esedékes hulladékgazdálkodási teendőkről. Felhívom a figyelmet a 2020. évben termelt veszélyes hulladék átadási adatoknak az egyetemi Hulladékgazdálkodási Adatszolgáltatási Rendszerbe (HUGA) történő mielőbbi bevitelére. Ez az adatszolgáltatások határidőre történő elkészítéséhez szükséges. Az adatok rögzítésének határideje: 2021. január 22. Adatszolgáltatáshoz &hellip;</p>
