{"id":1560,"date":"2020-11-10T21:08:40","date_gmt":"2020-11-10T20:08:40","guid":{"rendered":"https:\/\/semmelweis.hu\/biztonsag\/?page_id=1560"},"modified":"2020-11-10T22:15:43","modified_gmt":"2020-11-10T21:15:43","slug":"kulso-klinikai-tomb","status":"publish","type":"page","link":"https:\/\/semmelweis.hu\/biztonsag\/kulso-klinikai-tomb\/","title":{"rendered":"K\u00fcls\u0151 Klinikai T\u00f6mb Parkol\u00e1si T\u00e1j\u00e9koztat\u00f3"},"content":{"rendered":"<p style=\"text-align: center\"><strong>Semmelweis Egyetem K\u00fcls\u0151 Klinikai T\u00f6mb Parkol\u00e1si T\u00e1j\u00e9koztat\u00f3<\/strong><\/p>\n<p>A K\u00fcls\u0151 Klinikai T\u00f6mb ter\u00fclet\u00e9n sz\u00e1mos \u00e9p\u00edt\u00e9si-, fel\u00faj\u00edt\u00e1si munk\u00e1lat zajlik, melyek a ter\u00fcletre t\u00f6rt\u00e9n\u0151 be-, \u00e9s kihajt\u00e1st, illetve a parkol\u00e1si rendet is nagyban befoly\u00e1solj\u00e1k. Az \u00e9p\u00edt\u00e9si munk\u00e1latokkal \u00e9rintett ter\u00fcletek m\u00e9rete folyamatosan v\u00e1ltozik, melynek k\u00f6vetkezt\u00e9ben a szervezeti egys\u00e9gek-, a sz\u00e1ll\u00edt\u00f3k-, a ment\u0151k-, illetve a dolgoz\u00f3k parkol\u00e1si lehet\u0151s\u00e9gei is cs\u00f6kkennek.<\/p>\n<p>A lez\u00e1r\u00e1s a K\u00fcls\u0151 Klinikai T\u00f6mb olyan fok\u00fa t\u00falterhelts\u00e9g\u00e9hez vezetett, amely m\u00e1r a betegell\u00e1t\u00e1st is vesz\u00e9lyezteti. A T\u00f6mb ter\u00fclet\u00e9n kialak\u00edtott, mozg\u00e1skorl\u00e1tozottak sz\u00e1m\u00e1ra fenntartott helyeken \u00e1ltal\u00e1ban egyetemi dolgoz\u00f3k parkolnak. Emiatt a mozg\u00e1ss\u00e9r\u00fclt betegek \u2013 ak\u00e1r r\u00f6vid id\u0151re t\u00f6rt\u00e9n\u0151 \u2013 parkoltat\u00e1sa neh\u00e9zs\u00e9get jelent.<\/p>\n<p>A M\u0171szaki F\u0151igazgat\u00f3s\u00e1g a fentiekre tekintettel \u00faj \u2013 a rektor \u00e9s a kancell\u00e1r \u00e1ltal j\u00f3v\u00e1hagyott &#8211; parkol\u00e1si koncepci\u00f3t k\u00e9sz\u00edtett a helyzet kezel\u00e9s\u00e9re, az al\u00e1bbi \u2013 mint els\u0151dlegesen \u00e9rv\u00e9nyes\u00edtend\u0151 \u2013 szempontok alapj\u00e1n:<\/p>\n<ul>\n<li>A T\u00f6mb m\u0171k\u00f6d\u00e9s\u00e9hez sz\u00fcks\u00e9ges forgalom biztos\u00edt\u00e1sa (sz\u00e1ll\u00edt\u00f3, ment\u0151, betegsz\u00e1ll\u00edt\u00f3, szerviz).<\/li>\n<li>A K\u00fcls\u0151 Klinikai T\u00f6mb VIP forgalm\u00e1nak folyamatos biztos\u00edt\u00e1sa, a k\u00fcl\u00f6nb\u00f6z\u0151 t\u00e1rgyal\u00e1sokra, \u00e9rtekezletekre stb. \u00e9rkez\u0151 vend\u00e9gk\u00f6r fogad\u00e1sa.<\/li>\n<li>A fennmarad\u00f3 parkol\u00f3helyek kihaszn\u00e1l\u00e1sa, kioszt\u00e1sa a szervezeti egys\u00e9gek k\u00f6z\u00f6tt.<\/li>\n<\/ul>\n<p>A T\u00f6mb ter\u00fclet\u00e9n 243 db dolgoz\u00f3i, 5 db VIP, 11 db mozg\u00e1skorl\u00e1tozott, 14 db ment\u0151 \u00e9s 17 db rakod\u00f3\/szervizes parkol\u00f3hely ker\u00fclt kialak\u00edt\u00e1sra.<\/p>\n<p>A mozg\u00e1skorl\u00e1tozott parkol\u00f3helyeket az egyetemi dolgoz\u00f3k nem haszn\u00e1lhatj\u00e1k, azokat kiz\u00e1r\u00f3lag a Klinik\u00e1ra \u00e9rkez\u0151 \u00e9s \u00e9rv\u00e9nyes mozg\u00e1skorl\u00e1tozott k\u00e1rty\u00e1val rendelkez\u0151 l\u00e1togat\u00f3k vehetik ig\u00e9nybe.<\/p>\n<p>A parkol\u00f3helyek l\u00e9tsz\u00e1mar\u00e1nyosan ker\u00fcltek kioszt\u00e1sra a T\u00f6mb ter\u00fclet\u00e9n megtal\u00e1lhat\u00f3 \u00f6sszes szervezeti egys\u00e9g k\u00f6z\u00f6tt. A rendelkez\u00e9sre \u00e1ll\u00f3 parkol\u00f3 helyek sz\u00e1m\u00e1r\u00f3l \u00e9s annak hely\u00e9r\u0151l a szervezeti egys\u00e9gek vezet\u0151i, kijel\u00f6lt \u00fcgyint\u00e9z\u0151i t\u00e1j\u00e9koztat\u00e1st kaptak. A szervezeti egys\u00e9gek parkol\u00f3helyeinek kioszt\u00e1s\u00e1t minden esetben az adott szervezet vezet\u0151je hat\u00e1rozta meg. A parkol\u00e1si rend betart\u00e1s\u00e1\u00e9rt a Biztons\u00e1gtechnikai Igazgat\u00f3s\u00e1g a felel\u0151s.\u00a0 Az eg\u00e9szs\u00e9g\u00fcgyi ell\u00e1t\u00e1s biztos\u00edt\u00e1s\u00e1hoz minden szervezeti egys\u00e9g tov\u00e1bbi, \u00fagynevezett \u201e\u00fcgyeleti k\u00e1rty\u00e1t\u201d kapott, mellyel munkaid\u0151n k\u00edv\u00fcl a szervezeti egys\u00e9g saj\u00e1t helyeire lehet be\u00e1llni.<\/p>\n<p>A K\u00fcls\u0151 Klinikai T\u00f6mb ter\u00fclet\u00e9re t\u00f6rt\u00e9n\u0151 behajt\u00e1s csak az ide ki\u00e1ll\u00edtott \u00e9rv\u00e9nyes sz\u00e1mozott parkol\u00f3 k\u00e1rty\u00e1val, vagy \u00fcgyeleti id\u0151ben \u00fcgyeleti k\u00e1rty\u00e1val lehets\u00e9ges. A ter\u00fcletre t\u00f6rt\u00e9n\u0151 bel\u00e9p\u00e9shez, a parkol\u00e1si jogosults\u00e1ggal rendelkez\u0151knek, a sz\u00e1mozott parkol\u00f3k\u00e1rty\u00e1jukat kell haszn\u00e1lni. Bel\u00e9p\u00e9s ut\u00e1n csak a parkol\u00f3k\u00e1rty\u00e1n felt\u00fcntetett sz\u00e1mozott helyre szabad be\u00e1llni \u00e9s ott parkolni. A k\u00e1rty\u00e1t a g\u00e9pj\u00e1rm\u0171ben j\u00f3l l\u00e1that\u00f3 helyre kell elhelyezni.<\/p>\n<p>Az \u00fcgyeleti k\u00e1rty\u00e1val behajt\u00f3 munkav\u00e1llal\u00f3k csak a saj\u00e1t szervezeti egys\u00e9g\u00fck helyeit haszn\u00e1lhatj\u00e1k parkol\u00e1sra, amennyiben nem tal\u00e1lnak ilyen helyet, \u00fagy a T\u00f6mb ter\u00fclet\u00e9t el kell hagyni, m\u00e1s helyre nem lehet parkolni.<\/p>\n<p>A VIP parkol\u00f3ba parkol\u00e1si jogosults\u00e1got kiz\u00e1r\u00f3lag a K\u00fcls\u0151 Klinikai T\u00f6mb Titk\u00e1rs\u00e1ga adhat.<\/p>\n<p>A dolgoz\u00f3k sz\u00e1m\u00e1ra haszn\u00e1lhat\u00f3 parkol\u00f3hely sz\u00e1m\u00e1nak n\u00f6vel\u00e9se \u00e9rdek\u00e9ben a Semmelweis Egyetem Elm\u00e9leti Orvostudom\u00e1nyi K\u00f6zpont -2. szintj\u00e9n tal\u00e1lhat\u00f3 parkol\u00f3ban a K\u00fcls\u0151 Klinikai T\u00f6mb 92 munkav\u00e1llal\u00f3ja kapott helyet, ahov\u00e1 k\u00fcl\u00f6n erre a helysz\u00ednre jogos\u00edt\u00f3 parkol\u00e1si k\u00e1rtya ker\u00fclt kiad\u00e1sra.<\/p>\n<p>A H-1082 Budapest, Fut\u00f3 utca 52. sz\u00e1m alatt, a T\u00f6mbt\u0151l k\u00f6r\u00fclbel\u00fcl 500 m\u00e9ter t\u00e1vols\u00e1gra tal\u00e1lhat\u00f3 parkol\u00f3h\u00e1zban 75 db b\u00e9relt parkol\u00f3hely \u00e1ll rendelkez\u00e9sre az egyetemi dolgoz\u00f3knak, melyek szint\u00e9n l\u00e9tsz\u00e1mar\u00e1nyosan ker\u00fcltek kioszt\u00e1sra a szervezeti egys\u00e9gek k\u00f6z\u00f6tt.<\/p>\n<p>A parkol\u00f3hely ig\u00e9nyl\u00e9ssel kapcsolatban a fent le\u00edrtak alapj\u00e1n forduljon a munkahelyi vezet\u0151j\u00e9hez. Amennyiben a parkol\u00e1ssal kapcsolatban tov\u00e1bbi inform\u00e1ci\u00f3ra lenne sz\u00fcks\u00e9ge, k\u00e9rd\u00e9se, vagy k\u00e9r\u00e9se mer\u00fcl fel k\u00fcldj\u00f6n \u00fczenetet a <a href=\"mailto:parkolas@semmelweis-univ.hu\"><strong>parkolas@semmelweis-univ.hu<\/strong><\/a> e-mail c\u00edmre.<\/p>\n<p>&nbsp;<\/p>\n<p>Budapest, 2020. november 10.<\/p>\n<p>&nbsp;<\/p>\n<p style=\"text-align: center\"><strong>Simon M\u00e1ty\u00e1s<br \/>\n<\/strong>igazgat\u00f3<\/p>\n<p>&nbsp;<\/p>\n<p>&nbsp;<\/p>\n<p><img decoding=\"async\" class=\"aligncenter\" src=\"https:\/\/semmelweis.hu\/biztonsag\/files\/2020\/11\/KKT_Parkolas_Kep.png\" alt=\"\" \/><\/p>\n<p>&nbsp;<\/p>\n<p><a href=\"https:\/\/semmelweis.hu\/biztonsag\/files\/2020\/11\/KKT_Parkol\u00e1s_T\u00e1j\u00e9koztat\u00f3.pdf\">Eredeti dokumentum let\u00f6lt\u00e9se<\/a><\/p>\n","protected":false},"excerpt":{"rendered":"<p>Semmelweis Egyetem K\u00fcls\u0151 Klinikai T\u00f6mb Parkol\u00e1si T\u00e1j\u00e9koztat\u00f3 A K\u00fcls\u0151 Klinikai T\u00f6mb ter\u00fclet\u00e9n sz\u00e1mos \u00e9p\u00edt\u00e9si-, fel\u00faj\u00edt\u00e1si munk\u00e1lat zajlik, melyek a ter\u00fcletre t\u00f6rt\u00e9n\u0151 be-, \u00e9s kihajt\u00e1st, illetve a parkol\u00e1si rendet is nagyban befoly\u00e1solj\u00e1k. Az \u00e9p\u00edt\u00e9si munk\u00e1latokkal \u00e9rintett ter\u00fcletek m\u00e9rete folyamatosan v\u00e1ltozik, melynek k\u00f6vetkezt\u00e9ben a szervezeti egys\u00e9gek-, a sz\u00e1ll\u00edt\u00f3k-, a ment\u0151k-, illetve a dolgoz\u00f3k parkol\u00e1si lehet\u0151s\u00e9gei is cs\u00f6kkennek. &hellip;<\/p>\n","protected":false},"author":288,"featured_media":0,"parent":0,"menu_order":0,"comment_status":"closed","ping_status":"closed","template":"","meta":{"_acf_changed":false,"footnotes":""},"categories":[],"tags":[],"class_list":["post-1560","page","type-page","status-publish","hentry"],"acf":[],"_links":{"self":[{"href":"https:\/\/semmelweis.hu\/biztonsag\/wp-json\/wp\/v2\/pages\/1560","targetHints":{"allow":["GET"]}}],"collection":[{"href":"https:\/\/semmelweis.hu\/biztonsag\/wp-json\/wp\/v2\/pages"}],"about":[{"href":"https:\/\/semmelweis.hu\/biztonsag\/wp-json\/wp\/v2\/types\/page"}],"author":[{"embeddable":true,"href":"https:\/\/semmelweis.hu\/biztonsag\/wp-json\/wp\/v2\/users\/288"}],"replies":[{"embeddable":true,"href":"https:\/\/semmelweis.hu\/biztonsag\/wp-json\/wp\/v2\/comments?post=1560"}],"version-history":[{"count":10,"href":"https:\/\/semmelweis.hu\/biztonsag\/wp-json\/wp\/v2\/pages\/1560\/revisions"}],"predecessor-version":[{"id":1589,"href":"https:\/\/semmelweis.hu\/biztonsag\/wp-json\/wp\/v2\/pages\/1560\/revisions\/1589"}],"wp:attachment":[{"href":"https:\/\/semmelweis.hu\/biztonsag\/wp-json\/wp\/v2\/media?parent=1560"}],"wp:term":[{"taxonomy":"category","embeddable":true,"href":"https:\/\/semmelweis.hu\/biztonsag\/wp-json\/wp\/v2\/categories?post=1560"},{"taxonomy":"post_tag","embeddable":true,"href":"https:\/\/semmelweis.hu\/biztonsag\/wp-json\/wp\/v2\/tags?post=1560"}],"curies":[{"name":"wp","href":"https:\/\/api.w.org\/{rel}","templated":true}]}}

Külső Klinikai Tömb Parkolási Tájékoztató

<p style="text-align: center"><strong>Semmelweis Egyetem Külső Klinikai Tömb Parkolási Tájékoztató</strong></p>
<p>A Külső Klinikai Tömb területén számos építési-, felújítási munkálat zajlik, melyek a területre történő be-, és kihajtást, illetve a parkolási rendet is nagyban befolyásolják. Az építési munkálatokkal érintett területek mérete folyamatosan változik, melynek következtében a szervezeti egységek-, a szállítók-, a mentők-, illetve a dolgozók parkolási lehetőségei is csökkennek.</p>
<p>A lezárás a Külső Klinikai Tömb olyan fokú túlterheltségéhez vezetett, amely már a betegellátást is veszélyezteti. A Tömb területén kialakított, mozgáskorlátozottak számára fenntartott helyeken általában egyetemi dolgozók parkolnak. Emiatt a mozgássérült betegek – akár rövid időre történő – parkoltatása nehézséget jelent.</p>
<p>A Műszaki Főigazgatóság a fentiekre tekintettel új – a rektor és a kancellár által jóváhagyott &#8211; parkolási koncepciót készített a helyzet kezelésére, az alábbi – mint elsődlegesen érvényesítendő – szempontok alapján:</p>
<ul>
<li>A Tömb működéséhez szükséges forgalom biztosítása (szállító, mentő, betegszállító, szerviz).</li>
<li>A Külső Klinikai Tömb VIP forgalmának folyamatos biztosítása, a különböző tárgyalásokra, értekezletekre stb. érkező vendégkör fogadása.</li>
<li>A fennmaradó parkolóhelyek kihasználása, kiosztása a szervezeti egységek között.</li>
</ul>
<p>A Tömb területén 243 db dolgozói, 5 db VIP, 11 db mozgáskorlátozott, 14 db mentő és 17 db rakodó/szervizes parkolóhely került kialakításra.</p>
<p>A mozgáskorlátozott parkolóhelyeket az egyetemi dolgozók nem használhatják, azokat kizárólag a Klinikára érkező és érvényes mozgáskorlátozott kártyával rendelkező látogatók vehetik igénybe.</p>
<p>A parkolóhelyek létszámarányosan kerültek kiosztásra a Tömb területén megtalálható összes szervezeti egység között. A rendelkezésre álló parkoló helyek számáról és annak helyéről a szervezeti egységek vezetői, kijelölt ügyintézői tájékoztatást kaptak. A szervezeti egységek parkolóhelyeinek kiosztását minden esetben az adott szervezet vezetője határozta meg. A parkolási rend betartásáért a Biztonságtechnikai Igazgatóság a felelős.  Az egészségügyi ellátás biztosításához minden szervezeti egység további, úgynevezett „ügyeleti kártyát” kapott, mellyel munkaidőn kívül a szervezeti egység saját helyeire lehet beállni.</p>
<p>A Külső Klinikai Tömb területére történő behajtás csak az ide kiállított érvényes számozott parkoló kártyával, vagy ügyeleti időben ügyeleti kártyával lehetséges. A területre történő belépéshez, a parkolási jogosultsággal rendelkezőknek, a számozott parkolókártyájukat kell használni. Belépés után csak a parkolókártyán feltüntetett számozott helyre szabad beállni és ott parkolni. A kártyát a gépjárműben jól látható helyre kell elhelyezni.</p>
<p>Az ügyeleti kártyával behajtó munkavállalók csak a saját szervezeti egységük helyeit használhatják parkolásra, amennyiben nem találnak ilyen helyet, úgy a Tömb területét el kell hagyni, más helyre nem lehet parkolni.</p>
<p>A VIP parkolóba parkolási jogosultságot kizárólag a Külső Klinikai Tömb Titkársága adhat.</p>
<p>A dolgozók számára használható parkolóhely számának növelése érdekében a Semmelweis Egyetem Elméleti Orvostudományi Központ -2. szintjén található parkolóban a Külső Klinikai Tömb 92 munkavállalója kapott helyet, ahová külön erre a helyszínre jogosító parkolási kártya került kiadásra.</p>
<p>A H-1082 Budapest, Futó utca 52. szám alatt, a Tömbtől körülbelül 500 méter távolságra található parkolóházban 75 db bérelt parkolóhely áll rendelkezésre az egyetemi dolgozóknak, melyek szintén létszámarányosan kerültek kiosztásra a szervezeti egységek között.</p>
<p>A parkolóhely igényléssel kapcsolatban a fent leírtak alapján forduljon a munkahelyi vezetőjéhez. Amennyiben a parkolással kapcsolatban további információra lenne szüksége, kérdése, vagy kérése merül fel küldjön üzenetet a <a href="mailto:parkolas@semmelweis-univ.hu"><strong>parkolas@semmelweis-univ.hu</strong></a> e-mail címre.</p>
<p>&nbsp;</p>
<p>Budapest, 2020. november 10.</p>
<p>&nbsp;</p>
<p style="text-align: center"><strong>Simon Mátyás<br />
</strong>igazgató</p>
<p>&nbsp;</p>
<p>&nbsp;</p>
<p><img decoding="async" class="aligncenter" src="https://semmelweis.hu/biztonsag/files/2020/11/KKT_Parkolas_Kep.png" alt="" /></p>
<p>&nbsp;</p>
<p><a href="https://semmelweis.hu/biztonsag/files/2020/11/KKT_Parkolás_Tájékoztató.pdf">Eredeti dokumentum letöltése</a></p>

<p>Semmelweis Egyetem Külső Klinikai Tömb Parkolási Tájékoztató A Külső Klinikai Tömb területén számos építési-, felújítási munkálat zajlik, melyek a területre történő be-, és kihajtást, illetve a parkolási rendet is nagyban befolyásolják. Az építési munkálatokkal érintett területek mérete folyamatosan változik, melynek következtében a szervezeti egységek-, a szállítók-, a mentők-, illetve a dolgozók parkolási lehetőségei is csökkennek. &hellip;</p>
