{"id":1331,"date":"2019-01-30T09:21:16","date_gmt":"2019-01-30T08:21:16","guid":{"rendered":"http:\/\/semmelweis.hu\/biztonsag\/?page_id=1331"},"modified":"2022-03-17T08:07:16","modified_gmt":"2022-03-17T07:07:16","slug":"kdjsz","status":"publish","type":"page","link":"https:\/\/semmelweis.hu\/biztonsag\/kdjsz\/","title":{"rendered":"K\u00f6zponti Diszp\u00e9cser- \u00e9s J\u00e1r\u0151rszolg\u00e1lat (KDJSZ)"},"content":{"rendered":"<p align=\"justify\"><span style=\"color: #1e2326;\">Szeptember k\u00f6zep\u00e9t\u0151l \u00fajraindult az egyetem j\u00e1r\u0151rszolg\u00e1lata, imm\u00e1r saj\u00e1t alkalmaz\u00e1s\u00e1ban \u00e1ll\u00f3 vagyon\u0151r\u00f6kkel. A 24 \u00f3r\u00e1s szolg\u00e1latot az egyetem dolgoz\u00f3i, hallgat\u00f3i, de ak\u00e1r a betegek is b\u00e1rmikor h\u00edvhatj\u00e1k a 06-20-663-2000-as mobiltelefonsz\u00e1mon, amennyiben valamilyen probl\u00e9m\u00e1t, rendelleness\u00e9get \u00e9szlelnek az egyetem ter\u00fclet\u00e9n. <\/span><\/p>\n<p lang=\"x-none\" align=\"justify\">A <span lang=\"hu-HU\">KDJSZ munk\u00e1j\u00e1t seg\u00edti a meg\u00fajult fel\u00fcgyeleti rendszer, melynek seg\u00edts\u00e9g\u00e9vel a diszp\u00e9cser ezen kereszt\u00fcl<\/span> k\u00f6veti nyomon az egyetemi riaszt\u00f3kon, bel\u00e9ptet\u0151- \u00e9s kamer\u00e1s megfigyel\u0151rendszereken kereszt\u00fcl be\u00e9rkez\u0151 inform\u00e1ci\u00f3kat<span lang=\"hu-HU\">. <\/span>A vagyonv\u00e9delmi, illetve a bel\u00e9ptet\u0151 rendszerekb\u0151l be\u00e9rkez\u0151 jelz\u00e9sek hat\u00e1s\u00e1ra, az ahhoz kapcsol\u00f3d\u00f3 kamerak\u00e9peket megjelen\u00edti a megfelel\u0151 monitorokon. A k\u00f6nnyebb azonos\u00edthat\u00f3s\u00e1g \u00e9rdek\u00e9ben egy t\u00e9rk\u00e9p alap\u00fa megjelen\u00edt\u00e9s kialak\u00edt\u00e1sa is folyamatban van, mely a j\u00e1r\u0151r\u00fatvonal ellen\u0151rz\u00e9s\u00e9ben \u00e9s tervez\u00e9s\u00e9ben is hasznos seg\u00edts\u00e9get ny\u00fajt a diszp\u00e9csereknek.<\/p>\n<p align=\"justify\"><span style=\"color: #1e2326;\">A j\u00e1r\u0151rszolg\u00e1lati feladatokat ell\u00e1t\u00f3 szem\u00e9ly- \u00e9s vagyon\u0151ri k\u00e9pes\u00edt\u00e9s\u0171 munkat\u00e1rsak feladata k\u00e9t r\u00e9szb\u0151l \u00e1ll: egy meghat\u00e1rozott \u00fatvonalon j\u00e1r\u0151r\u00f6znek az egyetem eg\u00e9sz ter\u00fclet\u00e9n, emellett pedig seg\u00edts\u00e9gk\u00e9r\u00e9s eset\u00e9n, illetve ha a diszp\u00e9cser a kamer\u00e1kon valami rendelleness\u00e9get \u00e9szlel, a helysz\u00ednre mennek. Amennyiben az egyetem valamelyik \u00e9p\u00fclet\u00e9nek riaszt\u00f3ja megsz\u00f3lal, akkor oda is a j\u00e1r\u0151rszolg\u00e1lat vonul ki. A megb\u00edz\u00e1sokat n\u00e9gy munkat\u00e1rs k\u00e9t szolg\u00e1lati aut\u00f3val l\u00e1tja el.<\/span><\/p>\n<p align=\"justify\"><span style=\"color: #1e2326;\">A j\u00e1r\u0151raut\u00f3k az alapvet\u0151 felszerel\u00e9sek (szalagok, b\u00f3j\u00e1k, terel\u0151k, t\u0171zolt\u00f3k\u00e9sz\u00fcl\u00e9k) mellett f\u00e9lautomata defibrill\u00e1torokkal is fel vannak szerelve, illetve polg\u00e1ri v\u00e9delmi k\u00e9szlet is megtal\u00e1lhat\u00f3 benn\u00fck, mely sz\u00e1mos dolgot tartalmaz a v\u00e9d\u0151felszerel\u00e9sekt\u0151l a t\u0171zolt\u00f3takar\u00f3n \u00e9s a gumicsizm\u00e1n \u00e1t a vil\u00e1g\u00edt\u00f3eszk\u00f6z\u00f6kig.<\/span><\/p>\n","protected":false},"excerpt":{"rendered":"<p>Szeptember k\u00f6zep\u00e9t\u0151l \u00fajraindult az egyetem j\u00e1r\u0151rszolg\u00e1lata, imm\u00e1r saj\u00e1t alkalmaz\u00e1s\u00e1ban \u00e1ll\u00f3 vagyon\u0151r\u00f6kkel. A 24 \u00f3r\u00e1s szolg\u00e1latot az egyetem dolgoz\u00f3i, hallgat\u00f3i, de ak\u00e1r a betegek is b\u00e1rmikor h\u00edvhatj\u00e1k a 06-20-663-2000-as mobiltelefonsz\u00e1mon, amennyiben valamilyen probl\u00e9m\u00e1t, rendelleness\u00e9get \u00e9szlelnek az egyetem ter\u00fclet\u00e9n. A KDJSZ munk\u00e1j\u00e1t seg\u00edti a meg\u00fajult fel\u00fcgyeleti rendszer, melynek seg\u00edts\u00e9g\u00e9vel a diszp\u00e9cser ezen kereszt\u00fcl k\u00f6veti nyomon az egyetemi &hellip;<\/p>\n","protected":false},"author":288,"featured_media":0,"parent":0,"menu_order":0,"comment_status":"closed","ping_status":"closed","template":"","meta":{"_acf_changed":false,"footnotes":""},"categories":[],"tags":[],"class_list":["post-1331","page","type-page","status-publish","hentry"],"acf":[],"_links":{"self":[{"href":"https:\/\/semmelweis.hu\/biztonsag\/wp-json\/wp\/v2\/pages\/1331","targetHints":{"allow":["GET"]}}],"collection":[{"href":"https:\/\/semmelweis.hu\/biztonsag\/wp-json\/wp\/v2\/pages"}],"about":[{"href":"https:\/\/semmelweis.hu\/biztonsag\/wp-json\/wp\/v2\/types\/page"}],"author":[{"embeddable":true,"href":"https:\/\/semmelweis.hu\/biztonsag\/wp-json\/wp\/v2\/users\/288"}],"replies":[{"embeddable":true,"href":"https:\/\/semmelweis.hu\/biztonsag\/wp-json\/wp\/v2\/comments?post=1331"}],"version-history":[{"count":2,"href":"https:\/\/semmelweis.hu\/biztonsag\/wp-json\/wp\/v2\/pages\/1331\/revisions"}],"predecessor-version":[{"id":2124,"href":"https:\/\/semmelweis.hu\/biztonsag\/wp-json\/wp\/v2\/pages\/1331\/revisions\/2124"}],"wp:attachment":[{"href":"https:\/\/semmelweis.hu\/biztonsag\/wp-json\/wp\/v2\/media?parent=1331"}],"wp:term":[{"taxonomy":"category","embeddable":true,"href":"https:\/\/semmelweis.hu\/biztonsag\/wp-json\/wp\/v2\/categories?post=1331"},{"taxonomy":"post_tag","embeddable":true,"href":"https:\/\/semmelweis.hu\/biztonsag\/wp-json\/wp\/v2\/tags?post=1331"}],"curies":[{"name":"wp","href":"https:\/\/api.w.org\/{rel}","templated":true}]}}