{"id":1244,"date":"2019-01-16T09:45:01","date_gmt":"2019-01-16T08:45:01","guid":{"rendered":"http:\/\/semmelweis.hu\/biztonsag\/?page_id=1244"},"modified":"2019-01-17T12:40:20","modified_gmt":"2019-01-17T11:40:20","slug":"vagyonvedelem","status":"publish","type":"page","link":"https:\/\/semmelweis.hu\/biztonsag\/galeria\/vagyonvedelem\/","title":{"rendered":"Vagyonv\u00e9delem"},"content":{"rendered":"\r\n        [slb_exclude]\r\n        <div class=\"row galeria-wrapper mx-0 h-auto\">\r\n            <div class=\"col-9 pl-0 pr-2\">\r\n            <span class=\"gallery-item frame\">\r\n\t\t\t\t<div class=\"galeria-left-img\"><a href=\"https:\/\/semmelweis.hu\/biztonsag\/files\/2019\/01\/RS31301_KA-20150518-IMG_0987-scr.jpg\"><img src=https:\/\/semmelweis.hu\/biztonsag\/files\/2019\/01\/RS31301_KA-20150518-IMG_0987-scr.jpg  \r\n                            alt=\"Rektori Porta\" \r\n                            class=\"attachment-sote-gallery-big size-sote-gallery-big\" \r\n                            srcset=\"https:\/\/semmelweis.hu\/biztonsag\/files\/2019\/01\/RS31301_KA-20150518-IMG_0987-scr-300x200.jpg 300w, https:\/\/semmelweis.hu\/biztonsag\/files\/2019\/01\/RS31301_KA-20150518-IMG_0987-scr-768x512.jpg 768w, https:\/\/semmelweis.hu\/biztonsag\/files\/2019\/01\/RS31301_KA-20150518-IMG_0987-scr-450x300.jpg 450w, https:\/\/semmelweis.hu\/biztonsag\/files\/2019\/01\/RS31301_KA-20150518-IMG_0987-scr.jpg 950w\" ><\/a><\/div>\r\n            <\/span>\r\n\r\n            <\/div>\r\n\r\n\t\t\t<div class=\"col-3 pl-0 pr-0\">\r\n\t\t\t\t<div class=\"galeria-right-img d-flex justify-content-between flex-column h-100 w-100 px-0 mx-0 \">\r\n                <div class=\"galeria-box\">\r\n\t\t\t\t\t<h3 class=\"galeria-title\">Gal\u00e9ria<\/h3>\r\n\t\t\t\t\t<div class=\"galeria-subtitle\">\r\n\r\n\t\t\t\t\t\t<div class=\"galeria-page-counter\"><span>21<\/span>k\u00e9p<\/div>\r\n                    <\/div> <\/div>\r\n                    <span class=\"gallery-item frame d-none d-md-flex\">\r\n\t\t\t\t\t<div class=\"galeria-small-img mt-0\"><a href=\"https:\/\/semmelweis.hu\/biztonsag\/files\/2019\/01\/RS31302_KA-20150518-IMG_0988-scr.jpg\"><img src=https:\/\/semmelweis.hu\/biztonsag\/files\/2019\/01\/RS31302_KA-20150518-IMG_0988-scr.jpg \r\n                                alt=\"Rektori Porta\"  \r\n                                class=\"attachment-sote-gallery-small size-sote-gallery-small\" \r\n                                srcset=\"https:\/\/semmelweis.hu\/biztonsag\/files\/2019\/01\/RS31302_KA-20150518-IMG_0988-scr-300x200.jpg 300w, https:\/\/semmelweis.hu\/biztonsag\/files\/2019\/01\/RS31302_KA-20150518-IMG_0988-scr-768x512.jpg 768w, https:\/\/semmelweis.hu\/biztonsag\/files\/2019\/01\/RS31302_KA-20150518-IMG_0988-scr-450x300.jpg 450w, https:\/\/semmelweis.hu\/biztonsag\/files\/2019\/01\/RS31302_KA-20150518-IMG_0988-scr.jpg 950w\" ><\/a><\/div>\r\n                    <\/span>\r\n                    <span class=\"gallery-item frame d-none d-md-flex\">\r\n\t\t\t\t\t<div class=\"galeria-small-img mt-0\"><a href=\"https:\/\/semmelweis.hu\/biztonsag\/files\/2019\/01\/RS54079_KA-20161012-IMG_0605-scr.jpg\"><img src=https:\/\/semmelweis.hu\/biztonsag\/files\/2019\/01\/RS54079_KA-20161012-IMG_0605-scr.jpg \r\n                                alt=\"'S' \u00c9p\u00fclet\" \r\n                                class=\"attachment-sote-gallery-small size-sote-gallery-small\" \r\n                                srcset=\"https:\/\/semmelweis.hu\/biztonsag\/files\/2019\/01\/RS54079_KA-20161012-IMG_0605-scr-300x200.jpg 300w, https:\/\/semmelweis.hu\/biztonsag\/files\/2019\/01\/RS54079_KA-20161012-IMG_0605-scr-768x512.jpg 768w, https:\/\/semmelweis.hu\/biztonsag\/files\/2019\/01\/RS54079_KA-20161012-IMG_0605-scr-450x300.jpg 450w, https:\/\/semmelweis.hu\/biztonsag\/files\/2019\/01\/RS54079_KA-20161012-IMG_0605-scr.jpg 950w\" ><\/a><\/div>\r\n                    <\/span>\r\n\r\n                <\/div>\r\n\r\n            <\/div>\r\n\r\n            <span class=\"gallery-item\"><div class=\"hidden\"><a href=\"https:\/\/semmelweis.hu\/biztonsag\/files\/2019\/01\/RS71384_IMG_7788-scr.jpg\">\r\n        <img src=https:\/\/semmelweis.hu\/biztonsag\/files\/2019\/01\/RS71384_IMG_7788-scr.jpg alt=\"'S' \u00c9p\u00fclet\" class=\"attachment-sote-gallery-big size-sote-gallery-big\" srcset=\"https:\/\/semmelweis.hu\/biztonsag\/files\/2019\/01\/RS71384_IMG_7788-scr-300x200.jpg 300w, https:\/\/semmelweis.hu\/biztonsag\/files\/2019\/01\/RS71384_IMG_7788-scr-768x512.jpg 768w, https:\/\/semmelweis.hu\/biztonsag\/files\/2019\/01\/RS71384_IMG_7788-scr-450x300.jpg 450w, https:\/\/semmelweis.hu\/biztonsag\/files\/2019\/01\/RS71384_IMG_7788-scr.jpg 950w\" >\r\n        <\/a><\/div><\/span><span class=\"gallery-item\"><div class=\"hidden\"><a href=\"https:\/\/semmelweis.hu\/biztonsag\/files\/2019\/01\/RS71386_IMG_7781-scr.jpg\">\r\n        <img src=https:\/\/semmelweis.hu\/biztonsag\/files\/2019\/01\/RS71386_IMG_7781-scr.jpg alt=\"'S' \u00c9p\u00fclet\" class=\"attachment-sote-gallery-big size-sote-gallery-big\" srcset=\"https:\/\/semmelweis.hu\/biztonsag\/files\/2019\/01\/RS71386_IMG_7781-scr-300x200.jpg 300w, https:\/\/semmelweis.hu\/biztonsag\/files\/2019\/01\/RS71386_IMG_7781-scr-768x512.jpg 768w, https:\/\/semmelweis.hu\/biztonsag\/files\/2019\/01\/RS71386_IMG_7781-scr-450x300.jpg 450w, https:\/\/semmelweis.hu\/biztonsag\/files\/2019\/01\/RS71386_IMG_7781-scr.jpg 950w\" >\r\n        <\/a><\/div><\/span><span class=\"gallery-item\"><div class=\"hidden\"><a href=\"https:\/\/semmelweis.hu\/biztonsag\/files\/2019\/01\/RS71394_IMG_7752-scr.jpg\">\r\n        <img src=https:\/\/semmelweis.hu\/biztonsag\/files\/2019\/01\/RS71394_IMG_7752-scr.jpg alt=\"'S' \u00c9p\u00fclet\" class=\"attachment-sote-gallery-big size-sote-gallery-big\" srcset=\"https:\/\/semmelweis.hu\/biztonsag\/files\/2019\/01\/RS71394_IMG_7752-scr-300x200.jpg 300w, https:\/\/semmelweis.hu\/biztonsag\/files\/2019\/01\/RS71394_IMG_7752-scr-768x512.jpg 768w, https:\/\/semmelweis.hu\/biztonsag\/files\/2019\/01\/RS71394_IMG_7752-scr-450x300.jpg 450w, https:\/\/semmelweis.hu\/biztonsag\/files\/2019\/01\/RS71394_IMG_7752-scr.jpg 950w\" >\r\n        <\/a><\/div><\/span><span class=\"gallery-item\"><div class=\"hidden\"><a href=\"https:\/\/semmelweis.hu\/biztonsag\/files\/2019\/01\/RS71395_IMG_7747-scr.jpg\">\r\n        <img src=https:\/\/semmelweis.hu\/biztonsag\/files\/2019\/01\/RS71395_IMG_7747-scr.jpg alt=\"'S' \u00c9p\u00fclet\" class=\"attachment-sote-gallery-big size-sote-gallery-big\" srcset=\"https:\/\/semmelweis.hu\/biztonsag\/files\/2019\/01\/RS71395_IMG_7747-scr-300x200.jpg 300w, https:\/\/semmelweis.hu\/biztonsag\/files\/2019\/01\/RS71395_IMG_7747-scr-768x512.jpg 768w, https:\/\/semmelweis.hu\/biztonsag\/files\/2019\/01\/RS71395_IMG_7747-scr-450x300.jpg 450w, https:\/\/semmelweis.hu\/biztonsag\/files\/2019\/01\/RS71395_IMG_7747-scr.jpg 950w\" >\r\n        <\/a><\/div><\/span><span class=\"gallery-item\"><div class=\"hidden\"><a href=\"https:\/\/semmelweis.hu\/biztonsag\/files\/2019\/01\/RS80009_IMG_6425-scr.jpg\">\r\n        <img src=https:\/\/semmelweis.hu\/biztonsag\/files\/2019\/01\/RS80009_IMG_6425-scr.jpg alt=\"Rektori Porta\" class=\"attachment-sote-gallery-big size-sote-gallery-big\" srcset=\"https:\/\/semmelweis.hu\/biztonsag\/files\/2019\/01\/RS80009_IMG_6425-scr-300x200.jpg 300w, https:\/\/semmelweis.hu\/biztonsag\/files\/2019\/01\/RS80009_IMG_6425-scr-768x512.jpg 768w, https:\/\/semmelweis.hu\/biztonsag\/files\/2019\/01\/RS80009_IMG_6425-scr-450x300.jpg 450w, https:\/\/semmelweis.hu\/biztonsag\/files\/2019\/01\/RS80009_IMG_6425-scr.jpg 950w\" >\r\n        <\/a><\/div><\/span><span class=\"gallery-item\"><div class=\"hidden\"><a href=\"https:\/\/semmelweis.hu\/biztonsag\/files\/2019\/01\/RS80015_IMG_6405-scr.jpg\">\r\n        <img src=https:\/\/semmelweis.hu\/biztonsag\/files\/2019\/01\/RS80015_IMG_6405-scr.jpg alt=\"Rektori Porta\" class=\"attachment-sote-gallery-big size-sote-gallery-big\" srcset=\"https:\/\/semmelweis.hu\/biztonsag\/files\/2019\/01\/RS80015_IMG_6405-scr-300x197.jpg 300w, https:\/\/semmelweis.hu\/biztonsag\/files\/2019\/01\/RS80015_IMG_6405-scr-768x504.jpg 768w, https:\/\/semmelweis.hu\/biztonsag\/files\/2019\/01\/RS80015_IMG_6405-scr-457x300.jpg 457w, https:\/\/semmelweis.hu\/biztonsag\/files\/2019\/01\/RS80015_IMG_6405-scr.jpg 950w\" >\r\n        <\/a><\/div><\/span><span class=\"gallery-item\"><div class=\"hidden\"><a href=\"https:\/\/semmelweis.hu\/biztonsag\/files\/2019\/01\/RS80016_IMG_6447-scr.jpg\">\r\n        <img src=https:\/\/semmelweis.hu\/biztonsag\/files\/2019\/01\/RS80016_IMG_6447-scr.jpg alt=\"'S' \u00c9p\u00fclet\" class=\"attachment-sote-gallery-big size-sote-gallery-big\" srcset=\"https:\/\/semmelweis.hu\/biztonsag\/files\/2019\/01\/RS80016_IMG_6447-scr-300x188.jpg 300w, https:\/\/semmelweis.hu\/biztonsag\/files\/2019\/01\/RS80016_IMG_6447-scr-768x482.jpg 768w, https:\/\/semmelweis.hu\/biztonsag\/files\/2019\/01\/RS80016_IMG_6447-scr-478x300.jpg 478w, https:\/\/semmelweis.hu\/biztonsag\/files\/2019\/01\/RS80016_IMG_6447-scr.jpg 950w\" >\r\n        <\/a><\/div><\/span><span class=\"gallery-item\"><div class=\"hidden\"><a href=\"https:\/\/semmelweis.hu\/biztonsag\/files\/2019\/01\/RS83377_IMG_7282-scr.jpg\">\r\n        <img src=https:\/\/semmelweis.hu\/biztonsag\/files\/2019\/01\/RS83377_IMG_7282-scr.jpg alt=\"KDJSZ\" class=\"attachment-sote-gallery-big size-sote-gallery-big\" srcset=\"https:\/\/semmelweis.hu\/biztonsag\/files\/2019\/01\/RS83377_IMG_7282-scr-300x200.jpg 300w, https:\/\/semmelweis.hu\/biztonsag\/files\/2019\/01\/RS83377_IMG_7282-scr-768x512.jpg 768w, https:\/\/semmelweis.hu\/biztonsag\/files\/2019\/01\/RS83377_IMG_7282-scr-450x300.jpg 450w, https:\/\/semmelweis.hu\/biztonsag\/files\/2019\/01\/RS83377_IMG_7282-scr.jpg 950w\" >\r\n        <\/a><\/div><\/span><span class=\"gallery-item\"><div class=\"hidden\"><a href=\"https:\/\/semmelweis.hu\/biztonsag\/files\/2019\/01\/RS83378_IMG_7279-scr.jpg\">\r\n        <img src=https:\/\/semmelweis.hu\/biztonsag\/files\/2019\/01\/RS83378_IMG_7279-scr.jpg alt=\"KDJSZ\" class=\"attachment-sote-gallery-big size-sote-gallery-big\" srcset=\"https:\/\/semmelweis.hu\/biztonsag\/files\/2019\/01\/RS83378_IMG_7279-scr-300x200.jpg 300w, https:\/\/semmelweis.hu\/biztonsag\/files\/2019\/01\/RS83378_IMG_7279-scr-768x512.jpg 768w, https:\/\/semmelweis.hu\/biztonsag\/files\/2019\/01\/RS83378_IMG_7279-scr-450x300.jpg 450w, https:\/\/semmelweis.hu\/biztonsag\/files\/2019\/01\/RS83378_IMG_7279-scr.jpg 950w\" >\r\n        <\/a><\/div><\/span><span class=\"gallery-item\"><div class=\"hidden\"><a href=\"https:\/\/semmelweis.hu\/biztonsag\/files\/2019\/01\/RS83381_IMG_7272-scr.jpg\">\r\n        <img src=https:\/\/semmelweis.hu\/biztonsag\/files\/2019\/01\/RS83381_IMG_7272-scr.jpg alt=\"KDJSZ\" class=\"attachment-sote-gallery-big size-sote-gallery-big\" srcset=\"https:\/\/semmelweis.hu\/biztonsag\/files\/2019\/01\/RS83381_IMG_7272-scr-300x200.jpg 300w, https:\/\/semmelweis.hu\/biztonsag\/files\/2019\/01\/RS83381_IMG_7272-scr-768x512.jpg 768w, https:\/\/semmelweis.hu\/biztonsag\/files\/2019\/01\/RS83381_IMG_7272-scr-450x300.jpg 450w, https:\/\/semmelweis.hu\/biztonsag\/files\/2019\/01\/RS83381_IMG_7272-scr.jpg 950w\" >\r\n        <\/a><\/div><\/span><span class=\"gallery-item\"><div class=\"hidden\"><a href=\"https:\/\/semmelweis.hu\/biztonsag\/files\/2019\/01\/RS83385_IMG_7263-scr.jpg\">\r\n        <img src=https:\/\/semmelweis.hu\/biztonsag\/files\/2019\/01\/RS83385_IMG_7263-scr.jpg alt=\"KDJSZ\" class=\"attachment-sote-gallery-big size-sote-gallery-big\" srcset=\"https:\/\/semmelweis.hu\/biztonsag\/files\/2019\/01\/RS83385_IMG_7263-scr-300x200.jpg 300w, https:\/\/semmelweis.hu\/biztonsag\/files\/2019\/01\/RS83385_IMG_7263-scr-768x512.jpg 768w, https:\/\/semmelweis.hu\/biztonsag\/files\/2019\/01\/RS83385_IMG_7263-scr-450x300.jpg 450w, https:\/\/semmelweis.hu\/biztonsag\/files\/2019\/01\/RS83385_IMG_7263-scr.jpg 950w\" >\r\n        <\/a><\/div><\/span><span class=\"gallery-item\"><div class=\"hidden\"><a href=\"https:\/\/semmelweis.hu\/biztonsag\/files\/2019\/01\/RS83391_IMG_7242-scr.jpg\">\r\n        <img src=https:\/\/semmelweis.hu\/biztonsag\/files\/2019\/01\/RS83391_IMG_7242-scr.jpg alt=\"KDJSZ\" class=\"attachment-sote-gallery-big size-sote-gallery-big\" srcset=\"https:\/\/semmelweis.hu\/biztonsag\/files\/2019\/01\/RS83391_IMG_7242-scr-300x200.jpg 300w, https:\/\/semmelweis.hu\/biztonsag\/files\/2019\/01\/RS83391_IMG_7242-scr-768x512.jpg 768w, https:\/\/semmelweis.hu\/biztonsag\/files\/2019\/01\/RS83391_IMG_7242-scr-450x300.jpg 450w, https:\/\/semmelweis.hu\/biztonsag\/files\/2019\/01\/RS83391_IMG_7242-scr.jpg 950w\" >\r\n        <\/a><\/div><\/span><span class=\"gallery-item\"><div class=\"hidden\"><a href=\"https:\/\/semmelweis.hu\/biztonsag\/files\/2019\/01\/RS83396_IMG_7228-scr.jpg\">\r\n        <img src=https:\/\/semmelweis.hu\/biztonsag\/files\/2019\/01\/RS83396_IMG_7228-scr.jpg alt=\"KDJSZ\" class=\"attachment-sote-gallery-big size-sote-gallery-big\" srcset=\"https:\/\/semmelweis.hu\/biztonsag\/files\/2019\/01\/RS83396_IMG_7228-scr-300x200.jpg 300w, https:\/\/semmelweis.hu\/biztonsag\/files\/2019\/01\/RS83396_IMG_7228-scr-768x512.jpg 768w, https:\/\/semmelweis.hu\/biztonsag\/files\/2019\/01\/RS83396_IMG_7228-scr-450x300.jpg 450w, https:\/\/semmelweis.hu\/biztonsag\/files\/2019\/01\/RS83396_IMG_7228-scr.jpg 950w\" >\r\n        <\/a><\/div><\/span><span class=\"gallery-item\"><div class=\"hidden\"><a href=\"https:\/\/semmelweis.hu\/biztonsag\/files\/2019\/01\/RS83398_IMG_7226-scr.jpg\">\r\n        <img src=https:\/\/semmelweis.hu\/biztonsag\/files\/2019\/01\/RS83398_IMG_7226-scr.jpg alt=\"KDJSZ\" class=\"attachment-sote-gallery-big size-sote-gallery-big\" srcset=\"https:\/\/semmelweis.hu\/biztonsag\/files\/2019\/01\/RS83398_IMG_7226-scr-300x200.jpg 300w, https:\/\/semmelweis.hu\/biztonsag\/files\/2019\/01\/RS83398_IMG_7226-scr-768x512.jpg 768w, https:\/\/semmelweis.hu\/biztonsag\/files\/2019\/01\/RS83398_IMG_7226-scr-450x300.jpg 450w, https:\/\/semmelweis.hu\/biztonsag\/files\/2019\/01\/RS83398_IMG_7226-scr.jpg 950w\" >\r\n        <\/a><\/div><\/span><span class=\"gallery-item\"><div class=\"hidden\"><a href=\"https:\/\/semmelweis.hu\/biztonsag\/files\/2019\/01\/RS83399_IMG_7224-scr.jpg\">\r\n        <img src=https:\/\/semmelweis.hu\/biztonsag\/files\/2019\/01\/RS83399_IMG_7224-scr.jpg alt=\"KDJSZ\" class=\"attachment-sote-gallery-big size-sote-gallery-big\" srcset=\"https:\/\/semmelweis.hu\/biztonsag\/files\/2019\/01\/RS83399_IMG_7224-scr-300x200.jpg 300w, https:\/\/semmelweis.hu\/biztonsag\/files\/2019\/01\/RS83399_IMG_7224-scr-768x512.jpg 768w, https:\/\/semmelweis.hu\/biztonsag\/files\/2019\/01\/RS83399_IMG_7224-scr-450x300.jpg 450w, https:\/\/semmelweis.hu\/biztonsag\/files\/2019\/01\/RS83399_IMG_7224-scr.jpg 950w\" >\r\n        <\/a><\/div><\/span><span class=\"gallery-item\"><div class=\"hidden\"><a href=\"https:\/\/semmelweis.hu\/biztonsag\/files\/2019\/01\/RS83401_IMG_7221-scr.jpg\">\r\n        <img src=https:\/\/semmelweis.hu\/biztonsag\/files\/2019\/01\/RS83401_IMG_7221-scr.jpg alt=\"KDJSZ\" class=\"attachment-sote-gallery-big size-sote-gallery-big\" srcset=\"https:\/\/semmelweis.hu\/biztonsag\/files\/2019\/01\/RS83401_IMG_7221-scr-300x200.jpg 300w, https:\/\/semmelweis.hu\/biztonsag\/files\/2019\/01\/RS83401_IMG_7221-scr-768x512.jpg 768w, https:\/\/semmelweis.hu\/biztonsag\/files\/2019\/01\/RS83401_IMG_7221-scr-450x300.jpg 450w, https:\/\/semmelweis.hu\/biztonsag\/files\/2019\/01\/RS83401_IMG_7221-scr.jpg 950w\" >\r\n        <\/a><\/div><\/span><span class=\"gallery-item\"><div class=\"hidden\"><a href=\"https:\/\/semmelweis.hu\/biztonsag\/files\/2019\/01\/RS83577_IMG_7919-scr.jpg\">\r\n        <img src=https:\/\/semmelweis.hu\/biztonsag\/files\/2019\/01\/RS83577_IMG_7919-scr.jpg alt=\"KDJSZ\" class=\"attachment-sote-gallery-big size-sote-gallery-big\" srcset=\"https:\/\/semmelweis.hu\/biztonsag\/files\/2019\/01\/RS83577_IMG_7919-scr-300x200.jpg 300w, https:\/\/semmelweis.hu\/biztonsag\/files\/2019\/01\/RS83577_IMG_7919-scr-768x512.jpg 768w, https:\/\/semmelweis.hu\/biztonsag\/files\/2019\/01\/RS83577_IMG_7919-scr-450x300.jpg 450w, https:\/\/semmelweis.hu\/biztonsag\/files\/2019\/01\/RS83577_IMG_7919-scr.jpg 950w\" >\r\n        <\/a><\/div><\/span><span class=\"gallery-item\"><div class=\"hidden\"><a href=\"https:\/\/semmelweis.hu\/biztonsag\/files\/2019\/01\/RS83590_IMG_7961-scr.jpg\">\r\n        <img src=https:\/\/semmelweis.hu\/biztonsag\/files\/2019\/01\/RS83590_IMG_7961-scr.jpg alt=\"\u00c9rint\u00e9sv\u00e9delem\" class=\"attachment-sote-gallery-big size-sote-gallery-big\" srcset=\"https:\/\/semmelweis.hu\/biztonsag\/files\/2019\/01\/RS83590_IMG_7961-scr-300x200.jpg 300w, https:\/\/semmelweis.hu\/biztonsag\/files\/2019\/01\/RS83590_IMG_7961-scr-768x512.jpg 768w, https:\/\/semmelweis.hu\/biztonsag\/files\/2019\/01\/RS83590_IMG_7961-scr-450x300.jpg 450w, https:\/\/semmelweis.hu\/biztonsag\/files\/2019\/01\/RS83590_IMG_7961-scr.jpg 950w\" >\r\n        <\/a><\/div><\/span>\r\n            <\/div>\r\n\r\n            [\/slb_exclude]\r\n\t\n<p>&nbsp;<\/p>\n","protected":false},"excerpt":{"rendered":"<p>&nbsp;<\/p>\n","protected":false},"author":288,"featured_media":0,"parent":1236,"menu_order":0,"comment_status":"closed","ping_status":"closed","template":"","meta":{"_acf_changed":false,"footnotes":""},"categories":[],"tags":[],"class_list":["post-1244","page","type-page","status-publish","hentry"],"acf":[],"_links":{"self":[{"href":"https:\/\/semmelweis.hu\/biztonsag\/wp-json\/wp\/v2\/pages\/1244","targetHints":{"allow":["GET"]}}],"collection":[{"href":"https:\/\/semmelweis.hu\/biztonsag\/wp-json\/wp\/v2\/pages"}],"about":[{"href":"https:\/\/semmelweis.hu\/biztonsag\/wp-json\/wp\/v2\/types\/page"}],"author":[{"embeddable":true,"href":"https:\/\/semmelweis.hu\/biztonsag\/wp-json\/wp\/v2\/users\/288"}],"replies":[{"embeddable":true,"href":"https:\/\/semmelweis.hu\/biztonsag\/wp-json\/wp\/v2\/comments?post=1244"}],"version-history":[{"count":7,"href":"https:\/\/semmelweis.hu\/biztonsag\/wp-json\/wp\/v2\/pages\/1244\/revisions"}],"predecessor-version":[{"id":1326,"href":"https:\/\/semmelweis.hu\/biztonsag\/wp-json\/wp\/v2\/pages\/1244\/revisions\/1326"}],"up":[{"embeddable":true,"href":"https:\/\/semmelweis.hu\/biztonsag\/wp-json\/wp\/v2\/pages\/1236"}],"wp:attachment":[{"href":"https:\/\/semmelweis.hu\/biztonsag\/wp-json\/wp\/v2\/media?parent=1244"}],"wp:term":[{"taxonomy":"category","embeddable":true,"href":"https:\/\/semmelweis.hu\/biztonsag\/wp-json\/wp\/v2\/categories?post=1244"},{"taxonomy":"post_tag","embeddable":true,"href":"https:\/\/semmelweis.hu\/biztonsag\/wp-json\/wp\/v2\/tags?post=1244"}],"curies":[{"name":"wp","href":"https:\/\/api.w.org\/{rel}","templated":true}]}}