{"id":980,"date":"2021-01-04T13:07:01","date_gmt":"2021-01-04T12:07:01","guid":{"rendered":"https:\/\/semmelweis.hu\/bizottsagok\/?page_id=980"},"modified":"2023-03-16T12:55:39","modified_gmt":"2023-03-16T11:55:39","slug":"equal-opportunities-committee","status":"publish","type":"page","link":"https:\/\/semmelweis.hu\/bizottsagok\/en\/constant-committees\/committees-with-university-competence\/equal-opportunities-committee\/","title":{"rendered":"EQUAL OPPORTUNITIES COMMITTEE"},"content":{"rendered":"<div class=\"responsive-tabs\">\n<h2 class=\"tabtitle\">Tasks and Competences<\/h2>\n<div class=\"tabcontent\">\n\n<p>The tasks of the Equal Opportunities Committee with regards to the Plan of Equal Opportunities:<\/p>\n<ul>\n<li>gives an opinion on the Plan of Equal Opportunities and proposes its adoption and amendment to the Rector and the Chancellor;<\/li>\n<li>monitors the balanced representation of men and women within university boards, if necessary at the end of each academic year \u2013 as part of the opinionating about the Plan of Equal Opportunities &#8211; makes a proposal for the Rector and the Chancellor to ensure proportional representation;<\/li>\n<li>may make a recommendation to promote equal opportunities,<\/li>\n<li>gives an opinion on the equal opportunities parts of the Information on Admissions;<\/li>\n<li>by the end of each academic year \u2013 as part of the opinionating about the Plan of Equal Opportunities \u2013 makes proposals to the Chancellor and the Rector on the use of normative support to help students with disabilities with their studies, as well as on the acquisition of material assets necessary for the assistance, and the improvement of personal conditions;<\/li>\n<li>as part of the opinionating about the Plan of Equal Opportunities, it makes a proposal to the Rector and Chancellor to ensure the necessary conditions for the admission procedure of persons with disabilities applying to the University for the purpose of establishing a legal student relationship;<\/li>\n<li>in the light of the budget within the current year&#8217;s Plan of Equal Opportunities, makes a proposal to the Rector and the Chancellor on how students with disabilities can use the available personal and technical assistance and services; also coordinates the provision of the necessary conditions, and makes a recommendation to university and faculty leaders to improve the study conditions of students with disabilities;<\/li>\n<li>considers it a priority to inform students with disabilities about equal opportunities,<\/li>\n<li>assesses the application of students with disabilities for exemptions or other concessions from subject and examination requirements;<\/li>\n<li>makes a proposal to the Rector and the Chancellor by the recommendation of the institutional coordinator and the experts involved in connection with notifications of the rectification of anomalies in the application of university standards on equal opportunities,<\/li>\n<li>makes recommendations on injury-specific requirements for medical-, career- and professional aptitude tests;<\/li>\n<li>monitors the implementation of equal opportunities and the implementation of the prohibition of discrimination in respect of all organizational units and employees of the University;<\/li>\n<li>makes a recommendation on the working conditions of women, young people, employees over the age of 40, disabled workers and workers with disabilities, and on the employment conditions of workers raising children under the age of ten or those raising a child alone;<\/li>\n<li>monitors the effectiveness of the implementation of the ordered equal opportunities measures<\/li>\n<li>acts in cases of individual equal opportunities.<\/li>\n<\/ul>\n\n<\/div><h2 class=\"tabtitle\">Members<\/h2>\n<div class=\"tabcontent\">\n\n<p><strong><em>Contact:<\/em><\/strong>\u00a0 Bal\u00e1zs Horv\u00e1th<br \/>\n<strong><em>Email:<\/em><\/strong>\u00a0<u><a href=\"mailto:horvath.balazs@semmelweis-univ.hu\">horvath.balazs@semmelweis-univ.hu<\/a><\/u><\/p>\n    \r\n    <div id=\"peopleContainer\" style=\"text-align:center;\">\r\n    <input type=\"hidden\" name=\"cimkek\" id=\"cimkek\" value=\"Last name,First <br \/>\nname,Basis of mandate,Type of mandate,Student Affairs Subcommittee,Employee Affairs Subcommitee,Beginning of the mandate,End of <br \/>\nmandate,Mandate document,Reason for termination,Date of termination\">\r\n    <input type=\"hidden\" name=\"kihagy_aktiv\" id=\"kihagy_aktiv\" value=\"Reason for termination||megszunes_oka,Date of termination|| <br \/>\nmegszunes_datuma\">\r\n    <input type=\"hidden\" name=\"kihagy_archiv\" id=\"kihagy_archiv\" value=\"\">\r\n    <div id=\"aktivTagokContainer\" style=\"overflow:auto;\">\r\n        <table>\r\n        <thead style=\"text-align:center;\">\r\n            <th>Last name<\/th><th>First <br \/>\nname<\/th><th>Basis of mandate<\/th><th>Type of mandate<\/th><th>Student Affairs Subcommittee<\/th><th>Employee Affairs Subcommitee<\/th><th>Beginning of the mandate<\/th><th>End of <br \/>\nmandate<\/th><th>Mandate document<\/th>        <\/thead>\r\n        <tbody>\r\n        <tr><td>Dr. Hermann<\/td><td>P\u00e9ter<\/td><td>Foglalkoztatott \/ Employee \/ Besch\u00e4ftige(r)<\/td><td>Eln\u00f6k \/ Chairperson \/ Vorsitzender<\/td><td>Eln\u00f6k \/ Chairperson \/ Vorsitzender<\/td><td>Eln\u00f6k \/ Chairperson \/ Vorsitzender<\/td><td>2023-09-01<\/td><td>2026-08-31<\/td><td><a href=\"https:\/\/semmelweis.hu\/jogigfoig\/files\/2023\/07\/61_2023_EEB-szemelyi-osszetetelenek-modositasa.pdf\">Megb\u00edzat\u00e1si dokumentum \/ Mandate document \/ Mandatsdokument<\/a><\/td><td> <\/td><\/tr><tr><td>Dr. D\u00f3sa <\/td><td>\u00c1gnes<\/td><td>Foglalkoztatott \/ Employee \/ Besch\u00e4ftige(r)<\/td><td>Tag \/ Member \/ Mitglied<\/td><td>Tag \/ Member \/ Mitglied<\/td><td> <\/td><td>2023-09-01<\/td><td>2026-08-31<\/td><td><a href=\"https:\/\/semmelweis.hu\/jogigfoig\/files\/2023\/07\/61_2023_EEB-szemelyi-osszetetelenek-modositasa.pdf\">Megbizat\u00e1si dokumentum \/ Mandate document \/ Mandatsdokument<\/a><\/td><td> <\/td><\/tr><tr><td>Dr. Semsey<\/td><td>G\u00e1bor<\/td><td>Foglalkoztatott \/ Employee \/ Besch\u00e4ftige(r)<\/td><td>Tag \/ Member \/ Mitglied<\/td><td>Tag \/ Member \/ Mitglied<\/td><td> <\/td><td>2023-09-01<\/td><td>2026-08-31<\/td><td><a href=\"https:\/\/semmelweis.hu\/jogigfoig\/files\/2023\/07\/61_2023_EEB-szemelyi-osszetetelenek-modositasa.pdf\">Megbizat\u00e1si dokumentum \/ Mandate document \/ Mandatsdokument<\/a><\/td><td> <\/td><\/tr><tr><td>Dr. Deme<\/td><td>Ruth<\/td><td>Foglalkoztatott \/ Employee \/ Besch\u00e4ftige(r)<\/td><td>Tag \/ Member \/ Mitglied<\/td><td>Tag \/ Member \/ Mitglied<\/td><td> <\/td><td>2023-09-01<\/td><td>2026-08-31<\/td><td><a href=\"https:\/\/semmelweis.hu\/jogigfoig\/files\/2023\/07\/61_2023_EEB-szemelyi-osszetetelenek-modositasa.pdf\">Megbizat\u00e1si dokumentum \/ Mandate document \/ Mandatsdokument<\/a><\/td><td> <\/td><\/tr><tr><td>Dr. Kapit\u00e1ny-F\u00f6v\u00e9ny<\/td><td>M\u00e1t\u00e9<\/td><td>Foglalkoztatott \/ Employee \/ Besch\u00e4ftige(r)<\/td><td>Tag \/ Member \/ Mitglied<\/td><td>Tag \/ Member \/ Mitglied<\/td><td> <\/td><td>2023-09-01<\/td><td>2026-08-31<\/td><td><a href=\"https:\/\/semmelweis.hu\/jogigfoig\/files\/2023\/07\/61_2023_EEB-szemelyi-osszetetelenek-modositasa.pdf\">Megbizat\u00e1si dokumentum \/ Mandate document \/ Mandatsdokument<\/a><\/td><td> <\/td><\/tr><tr><td>Dr. Balogh<\/td><td>Emese Celeszta<\/td><td>Foglalkoztatott \/ Employee \/ Besch\u00e4ftige(r)<\/td><td>Tag \/ Member \/ Mitglied<\/td><td>Tag \/ Member \/ Mitglied<\/td><td> <\/td><td>2023-09-01<\/td><td>2026-08-31<\/td><td><a href=\"https:\/\/semmelweis.hu\/jogigfoig\/files\/2023\/07\/61_2023_EEB-szemelyi-osszetetelenek-modositasa.pdf\">Megbizat\u00e1si dokumentum \/ Mandate document \/ Mandatsdokument<\/a><\/td><td> <\/td><\/tr><tr><td>Dr. R\u00f3zsa<\/td><td>No\u00e9mi<\/td><td>Foglalkoztatott \/ Employee \/ Besch\u00e4ftige(r)<\/td><td>Tag \/ Member \/ Mitglied<\/td><td>Tag \/ Member \/ Mitglied<\/td><td> <\/td><td>2023-09-01<\/td><td>2026-08-31<\/td><td><a href=\"https:\/\/semmelweis.hu\/jogigfoig\/files\/2023\/07\/61_2023_EEB-szemelyi-osszetetelenek-modositasa.pdf\">Megbizat\u00e1si dokumentum \/ Mandate document \/ Mandatsdokument<\/a><\/td><td> <\/td><\/tr><tr><td>Dr. R\u00e9thelyi<\/td><td>J\u00e1nos<\/td><td>Foglalkoztatott \/ Employee \/ Besch\u00e4ftige(r)<\/td><td>Tag \/ Member \/ Mitglied<\/td><td> <\/td><td>Tag \/ Member \/ Mitglied<\/td><td>2023-09-01<\/td><td>2026-08-31<\/td><td><a href=\"https:\/\/semmelweis.hu\/jogigfoig\/files\/2023\/07\/61_2023_EEB-szemelyi-osszetetelenek-modositasa.pdf\">Megbizat\u00e1si dokumentum \/ Mandate document \/ Mandatsdokument<\/a><\/td><td> <\/td><\/tr><tr><td>Dr. Weltner<\/td><td>J\u00e1nos<\/td><td>Foglalkoztatott \/ Employee \/ Besch\u00e4ftige(r)<\/td><td>Tag \/ Member \/ Mitglied<\/td><td> <\/td><td>Tag \/ Member \/ Mitglied<\/td><td>2023-09-01<\/td><td>2026-08-31<\/td><td><a href=\"https:\/\/semmelweis.hu\/jogigfoig\/files\/2023\/07\/61_2023_EEB-szemelyi-osszetetelenek-modositasa.pdf\">Megbizat\u00e1si dokumentum \/ Mandate document \/ Mandatsdokument<\/a><\/td><td> <\/td><\/tr><tr><td>Adonicsn\u00e9 P\u00fcski<\/td><td>Kata<\/td><td>Foglalkoztatott \/ Employee \/ Besch\u00e4ftige(r)<\/td><td>Tag \/ Member \/ Mitglied<\/td><td> <\/td><td> <\/td><td>2023-09-01<\/td><td>2026-08-31<\/td><td><a href=\"https:\/\/semmelweis.hu\/jogigfoig\/files\/2023\/07\/61_2023_EEB-szemelyi-osszetetelenek-modositasa.pdf\">Megbizat\u00e1si dokumentum \/ Mandate document \/ Mandatsdokument<\/a><\/td><td> <\/td><\/tr><tr><td>Dr. Taga<\/td><td>\u00c9va<\/td><td>Foglalkoztatott \/ Employee \/ Besch\u00e4ftige(r)<\/td><td>Tag \/ Member \/ Mitglied<\/td><td> <\/td><td> <\/td><td>2023-09-01<\/td><td>2026-08-31<\/td><td><a href=\"https:\/\/semmelweis.hu\/jogigfoig\/files\/2023\/07\/61_2023_EEB-szemelyi-osszetetelenek-modositasa.pdf\">Megbizat\u00e1si dokumentum \/ Mandate document \/ Mandatsdokument<\/a><\/td><td> <\/td><\/tr><tr><td>Dr. Haba<\/td><td>Kata<\/td><td>Hallgat\u00f3i jogviszony\/ Student status\/ Studierendenrechtsverh\u00e4ltnis<\/td><td>Tag \/ Member \/ Mitglied<\/td><td> <\/td><td> <\/td><td>2024-02-29<\/td><td>2026-08-31<\/td><td><a href=\"https:\/\/semmelweis.hu\/jogigfoig\/files\/2024\/03\/15_2024_allando-bizottsagok-doktorandusz-hallgatok_.pdf?_gl=1*1n46vsl*_up*MQ..*_ga*MTMyNTAxMTUwNi4xNzA5ODk3MzQ2*_ga_5B3MMKXDLW*MTcwOTg5NzM0NS4xLjEuMTcwOTg5NzQxMC4wLjAuMA..\">Megbizat\u00e1si dokumentum \/ Mandate document \/ Mandatsdokument<\/a><\/td><td> <\/td><\/tr><tr><td>Fejes<\/td><td>Istv\u00e1n<\/td><td>Hallgat\u00f3i jogviszony\/ Student status\/ Studierendenrechtsverh\u00e4ltnis<\/td><td>Tag \/ Member \/ Mitglied<\/td><td>Tag \/ Member \/ Mitglied<\/td><td> <\/td><td>2025-06-26<\/td><td>2026-08-31<\/td><td><a href=\"https:\/\/semmelweis.hu\/jogigfoig\/files\/2025\/07\/61_2025_allando-bizottsagok-hallgatoi-tagsagai.pdf\">Megbizat\u00e1si dokumentum \/ Mandate document \/ Mandatsdokument<\/a><\/td><td> <\/td><\/tr><tr><td>Sz\u00fcr\u00f6s<\/td><td>M\u00e1t\u00e9<\/td><td>Hallgat\u00f3i jogviszony\/ Student status\/ Studierendenrechtsverh\u00e4ltnis<\/td><td>Tag \/ Member \/ Mitglied<\/td><td>Tag \/ Member \/ Mitglied<\/td><td> <\/td><td>2025-06-26<\/td><td>2026-08-31<\/td><td><a href=\"https:\/\/semmelweis.hu\/jogigfoig\/files\/2025\/07\/61_2025_allando-bizottsagok-hallgatoi-tagsagai.pdf\">Megbizat\u00e1si dokumentum \/ Mandate document \/ Mandatsdokument<\/a><\/td><td> <\/td><\/tr>        \r\n        \r\n        <\/tbody>\r\n        <\/table>\r\n        <\/div>\r\n\r\n    <div id=\"archivTagokContainer\" style=\"overflow:auto;\">\r\n            <div class=\"exp-col-content-holder\" style=\"border: none;\">\r\n        <a class=\"expand-cnt-link ecf_closed\" href=\"#\">Arch\u00edv<\/a>\r\n        <div class=\"hidden-content\" style=\"display: none;\">\r\n                <table>\r\n            <thead style=\"text-align:center;\">\r\n                <th>Last name<\/th><th>First <br \/>\nname<\/th><th>Basis of mandate<\/th><th>Type of mandate<\/th><th>Student Affairs Subcommittee<\/th><th>Employee Affairs Subcommitee<\/th><th>Beginning of the mandate<\/th><th>End of <br \/>\nmandate<\/th><th>Mandate document<\/th><th>Reason for termination<\/th><th>Date of termination<\/th>            <\/thead>\r\n            <tbody>\r\n            <tr><td>Dr. Sz\u0151ke<\/td><td>D\u00e1niel Imre<\/td><td>Hallgat\u00f3i jogviszony\/ Student status\/ Studierendenrechtsverh\u00e4ltnis<\/td><td>Tag \/ Memeber \/ Mitglied<\/td><td>Tag \/ Memeber \/ Mitglied<\/td><td>  <\/td><td>2020-09-01<\/td><td>2023-08-31<\/td><td><a href=\"https:\/\/semmelweis.hu\/jogigfoig\/files\/2020\/09\/164_2020_Egyetemi-Es%C3%A9lyegyenl%C5%91s%C3%A9gi-Bizotts%C3%A1g-szem%C3%A9lyi-%C3%B6sszet%C3%A9tel%C3%A9nek-meg%C3%BAj%C3%ADt%C3%A1s%C3%A1r%C3%B3l.pdf\">Megbizat\u00e1si dokumentum \/ Mandate document \/ Mandatsdokument<\/a><\/td><td>Megb\u00edzat\u00e1s lej\u00e1rta<\/td><td>2023-08-31<\/td><\/tr><tr><td>Sz\u0171cs<\/td><td>Attila<\/td><td>Hallgat\u00f3i jogviszony\/ Student status\/ Studierendenrechtsverh\u00e4ltnis<\/td><td>Tag \/ Memeber \/ Mitglied<\/td><td>Tag \/ Memeber \/ Mitglied<\/td><td>  <\/td><td>2020-09-01<\/td><td>2023-08-31<\/td><td><a href=\"https:\/\/semmelweis.hu\/jogigfoig\/files\/2020\/09\/164_2020_Egyetemi-Es%C3%A9lyegyenl%C5%91s%C3%A9gi-Bizotts%C3%A1g-szem%C3%A9lyi-%C3%B6sszet%C3%A9tel%C3%A9nek-meg%C3%BAj%C3%ADt%C3%A1s%C3%A1r%C3%B3l.pdf\">Megbizat\u00e1si dokumentum \/ Mandate document \/ Mandatsdokument<\/a><\/td><td>Egy\u00e9b megsz\u0171n\u00e9si ok<\/td><td>2023-06-28<\/td><\/tr><tr><td>V\u00f6lcsei<\/td><td>Norbert<\/td><td>Hallgat\u00f3i jogviszony\/ Student status\/ Studierendenrechtsverh\u00e4ltnis<\/td><td>Tag \/ Member \/ Mitglied<\/td><td>Tag \/ Member \/ Mitglied<\/td><td>  <\/td><td>2020-09-01<\/td><td>2023-08-31<\/td><td><a href=\"https:\/\/semmelweis.hu\/jogigfoig\/files\/2020\/09\/164_2020_Egyetemi-Es%C3%A9lyegyenl%C5%91s%C3%A9gi-Bizotts%C3%A1g-szem%C3%A9lyi-%C3%B6sszet%C3%A9tel%C3%A9nek-meg%C3%BAj%C3%ADt%C3%A1s%C3%A1r%C3%B3l.pdf\">Megbizat\u00e1si dokumentum \/ Mandate document \/ Mandatsdokument<\/a><\/td><td>Egy\u00e9b megsz\u0171n\u00e9si ok<\/td><td>2023-06-28<\/td><\/tr><tr><td>Farkas<\/td><td>G\u00e1bor<\/td><td>Foglalkoztatott \/ Employee \/ Besch\u00e4ftige(r)\t<\/td><td>Tag \/ Member \/ Mitglied<\/td><td>  <\/td><td>Tag \/ Member \/ Mitglied<\/td><td>2020-09-01<\/td><td>2023-08-31<\/td><td><a href=\"https:\/\/semmelweis.hu\/jogigfoig\/files\/2020\/09\/164_2020_Egyetemi-Es%C3%A9lyegyenl%C5%91s%C3%A9gi-Bizotts%C3%A1g-szem%C3%A9lyi-%C3%B6sszet%C3%A9tel%C3%A9nek-meg%C3%BAj%C3%ADt%C3%A1s%C3%A1r%C3%B3l.pdf\">Megbizat\u00e1si dokumentum \/ Mandate document \/ Mandatsdokument<\/a><\/td><td>Megb\u00edzat\u00e1s lej\u00e1rta<\/td><td>2023-08-31<\/td><\/tr><tr><td>Nagy<\/td><td>L\u00e1szl\u00f3<\/td><td>Foglalkoztatott \/ Employee \/ Besch\u00e4ftige(r)<\/td><td>Tag \/ Member \/ Mitglied<\/td><td>  <\/td><td>Tag \/ Member \/ Mitglied<\/td><td>2020-09-01<\/td><td>2023-08-31<\/td><td><a href=\"https:\/\/semmelweis.hu\/jogigfoig\/files\/2020\/09\/164_2020_Egyetemi-Es%C3%A9lyegyenl%C5%91s%C3%A9gi-Bizotts%C3%A1g-szem%C3%A9lyi-%C3%B6sszet%C3%A9tel%C3%A9nek-meg%C3%BAj%C3%ADt%C3%A1s%C3%A1r%C3%B3l.pdf\">Megbizat\u00e1si dokumentum \/ Mandate document \/ Mandatsdokument<\/a><\/td><td>Megb\u00edzat\u00e1s lej\u00e1rta<\/td><td>2023-08-31<\/td><\/tr><tr><td>P\u00e1l<\/td><td>Kinga \u00c1gnes<\/td><td>Hallgat\u00f3i jogviszony\/ Student status\/ Studierendenrechtsverh\u00e4ltnis<\/td><td>Tag \/ Member \/ Mitglied<\/td><td> Tag \/ Member \/ Mitglied<\/td><td> <\/td><td>2023-09-01<\/td><td>2026-08-31<\/td><td><a href=\"https:\/\/semmelweis.hu\/jogigfoig\/files\/2023\/07\/61_2023_EEB-szemelyi-osszetetelenek-modositasa.pdf\">Megbizat\u00e1si dokumentum \/ Mandate document \/ Mandatsdokument<\/a><\/td><td>Egy\u00e9b megsz\u0171n\u00e9si ok<\/td><td>2025-06-26<\/td><\/tr><tr><td>Ko\u00f3s<\/td><td>G\u00e1bor<\/td><td>Hallgat\u00f3i jogviszony\/ Student status\/ Studierendenrechtsverh\u00e4ltnis<\/td><td>Tag \/ Member \/ Mitglied<\/td><td>Tag \/ Member \/ Mitglied<\/td><td> <\/td><td>2023-09-01<\/td><td>2026-08-31<\/td><td><a href=\"https:\/\/semmelweis.hu\/jogigfoig\/files\/2023\/07\/61_2023_EEB-szemelyi-osszetetelenek-modositasa.pdf\">Megbizat\u00e1si dokumentum \/ Mandate document \/ Mandatsdokument<\/a><\/td><td>Egy\u00e9b megsz\u0171n\u00e9si ok<\/td><td>2025-06-25<\/td><\/tr><tr><td>Dr. \u00c1rm\u00f3s<\/td><td>Rich\u00e1rd Levente<\/td><td>Hallgat\u00f3i jogviszony\/ Student status\/ Studierendenrechtsverh\u00e4ltnis<\/td><td>Tag \/ Member \/ Mitglied<\/td><td>Tag \/ Member \/ Mitglied<\/td><td> <\/td><td>2023-09-01<\/td><td>2026-08-31<\/td><td><a href=\"https:\/\/semmelweis.hu\/jogigfoig\/files\/2023\/07\/61_2023_EEB-szemelyi-osszetetelenek-modositasa.pdf\">Megbizat\u00e1si dokumentum \/ Mandate document \/ Mandatsdokument<\/a><\/td><td>Egy\u00e9b megsz\u0171n\u00e9si ok<\/td><td>2024-02-28<\/td><\/tr>            <\/tbody>\r\n            <\/table>\r\n        <\/div>\r\n        <\/div>\r\n    <\/div>\r\n    <\/div>\r\n    \n\n<\/div><h2 class=\"tabtitle\">Rules of Procedure<\/h2>\n<div class=\"tabcontent\">\n\n<p><a href=\"https:\/\/semmelweis.hu\/jogigfoig\/files\/2020\/08\/SE_EEB-%C3%BCgyrend.pdf\"><u>Procedure of Equal Opportunities Committee<\/u><\/a><\/p>\n\n<\/div><h2 class=\"tabtitle\">Annual Report<\/h2>\n<div class=\"tabcontent\">\n\n<p><a href=\"https:\/\/semmelweis.hu\/bizottsagok\/files\/2023\/03\/12_2023_az-Egyetem-egeszere-kiterjedo-hataskorrel-rendelkezo-allando-bizottsagok-munkajarol.pdf\" target=\"_blank\" rel=\"noopener\">Decision no. 12\/2023. (II. 9.) of the Semmelweis University Senate approving the report on the work of the standing committees with University-wide competencies established by the Senate<\/a><\/p>\n<p><a href=\"https:\/\/semmelweis.hu\/bizottsagok\/files\/2023\/03\/Beszamolo_Egyetemi-Eselyegyenlosegi-Bizottsag_2022.pdf\" target=\"_blank\" rel=\"noopener\">Annual Report of the Equal Opportunities Committee &#8211; 2022<\/a><\/p>\n<p><a href=\"https:\/\/semmelweis.hu\/bizottsagok\/files\/2023\/03\/Beszamolo_Egyetemi-Eselyegyenlosegi-Bizottsag_2021.pdf\" target=\"_blank\" rel=\"noopener\">Annual Report of the Equal Opportunities Committee &#8211; 2021<\/a><\/p>\n<p><a href=\"https:\/\/semmelweis.hu\/bizottsagok\/files\/2021\/03\/Egyetemi-Es\u00e9lyegyenl\u0151s\u00e9gi-Bizotts\u00e1g_\u00e9ves-besz\u00e1mol\u00f3_2020-2.pdf\" target=\"_blank\" rel=\"noopener\">Annual Report of the Equal Opportunities Committee &#8211; 2020<\/a><\/p>\n<p><a href=\"https:\/\/semmelweis.hu\/jogigfoig\/files\/2020\/03\/Es%C3%A9lyegyenl%C5%91s%C3%A9gi-bizotts%C3%A1g.pdf\" target=\"_blank\" rel=\"noopener\">Annual Report of the Equal Opportunities Committee &#8211; 2019<\/a><\/p>\n<\/div><\/div>\n","protected":false},"excerpt":{"rendered":"<p>The tasks of the Equal Opportunities Committee with regards to the Plan of Equal Opportunities: gives an opinion on the Plan of Equal Opportunities and proposes its adoption and amendment to the Rector and the Chancellor; monitors the balanced representation of men and women within university boards, if necessary at the end of each academic &hellip;<\/p>\n","protected":false},"author":101595,"featured_media":0,"parent":1094,"menu_order":0,"comment_status":"closed","ping_status":"closed","template":"","meta":{"_acf_changed":false,"footnotes":""},"categories":[],"tags":[],"class_list":["post-980","page","type-page","status-publish","hentry"],"acf":[],"_links":{"self":[{"href":"https:\/\/semmelweis.hu\/bizottsagok\/wp-json\/wp\/v2\/pages\/980","targetHints":{"allow":["GET"]}}],"collection":[{"href":"https:\/\/semmelweis.hu\/bizottsagok\/wp-json\/wp\/v2\/pages"}],"about":[{"href":"https:\/\/semmelweis.hu\/bizottsagok\/wp-json\/wp\/v2\/types\/page"}],"author":[{"embeddable":true,"href":"https:\/\/semmelweis.hu\/bizottsagok\/wp-json\/wp\/v2\/users\/101595"}],"replies":[{"embeddable":true,"href":"https:\/\/semmelweis.hu\/bizottsagok\/wp-json\/wp\/v2\/comments?post=980"}],"version-history":[{"count":10,"href":"https:\/\/semmelweis.hu\/bizottsagok\/wp-json\/wp\/v2\/pages\/980\/revisions"}],"predecessor-version":[{"id":2310,"href":"https:\/\/semmelweis.hu\/bizottsagok\/wp-json\/wp\/v2\/pages\/980\/revisions\/2310"}],"up":[{"embeddable":true,"href":"https:\/\/semmelweis.hu\/bizottsagok\/wp-json\/wp\/v2\/pages\/1094"}],"wp:attachment":[{"href":"https:\/\/semmelweis.hu\/bizottsagok\/wp-json\/wp\/v2\/media?parent=980"}],"wp:term":[{"taxonomy":"category","embeddable":true,"href":"https:\/\/semmelweis.hu\/bizottsagok\/wp-json\/wp\/v2\/categories?post=980"},{"taxonomy":"post_tag","embeddable":true,"href":"https:\/\/semmelweis.hu\/bizottsagok\/wp-json\/wp\/v2\/tags?post=980"}],"curies":[{"name":"wp","href":"https:\/\/api.w.org\/{rel}","templated":true}]}}