{"id":48,"date":"2020-11-12T17:46:06","date_gmt":"2020-11-12T16:46:06","guid":{"rendered":"https:\/\/semmelweis.hu\/bizottsagok\/?page_id=48"},"modified":"2026-02-02T09:11:33","modified_gmt":"2026-02-02T08:11:33","slug":"allando-bizottsagok","status":"publish","type":"page","link":"https:\/\/semmelweis.hu\/bizottsagok\/","title":{"rendered":"\u00c1lland\u00f3 Bizotts\u00e1gok"},"content":{"rendered":"<div class=\"keretes w-100\">\n<p style=\"text-align: justify;\"><strong><span style=\"font-family: Montserrat;\"><img loading=\"lazy\" decoding=\"async\" class=\"alignright  wp-image-2788\" src=\"https:\/\/semmelweis.hu\/bizottsagok\/files\/2026\/02\/Semmelweis_logo_Emblem_COLOR_PNG-400x400.png\" alt=\"\" width=\"197\" height=\"197\" srcset=\"https:\/\/semmelweis.hu\/bizottsagok\/files\/2026\/02\/Semmelweis_logo_Emblem_COLOR_PNG-400x400.png 400w, https:\/\/semmelweis.hu\/bizottsagok\/files\/2026\/02\/Semmelweis_logo_Emblem_COLOR_PNG-1024x1024.png 1024w, https:\/\/semmelweis.hu\/bizottsagok\/files\/2026\/02\/Semmelweis_logo_Emblem_COLOR_PNG-150x150.png 150w, https:\/\/semmelweis.hu\/bizottsagok\/files\/2026\/02\/Semmelweis_logo_Emblem_COLOR_PNG-768x768.png 768w, https:\/\/semmelweis.hu\/bizottsagok\/files\/2026\/02\/Semmelweis_logo_Emblem_COLOR_PNG-1536x1536.png 1536w, https:\/\/semmelweis.hu\/bizottsagok\/files\/2026\/02\/Semmelweis_logo_Emblem_COLOR_PNG-753x753.png 753w, https:\/\/semmelweis.hu\/bizottsagok\/files\/2026\/02\/Semmelweis_logo_Emblem_COLOR_PNG.png 1920w\" sizes=\"auto, (max-width: 197px) 100vw, 197px\" \/>A Semmelweis Egyetem Szen\u00e1tusa jogszab\u00e1lyban vagy az egyetem szab\u00e1lyzat\u00e1ban meghat\u00e1rozott hat\u00e1sk\u00f6r gyakorl\u00e1s\u00e1ra, vagy valamely feladat ell\u00e1t\u00e1s\u00e1nak ir\u00e1ny\u00edt\u00e1s\u00e1ra, fel\u00fcgyelet\u00e9re, vagy v\u00e9lem\u00e9nyez\u0151, javaslattev\u0151, d\u00f6nt\u00e9s-el\u0151k\u00e9sz\u00edt\u0151 \u00e9s ellen\u0151rz\u0151 feladatok ell\u00e1t\u00e1s\u00e1ra \u00e1lland\u00f3 bizotts\u00e1gokat hoz l\u00e9tre, meghat\u00e1rozva a bizotts\u00e1g feladatait.<\/span><\/strong><\/p>\n<p><span style=\"font-family: Montserrat;\">A Szen\u00e1tus \u00e1llap\u00edtja meg a bizotts\u00e1gok feladatait, tev\u00e9kenys\u00e9gi- \u00e9s hat\u00e1sk\u00f6r\u00e9t, valamint az Egyetem eg\u00e9sz\u00e9re kiterjed\u0151 hat\u00e1sk\u00f6rrel rendelkez\u0151 bizotts\u00e1g eset\u00e9ben annak szem\u00e9lyi \u00f6sszet\u00e9tel\u00e9t. <\/span><\/p>\n<p><span style=\"font-family: Montserrat;\">A karon m\u0171k\u00f6d\u0151 bizotts\u00e1gok szem\u00e9lyi \u00f6sszet\u00e9tel\u00e9r\u0151l\u00a0a D\u00e9k\u00e1n javaslata alapj\u00e1n a Kari Tan\u00e1cs d\u00f6nt.<\/span><\/p>\n<\/div>\n<style>\n           #page-grid .card-body > .line-clamp-box.excerpt{\n        width: inherit;\n        max-width: inherit;\n        display:flex;\n        min-height: 2.4em;\n        flex-direction: column;\n        justify-content: space-around;\n        background-color: #D6E4EA;\n        min-height: 3.4rem;\n        font-family: \"Montserrat\", sans-serif;\n    }\n\n    #page-grid a:hover .card-body > .line-clamp-box.excerpt {\n        background-color: #fff;\n        color: #313B40;\n    }\n\n    #page-grid .card-body .line-clamp-box.excerpt section{\n        max-width: inherit;\n        display: -webkit-box;\n        -webkit-line-clamp: 2;\n        -webkit-box-orient: vertical;\n        overflow: hidden;\n        text-overflow: ellipsis;\n        hyphens: auto;\n        margin: auto;\n        \n    }\n    .line-clamp-box.excerpt section, .line-clamp-box.excerpt section p{\n        font-size:0.8em;\n    }\n    \n<\/style>\n    <section id=\"page-grid\">\n        <section class=\"d-block d-md-flex title-row my-3 ml-0 ml-md-1\">\n<div class=\"section-title  mb-1 \">\n<h2>\n    \u00c1lland\u00f3 bizotts\u00e1gok\n<\/h2>\n<\/div>\n<\/section>\n        <div class=\"row row-cols-1 row-cols-md-2 row-cols-lg-4 no-gutters mx-0 \">    <div class =\"col  mb-2 card-wrapper\">\n        <a class=\"d-flex flex-fill card-link-warapper m-md-1\" href=\"https:\/\/semmelweis.hu\/bizottsagok\/allando-bizottsagok\/egyetem-egeszere-feladat-es-hataskorrel-rendelkezo-bizottsagok\/\">\n            <div class=\"card border border-secondary se-border flex-fill\">\n                <div class=\"row no-gutters mx-0 d-flex flex-nowrap flex-md-wrap align-items-center\">\n                    <div class =\"  col-5 col-md-12  d-none  d-md-none d-md-none  bg-image  card-image justify-content-center\">\n                        <img class='wp-post-image img-fluid landscape' src='https:\/\/semmelweis.hu\/bizottsagok\/wp-content\/themes\/se18\/dist\/images\/svg\/bg-image.svg' \/>\n                    <\/div>\n                    <div class=\"card-body  col flex-column  col-md-12 p-0\">\n                        <div class=\"line-clamp-box p-3\">\n                            <h5 class=\"ml-0 ml-sm-1 mt-2 align-items-center\"  >Egyetemi hat\u00e1sk\u00f6r\u0171 bizotts\u00e1gok<\/h5>\n                        <\/div>\n                        \n                    <\/div>\n                <\/div>\n\n            <\/div>\n        <\/a>\n    <\/div>    <div class =\"col  mb-2 card-wrapper\">\n        <a class=\"d-flex flex-fill card-link-warapper m-md-1\" href=\"https:\/\/semmelweis.hu\/bizottsagok\/allando-bizottsagok\/aok-bizottsagai\/\">\n            <div class=\"card border border-secondary se-border flex-fill\">\n                <div class=\"row no-gutters mx-0 d-flex flex-nowrap flex-md-wrap align-items-center\">\n                    <div class =\"  col-5 col-md-12  d-none  d-md-none d-md-none  bg-image  card-image justify-content-center\">\n                        <img class='wp-post-image img-fluid landscape' src='https:\/\/semmelweis.hu\/bizottsagok\/wp-content\/themes\/se18\/dist\/images\/svg\/bg-image.svg' \/>\n                    <\/div>\n                    <div class=\"card-body  col flex-column  col-md-12 p-0\">\n                        <div class=\"line-clamp-box p-3\">\n                            <h5 class=\"ml-0 ml-sm-1 mt-2 align-items-center\"  >\u00c1OK Bizotts\u00e1gok<\/h5>\n                        <\/div>\n                        \n                    <\/div>\n                <\/div>\n\n            <\/div>\n        <\/a>\n    <\/div>    <div class =\"col  mb-2 card-wrapper\">\n        <a class=\"d-flex flex-fill card-link-warapper m-md-1\" href=\"https:\/\/semmelweis.hu\/bizottsagok\/allando-bizottsagok\/ekk-bizottsagai\/\">\n            <div class=\"card border border-secondary se-border flex-fill\">\n                <div class=\"row no-gutters mx-0 d-flex flex-nowrap flex-md-wrap align-items-center\">\n                    <div class =\"  col-5 col-md-12  d-none  d-md-none d-md-none  bg-image  card-image justify-content-center\">\n                        <img class='wp-post-image img-fluid landscape' src='https:\/\/semmelweis.hu\/bizottsagok\/wp-content\/themes\/se18\/dist\/images\/svg\/bg-image.svg' \/>\n                    <\/div>\n                    <div class=\"card-body  col flex-column  col-md-12 p-0\">\n                        <div class=\"line-clamp-box p-3\">\n                            <h5 class=\"ml-0 ml-sm-1 mt-2 align-items-center\"  >EKK Bizotts\u00e1gok<\/h5>\n                        <\/div>\n                        \n                    <\/div>\n                <\/div>\n\n            <\/div>\n        <\/a>\n    <\/div>    <div class =\"col  mb-2 card-wrapper\">\n        <a class=\"d-flex flex-fill card-link-warapper m-md-1\" href=\"https:\/\/semmelweis.hu\/bizottsagok\/allando-bizottsagok\/etk-bizottsagai\/\">\n            <div class=\"card border border-secondary se-border flex-fill\">\n                <div class=\"row no-gutters mx-0 d-flex flex-nowrap flex-md-wrap align-items-center\">\n                    <div class =\"  col-5 col-md-12  d-none  d-md-none d-md-none  bg-image  card-image justify-content-center\">\n                        <img class='wp-post-image img-fluid landscape' src='https:\/\/semmelweis.hu\/bizottsagok\/wp-content\/themes\/se18\/dist\/images\/svg\/bg-image.svg' \/>\n                    <\/div>\n                    <div class=\"card-body  col flex-column  col-md-12 p-0\">\n                        <div class=\"line-clamp-box p-3\">\n                            <h5 class=\"ml-0 ml-sm-1 mt-2 align-items-center\"  >ETK Bizotts\u00e1gok<\/h5>\n                        <\/div>\n                        \n                    <\/div>\n                <\/div>\n\n            <\/div>\n        <\/a>\n    <\/div>    <div class =\"col  mb-2 card-wrapper\">\n        <a class=\"d-flex flex-fill card-link-warapper m-md-1\" href=\"https:\/\/semmelweis.hu\/bizottsagok\/allando-bizottsagok\/fok-bizottsagai\/\">\n            <div class=\"card border border-secondary se-border flex-fill\">\n                <div class=\"row no-gutters mx-0 d-flex flex-nowrap flex-md-wrap align-items-center\">\n                    <div class =\"  col-5 col-md-12  d-none  d-md-none d-md-none  bg-image  card-image justify-content-center\">\n                        <img class='wp-post-image img-fluid landscape' src='https:\/\/semmelweis.hu\/bizottsagok\/wp-content\/themes\/se18\/dist\/images\/svg\/bg-image.svg' \/>\n                    <\/div>\n                    <div class=\"card-body  col flex-column  col-md-12 p-0\">\n                        <div class=\"line-clamp-box p-3\">\n                            <h5 class=\"ml-0 ml-sm-1 mt-2 align-items-center\"  >FOK Bizotts\u00e1gok<\/h5>\n                        <\/div>\n                        \n                    <\/div>\n                <\/div>\n\n            <\/div>\n        <\/a>\n    <\/div>    <div class =\"col  mb-2 card-wrapper\">\n        <a class=\"d-flex flex-fill card-link-warapper m-md-1\" href=\"https:\/\/semmelweis.hu\/bizottsagok\/allando-bizottsagok\/gykt-bizottsagai\/\">\n            <div class=\"card border border-secondary se-border flex-fill\">\n                <div class=\"row no-gutters mx-0 d-flex flex-nowrap flex-md-wrap align-items-center\">\n                    <div class =\"  col-5 col-md-12  d-none  d-md-none d-md-none  bg-image  card-image justify-content-center\">\n                        <img class='wp-post-image img-fluid landscape' src='https:\/\/semmelweis.hu\/bizottsagok\/wp-content\/themes\/se18\/dist\/images\/svg\/bg-image.svg' \/>\n                    <\/div>\n                    <div class=\"card-body  col flex-column  col-md-12 p-0\">\n                        <div class=\"line-clamp-box p-3\">\n                            <h5 class=\"ml-0 ml-sm-1 mt-2 align-items-center\"  >GYTK Bizotts\u00e1gok<\/h5>\n                        <\/div>\n                        \n                    <\/div>\n                <\/div>\n\n            <\/div>\n        <\/a>\n    <\/div>    <div class =\"col  mb-2 card-wrapper\">\n        <a class=\"d-flex flex-fill card-link-warapper m-md-1\" href=\"https:\/\/semmelweis.hu\/bizottsagok\/allando-bizottsagok\/pak-bizottsagai\/\">\n            <div class=\"card border border-secondary se-border flex-fill\">\n                <div class=\"row no-gutters mx-0 d-flex flex-nowrap flex-md-wrap align-items-center\">\n                    <div class =\"  col-5 col-md-12  d-none  d-md-none d-md-none  bg-image  card-image justify-content-center\">\n                        <img class='wp-post-image img-fluid landscape' src='https:\/\/semmelweis.hu\/bizottsagok\/wp-content\/themes\/se18\/dist\/images\/svg\/bg-image.svg' \/>\n                    <\/div>\n                    <div class=\"card-body  col flex-column  col-md-12 p-0\">\n                        <div class=\"line-clamp-box p-3\">\n                            <h5 class=\"ml-0 ml-sm-1 mt-2 align-items-center\"  >PAK Bizotts\u00e1gok<\/h5>\n                        <\/div>\n                        \n                    <\/div>\n                <\/div>\n\n            <\/div>\n        <\/a>\n    <\/div>        <\/div>\n    <\/section>\n","protected":false},"excerpt":{"rendered":"<p>A Semmelweis Egyetem Szen\u00e1tusa jogszab\u00e1lyban vagy az egyetem szab\u00e1lyzat\u00e1ban meghat\u00e1rozott hat\u00e1sk\u00f6r gyakorl\u00e1s\u00e1ra, vagy valamely feladat ell\u00e1t\u00e1s\u00e1nak ir\u00e1ny\u00edt\u00e1s\u00e1ra, fel\u00fcgyelet\u00e9re, vagy v\u00e9lem\u00e9nyez\u0151, javaslattev\u0151, d\u00f6nt\u00e9s-el\u0151k\u00e9sz\u00edt\u0151 \u00e9s ellen\u0151rz\u0151 feladatok ell\u00e1t\u00e1s\u00e1ra \u00e1lland\u00f3 bizotts\u00e1gokat hoz l\u00e9tre, meghat\u00e1rozva a bizotts\u00e1g feladatait. A Szen\u00e1tus \u00e1llap\u00edtja meg a bizotts\u00e1gok feladatait, tev\u00e9kenys\u00e9gi- \u00e9s hat\u00e1sk\u00f6r\u00e9t, valamint az Egyetem eg\u00e9sz\u00e9re kiterjed\u0151 hat\u00e1sk\u00f6rrel rendelkez\u0151 bizotts\u00e1g eset\u00e9ben annak szem\u00e9lyi &hellip;<\/p>\n","protected":false},"author":101095,"featured_media":0,"parent":0,"menu_order":0,"comment_status":"closed","ping_status":"closed","template":"template-fullwidth.php","meta":{"_acf_changed":false,"footnotes":""},"categories":[],"tags":[],"class_list":["post-48","page","type-page","status-publish","hentry"],"acf":[],"_links":{"self":[{"href":"https:\/\/semmelweis.hu\/bizottsagok\/wp-json\/wp\/v2\/pages\/48","targetHints":{"allow":["GET"]}}],"collection":[{"href":"https:\/\/semmelweis.hu\/bizottsagok\/wp-json\/wp\/v2\/pages"}],"about":[{"href":"https:\/\/semmelweis.hu\/bizottsagok\/wp-json\/wp\/v2\/types\/page"}],"author":[{"embeddable":true,"href":"https:\/\/semmelweis.hu\/bizottsagok\/wp-json\/wp\/v2\/users\/101095"}],"replies":[{"embeddable":true,"href":"https:\/\/semmelweis.hu\/bizottsagok\/wp-json\/wp\/v2\/comments?post=48"}],"version-history":[{"count":10,"href":"https:\/\/semmelweis.hu\/bizottsagok\/wp-json\/wp\/v2\/pages\/48\/revisions"}],"predecessor-version":[{"id":2789,"href":"https:\/\/semmelweis.hu\/bizottsagok\/wp-json\/wp\/v2\/pages\/48\/revisions\/2789"}],"wp:attachment":[{"href":"https:\/\/semmelweis.hu\/bizottsagok\/wp-json\/wp\/v2\/media?parent=48"}],"wp:term":[{"taxonomy":"category","embeddable":true,"href":"https:\/\/semmelweis.hu\/bizottsagok\/wp-json\/wp\/v2\/categories?post=48"},{"taxonomy":"post_tag","embeddable":true,"href":"https:\/\/semmelweis.hu\/bizottsagok\/wp-json\/wp\/v2\/tags?post=48"}],"curies":[{"name":"wp","href":"https:\/\/api.w.org\/{rel}","templated":true}]}}