{"id":1932,"date":"2021-05-31T15:00:17","date_gmt":"2021-05-31T13:00:17","guid":{"rendered":"https:\/\/semmelweis.hu\/bizottsagok\/?page_id=1932"},"modified":"2021-05-31T15:30:22","modified_gmt":"2021-05-31T13:30:22","slug":"semmelweis-professorenkollegium","status":"publish","type":"page","link":"https:\/\/semmelweis.hu\/bizottsagok\/de\/feste-kimissionen\/komissionen-mit-universitaetskompetenz\/semmelweis-professorenkollegium\/","title":{"rendered":"SEMMELWEIS PROFESSORENKOLLEGIUM"},"content":{"rendered":"<div class=\"responsive-tabs\">\n<h2 class=\"tabtitle\">Aufgaben- und Kompetenzbereich<\/h2>\n<div class=\"tabcontent\">\n\n<p>Das Semmelweis Professorenkollegium ist das Beratungsgremium des Rektors. \u00a0Im Auftrag des Rektors<\/p>\n<ul>\n<li>nimmt es Stellung zu der Missionserkl\u00e4rung der Universit\u00e4t, ihren Entwicklungsrichtlinien, strategischen Pl\u00e4nen und sonstigen Dokumenten mit strategischer Bedeutung und deren Entw\u00fcrfe,<\/li>\n<li>ber\u00e4t das Kollegium, macht Vorschl\u00e4ge f\u00fcr andere besonders wichtige, in den Kompetenzbereich des Senats fallenden Fragen.<\/li>\n<\/ul>\n\n<\/div><h2 class=\"tabtitle\">Mitglieder<\/h2>\n<div class=\"tabcontent\">\n\n<p>Ansprechpartnerin: Em\u0151ke M\u00e1rton<\/p>\n<p>Email: <a href=\"mailto:sedlak.rita@semmelweis-univ.hu\">marton.emoke@semmelweis-univ.hu<\/a><\/p>\n<p>Mitglieder<\/p>\n<ul>\n<li>von Amts wegen, wenn kein F\u00fchrungsauftrag der Universit\u00e4t vorliegt, und der Auftrag des Rektors zur Arbeit im Professorenkollegium angenommen wird:<\/li>\n<\/ul>\n<p style=\"padding-left: 80px\">&#8211; die fr\u00fcheren Rektoren der Universit\u00e4t,<\/p>\n<p style=\"padding-left: 80px\">&#8211; die fr\u00fcheren Dekane der Fakult\u00e4ten der Universit\u00e4t,<\/p>\n<p style=\"padding-left: 80px\">&#8211; die fr\u00fcheren Pr\u00e4sidenten des Doktorenrates der Universit\u00e4t,<\/p>\n<p style=\"padding-left: 80px\">&#8211; die Beamtinnen und Beamte der Universit\u00e4t, die \u00e4lter als 60 Jahre sind, Personen mit Rechtsverh\u00e4ltnis im Gesundheitswesen, beziehungsweise die Inhaber des von der Universit\u00e4t verliehenen Titels eines emeritierten Professors, die ordentliche oder korrespondierende Mitglieder der Ungarischen Akademie der Wissenschaften sind,<\/p>\n<ul>\n<li>nach Wahl: renommierte Universit\u00e4tsprofessoren und Forscher, die \u00e4lter als 60 Jahre alt sind und keine F\u00fchrungsposition an der Universit\u00e4t innehaben, von den Prof. Emeriti auf gemeinsamen Vorschlag des Rektors und des Professorenkollegiums gew\u00e4hlten Mitglieder, einschlie\u00dflich der Personen, die Erfahrung in der Konduktorenausbildung haben und im Bereich Lehre und Forschung zu Mitgliedern gew\u00e4hlt werden k\u00f6nnen, sowie Personen, die einen Hochschul- oder Universit\u00e4tsprofessorentitel hatten, und deren Beamtenverh\u00e4ltnis bzw. Rechtsverh\u00e4ltnis im Gesundheitswesen mit der Universit\u00e4t oder deren Rechtsvorg\u00e4nger durch Altersrente beendet wurde.<\/li>\n<\/ul>\n<table class=\"tablepress tablepress-id-174\" style=\"width: 97.1934%;height: 84px\">\n<thead>\n<tr class=\"row-1 odd\" style=\"height: 18px\">\n<th class=\"column-1\" style=\"width: 53.4376%;height: 18px;text-align: center\" colspan=\"2\">Mitglieder des Gremiums<\/th>\n<th class=\"column-2\" style=\"width: 46.5625%;height: 18px;text-align: center\">Name\/Titel<\/th>\n<\/tr>\n<\/thead>\n<tbody>\n<tr style=\"height: 48px\">\n<td style=\"width: 15.1563%;height: 48px\">Pr\u00e4sident:<\/td>\n<td style=\"width: 38.2813%;height: 48px\">Dr. \u00c1goston Sz\u00e9l\u00a0<\/td>\n<td style=\"width: 46.5625%;height: 48px\" width=\"313\">Universit\u00e4tsprofessor, Rektor Emeritus<\/td>\n<\/tr>\n<\/tbody>\n<\/table>\n<p>&nbsp;<\/p>\n<\/div><\/div>\n","protected":false},"excerpt":{"rendered":"<p>Das Semmelweis Professorenkollegium ist das Beratungsgremium des Rektors. \u00a0Im Auftrag des Rektors nimmt es Stellung zu der Missionserkl\u00e4rung der Universit\u00e4t, ihren Entwicklungsrichtlinien, strategischen Pl\u00e4nen und sonstigen Dokumenten mit strategischer Bedeutung und deren Entw\u00fcrfe, ber\u00e4t das Kollegium, macht Vorschl\u00e4ge f\u00fcr andere besonders wichtige, in den Kompetenzbereich des Senats fallenden Fragen. Ansprechpartnerin: Em\u0151ke M\u00e1rton Email: <a href=\"mailto:sedlak.rita@semmelweis-univ.hu\">marton.emoke@semmelweis-univ.hu<\/a> Mitglieder von &hellip;<\/p>\n","protected":false},"author":101859,"featured_media":0,"parent":1260,"menu_order":0,"comment_status":"closed","ping_status":"closed","template":"","meta":{"_acf_changed":false,"footnotes":""},"categories":[],"tags":[],"class_list":["post-1932","page","type-page","status-publish","hentry"],"acf":[],"_links":{"self":[{"href":"https:\/\/semmelweis.hu\/bizottsagok\/wp-json\/wp\/v2\/pages\/1932","targetHints":{"allow":["GET"]}}],"collection":[{"href":"https:\/\/semmelweis.hu\/bizottsagok\/wp-json\/wp\/v2\/pages"}],"about":[{"href":"https:\/\/semmelweis.hu\/bizottsagok\/wp-json\/wp\/v2\/types\/page"}],"author":[{"embeddable":true,"href":"https:\/\/semmelweis.hu\/bizottsagok\/wp-json\/wp\/v2\/users\/101859"}],"replies":[{"embeddable":true,"href":"https:\/\/semmelweis.hu\/bizottsagok\/wp-json\/wp\/v2\/comments?post=1932"}],"version-history":[{"count":3,"href":"https:\/\/semmelweis.hu\/bizottsagok\/wp-json\/wp\/v2\/pages\/1932\/revisions"}],"predecessor-version":[{"id":1942,"href":"https:\/\/semmelweis.hu\/bizottsagok\/wp-json\/wp\/v2\/pages\/1932\/revisions\/1942"}],"up":[{"embeddable":true,"href":"https:\/\/semmelweis.hu\/bizottsagok\/wp-json\/wp\/v2\/pages\/1260"}],"wp:attachment":[{"href":"https:\/\/semmelweis.hu\/bizottsagok\/wp-json\/wp\/v2\/media?parent=1932"}],"wp:term":[{"taxonomy":"category","embeddable":true,"href":"https:\/\/semmelweis.hu\/bizottsagok\/wp-json\/wp\/v2\/categories?post=1932"},{"taxonomy":"post_tag","embeddable":true,"href":"https:\/\/semmelweis.hu\/bizottsagok\/wp-json\/wp\/v2\/tags?post=1932"}],"curies":[{"name":"wp","href":"https:\/\/api.w.org\/{rel}","templated":true}]}}