{"id":7979,"date":"2017-05-30T23:15:11","date_gmt":"2017-05-30T21:15:11","guid":{"rendered":"http:\/\/semmelweis.hu\/biokemia\/?page_id=7979"},"modified":"2021-04-29T12:38:51","modified_gmt":"2021-04-29T10:38:51","slug":"lehre","status":"publish","type":"page","link":"https:\/\/semmelweis.hu\/biokemia\/de\/lehre\/","title":{"rendered":"Lehre"},"content":{"rendered":"<p style=\"text-align: justify\">Die Lehrstuhl unterst\u00fctzt die Vorbereitung der Studenten mit dieser Website <a href=\"https:\/\/semmelweis.hu\/biokemia\">https:\/\/semmelweis.hu\/biokemia<\/a> und dem E-Learning-System Moodle <a href=\"https:\/\/itc.semmelweis.hu\/moodle\">https:\/\/itc.semmelweis.hu\/moodle<\/a>. Die ver\u00f6ffentlichten praktischen und beratenden Lehrmaterialien werden von den Mitarbeitern der Lehrstuhl alle sechs Monate aktualisiert. Diese Websites sind die wichtigsten Kommunikationskan\u00e4le, \u00fcber die Studenten aktuelle Studieninformationen abrufen k\u00f6nnen.<\/p>\n<p style=\"text-align: justify\">Die\u00a0 Lehrstuhl f\u00fcr Biochemie bietet Grundkurse in Medizinischer Chemie und Medizinischer Biochemie, Molekular- und Zellbiologie f\u00fcr durchschnittlich 720 Studenten des ersten und zweiten Studienjahres pro Semester in ungarischer und englischer Sprache an. Weitere 300 Studenten werden in Englisch in Zahnmedizin, Ungarisch und Englisch in Pharmazie und Bionik in Biochemie unterrichtet. Die Mitarbeiter der Abteilung unterrichten durchschnittlich 180 Stunden Praxis und 20 Stunden Vorlesungen pro Woche.<\/p>\n","protected":false},"excerpt":{"rendered":"<p>Die Lehrstuhl unterst\u00fctzt die Vorbereitung der Studenten mit dieser Website <a href=\"https:\/\/semmelweis.hu\/biokemia\">https:\/\/semmelweis.hu\/biokemia<\/a> und dem E-Learning-System Moodle <a href=\"https:\/\/itc.semmelweis.hu\/moodle\">https:\/\/itc.semmelweis.hu\/moodle<\/a> . Die ver\u00f6ffentlichten praktischen und beratenden Lehrmaterialien werden von den Mitarbeitern der Lehrstuhl alle sechs Monate aktualisiert. Diese Websites sind die wichtigsten Kommunikationskan\u00e4le, \u00fcber die Studenten aktuelle Studieninformationen abrufen k\u00f6nnen. Die\u00a0 Lehrstuhl f\u00fcr Biochemie bietet Grundkurse in Medizinischer Chemie und Medizinischer &hellip;<\/p>\n","protected":false},"author":296,"featured_media":0,"parent":0,"menu_order":1,"comment_status":"closed","ping_status":"closed","template":"","meta":{"_acf_changed":false,"footnotes":""},"categories":[],"tags":[],"class_list":["post-7979","page","type-page","status-publish","hentry"],"acf":[],"_links":{"self":[{"href":"https:\/\/semmelweis.hu\/biokemia\/wp-json\/wp\/v2\/pages\/7979","targetHints":{"allow":["GET"]}}],"collection":[{"href":"https:\/\/semmelweis.hu\/biokemia\/wp-json\/wp\/v2\/pages"}],"about":[{"href":"https:\/\/semmelweis.hu\/biokemia\/wp-json\/wp\/v2\/types\/page"}],"author":[{"embeddable":true,"href":"https:\/\/semmelweis.hu\/biokemia\/wp-json\/wp\/v2\/users\/296"}],"replies":[{"embeddable":true,"href":"https:\/\/semmelweis.hu\/biokemia\/wp-json\/wp\/v2\/comments?post=7979"}],"version-history":[{"count":8,"href":"https:\/\/semmelweis.hu\/biokemia\/wp-json\/wp\/v2\/pages\/7979\/revisions"}],"predecessor-version":[{"id":13388,"href":"https:\/\/semmelweis.hu\/biokemia\/wp-json\/wp\/v2\/pages\/7979\/revisions\/13388"}],"wp:attachment":[{"href":"https:\/\/semmelweis.hu\/biokemia\/wp-json\/wp\/v2\/media?parent=7979"}],"wp:term":[{"taxonomy":"category","embeddable":true,"href":"https:\/\/semmelweis.hu\/biokemia\/wp-json\/wp\/v2\/categories?post=7979"},{"taxonomy":"post_tag","embeddable":true,"href":"https:\/\/semmelweis.hu\/biokemia\/wp-json\/wp\/v2\/tags?post=7979"}],"curies":[{"name":"wp","href":"https:\/\/api.w.org\/{rel}","templated":true}]}}