{"id":751,"date":"2014-02-01T15:10:17","date_gmt":"2014-02-01T15:10:17","guid":{"rendered":"http:\/\/semmelweis.hu\/biokemia\/?page_id=751"},"modified":"2021-08-11T16:31:26","modified_gmt":"2021-08-11T14:31:26","slug":"contact","status":"publish","type":"page","link":"https:\/\/semmelweis.hu\/biokemia\/en\/contact\/","title":{"rendered":"Contact"},"content":{"rendered":"<p><strong>Head of Department:<\/strong> <a href=\"csanady.laszlo@med.semmelweis-univ.hu\">Dr. Csan\u00e1dy L\u00e1szl\u00f3<\/a><br \/>\n<strong>Address:<\/strong> H-1094 Budapest, T\u0171zolt\u00f3 u. 37-47.<br \/>\n<strong>Mailing address:<\/strong> H-1444 Budapest, POB: 262<br \/>\n<strong>Telephone:<\/strong> +36-1-459-1500#60010 +36-20-666-0010<br \/>\n<strong>Telefax:<\/strong> +36-1-267-0031<br \/>\n<strong>Homepage:<\/strong>\u00a0 \u00a0<a href=\"https:\/\/semmelweis.hu\/biokemia\/en\/\">https:\/\/semmelweis.hu\/biokemia\/en\/<\/a>\u00a0<\/p>\n<p><strong>Department administration:<\/strong> <a href=\"mailto:juhasz.edit@med.semmelweis-univ.hu\">Juh\u00e1sz Edit<\/a> +36-20-6660010#60010<\/p>\n<p><strong>E-mails<\/strong> to Professor Csan\u00e1dy should be sent to <a href=\"csanady.laszlo@med.semmelweis-univ.hu\">Dr. Csan\u00e1dy L\u00e1szl\u00f3<\/a><\/p>\n<ul>\n<li><strong>Course coordinator for first year medical and dentistry students:<\/strong> <br \/>\n<a href=\"mailto:chinopoulos.christos@med.semmelweis-univ.hu\">Dr. Christos Chinopoulos<\/a><\/li>\n<li><strong>Course coordinator for second\u00a0year medical and dentistry students:<\/strong><br \/>\n<a href=\"mailto:chinopoulos.christos@med.semmelweis-univ.hu\">Dr. Christos Chinopoulos<\/a><\/li>\n<li><strong>Course coordinator for second\/third\u00a0year pharmacy\u00a0students:<\/strong><br \/>\n<a href=\"mailto:toth.erzsebet@med.semmelweis-univ.hu\">Dr.\u00a0Erzs\u00e9bet T\u00f3th<\/a> (toth.erzsebet@med.semmelweis-univ.hu) +36-20-6660066<\/li>\n<li><strong>Course coordinator for pharmacy students:<\/strong><br \/>\n<a href=\"ambrus.attila@med.semmelweis-univ.hu\">Dr. Attila Ambrus<\/a> (ambrus.attila@med.semmelweis-univ.hu) <br \/>\nAssociate Professor, Lecturer +36-20-6660050<\/li>\n<li><em><strong>Student affairs secretary:<\/strong> Mr. Zsolt <strong>Ozsv\u00e1th<\/strong><\/em>\u00a0+36-1-4591500#60061 +36-20-6660061 ozsvath.zsolt@med.semmelweis-univ.hu<\/li>\n<li><a href=\"https:\/\/semmelweis.hu\/biokemia\/rolunk\/munkatarsak\/\">Phone book (in Hungarian)<\/a><\/li>\n<\/ul>\n","protected":false},"excerpt":{"rendered":"<p>Head of Department: <a href=\"csanady.laszlo@med.semmelweis-univ.hu\">Dr. Csan\u00e1dy L\u00e1szl\u00f3<\/a> Address: H-1094 Budapest, T\u0171zolt\u00f3 u. 37-47. Mailing address: H-1444 Budapest, POB: 262 Telephone: +36-1-459-1500#60010 +36-20-666-0010 Telefax: +36-1-267-0031 Homepage:\u00a0 \u00a0 <a href=\"https:\/\/semmelweis.hu\/biokemia\/en\/\">https:\/\/semmelweis.hu\/biokemia\/en\/<\/a> \u00a0 Department administration: <a href=\"mailto:juhasz.edit@med.semmelweis-univ.hu\">Juh\u00e1sz Edit<\/a> +36-20-6660010#60010 E-mails to Professor Csan\u00e1dy should be sent to <a href=\"csanady.laszlo@med.semmelweis-univ.hu\">Dr. Csan\u00e1dy L\u00e1szl\u00f3<\/a> Course coordinator for first year medical and dentistry students: <a href=\"mailto:chinopoulos.christos@med.semmelweis-univ.hu\">Dr. Christos Chinopoulos<\/a> Course coordinator for second\u00a0year medical and dentistry students: <a href=\"mailto:chinopoulos.christos@med.semmelweis-univ.hu\">Dr. Christos Chinopoulos<\/a> Course coordinator for second\/third\u00a0year &hellip;<\/p>\n","protected":false},"author":296,"featured_media":0,"parent":0,"menu_order":4,"comment_status":"closed","ping_status":"closed","template":"","meta":{"_acf_changed":false,"footnotes":""},"categories":[],"tags":[],"class_list":["post-751","page","type-page","status-publish","hentry"],"acf":[],"_links":{"self":[{"href":"https:\/\/semmelweis.hu\/biokemia\/wp-json\/wp\/v2\/pages\/751","targetHints":{"allow":["GET"]}}],"collection":[{"href":"https:\/\/semmelweis.hu\/biokemia\/wp-json\/wp\/v2\/pages"}],"about":[{"href":"https:\/\/semmelweis.hu\/biokemia\/wp-json\/wp\/v2\/types\/page"}],"author":[{"embeddable":true,"href":"https:\/\/semmelweis.hu\/biokemia\/wp-json\/wp\/v2\/users\/296"}],"replies":[{"embeddable":true,"href":"https:\/\/semmelweis.hu\/biokemia\/wp-json\/wp\/v2\/comments?post=751"}],"version-history":[{"count":11,"href":"https:\/\/semmelweis.hu\/biokemia\/wp-json\/wp\/v2\/pages\/751\/revisions"}],"predecessor-version":[{"id":13506,"href":"https:\/\/semmelweis.hu\/biokemia\/wp-json\/wp\/v2\/pages\/751\/revisions\/13506"}],"wp:attachment":[{"href":"https:\/\/semmelweis.hu\/biokemia\/wp-json\/wp\/v2\/media?parent=751"}],"wp:term":[{"taxonomy":"category","embeddable":true,"href":"https:\/\/semmelweis.hu\/biokemia\/wp-json\/wp\/v2\/categories?post=751"},{"taxonomy":"post_tag","embeddable":true,"href":"https:\/\/semmelweis.hu\/biokemia\/wp-json\/wp\/v2\/tags?post=751"}],"curies":[{"name":"wp","href":"https:\/\/api.w.org\/{rel}","templated":true}]}}