{"id":569,"date":"2014-01-26T20:11:28","date_gmt":"2014-01-26T20:11:28","guid":{"rendered":"http:\/\/semmelweis.hu\/biokemia\/?page_id=569"},"modified":"2021-04-26T14:44:08","modified_gmt":"2021-04-26T12:44:08","slug":"kontakt","status":"publish","type":"page","link":"https:\/\/semmelweis.hu\/biokemia\/de\/kontakt\/","title":{"rendered":"Kontakt"},"content":{"rendered":"<p><strong>Lehrstuhl f\u00fcr Biochemie<\/strong><br \/>\n<strong>Leiter des Lehrstuhls:<\/strong><a href=\"csanady.laszlo@med.semmelweis-univ.hu\"> Dr. Csan\u00e1dy, L\u00e1szl\u00f3<\/a><br \/>\n<strong>Zust\u00e4ndig f\u00fcr Studenten der Pharmazie:<\/strong> <a href=\"komorowicz.erzsebet@med.semmelweis-univ.hu\">Dr. Komorowicz, Erzs\u00e9bet<\/a><\/p>\n<p><strong>Address:<\/strong> Geb\u00e4ude des Zentrums f\u00fcr vorklinische Medizin (EOK) Budapest IX., T\u0171zolt\u00f3 u. 37-47. H-1094<br \/>\n<strong>Postfach:<\/strong> \u00a0H-1444 Budapest, POB: 262<br \/>\n<strong>Telefon:<\/strong>\u00a0 +36-1-4591500#60010<br \/>\n<strong>Telefax:<\/strong> +36-1-2670031<\/p>\n","protected":false},"excerpt":{"rendered":"<p>Lehrstuhl f\u00fcr Biochemie<br \/>\nLeiter des Lehrstuhls:<a href=\"csanady.laszlo@med.semmelweis-univ.hu\"> Dr. Csan\u00e1dy, L\u00e1szl\u00f3<\/a><br \/>\nZust\u00e4ndig f\u00fcr Studenten der Pharmazie: <a href=\"komorowicz.erzsebet@med.semmelweis-univ.hu\">Dr. Komorowicz, Erzs\u00e9bet<\/a><br \/>\nAddress: Geb\u00e4ude des Zentrums f\u00fcr vorklinische Medizin (EOK) Budapest IX., T\u0171zolt\u00f3 u. 37-47. H-1094<br \/>\nPostfach: \u00a0H-1444 Budapest, POB: 262<br \/>\nTelefon:\u00a0 +36-1-4591500#60010<br \/>\nTelefax: +36-1-2670031<\/p>\n","protected":false},"author":296,"featured_media":0,"parent":0,"menu_order":4,"comment_status":"closed","ping_status":"closed","template":"","meta":{"_acf_changed":false,"footnotes":""},"categories":[],"tags":[],"class_list":["post-569","page","type-page","status-publish","hentry"],"acf":[],"_links":{"self":[{"href":"https:\/\/semmelweis.hu\/biokemia\/wp-json\/wp\/v2\/pages\/569","targetHints":{"allow":["GET"]}}],"collection":[{"href":"https:\/\/semmelweis.hu\/biokemia\/wp-json\/wp\/v2\/pages"}],"about":[{"href":"https:\/\/semmelweis.hu\/biokemia\/wp-json\/wp\/v2\/types\/page"}],"author":[{"embeddable":true,"href":"https:\/\/semmelweis.hu\/biokemia\/wp-json\/wp\/v2\/users\/296"}],"replies":[{"embeddable":true,"href":"https:\/\/semmelweis.hu\/biokemia\/wp-json\/wp\/v2\/comments?post=569"}],"version-history":[{"count":10,"href":"https:\/\/semmelweis.hu\/biokemia\/wp-json\/wp\/v2\/pages\/569\/revisions"}],"predecessor-version":[{"id":13142,"href":"https:\/\/semmelweis.hu\/biokemia\/wp-json\/wp\/v2\/pages\/569\/revisions\/13142"}],"wp:attachment":[{"href":"https:\/\/semmelweis.hu\/biokemia\/wp-json\/wp\/v2\/media?parent=569"}],"wp:term":[{"taxonomy":"category","embeddable":true,"href":"https:\/\/semmelweis.hu\/biokemia\/wp-json\/wp\/v2\/categories?post=569"},{"taxonomy":"post_tag","embeddable":true,"href":"https:\/\/semmelweis.hu\/biokemia\/wp-json\/wp\/v2\/tags?post=569"}],"curies":[{"name":"wp","href":"https:\/\/api.w.org\/{rel}","templated":true}]}}